{"id":11265,"date":"2023-09-16T18:10:21","date_gmt":"2023-09-16T15:10:21","guid":{"rendered":"https:\/\/etkiinsaat.com.tr\/?page_id=11265"},"modified":"2023-09-16T18:11:42","modified_gmt":"2023-09-16T15:11:42","slug":"bitumfix-pu-1k","status":"publish","type":"page","link":"https:\/\/etkiinsaat.com.tr\/?page_id=11265","title":{"rendered":"B\u0130T\u00dcMF\u0130X PU 1K"},"content":{"rendered":"\t\t<div data-elementor-type=\"wp-page\" data-elementor-id=\"11265\" class=\"elementor elementor-11265\">\n\t\t\t\t\t\t<section class=\"elementor-section elementor-top-section elementor-element elementor-element-11c36fa elementor-section-boxed elementor-section-height-default elementor-section-height-default\" data-id=\"11c36fa\" data-element_type=\"section\" data-e-type=\"section\">\n\t\t\t\t\t\t<div class=\"elementor-container elementor-column-gap-default\">\n\t\t\t\t\t<div class=\"elementor-column elementor-col-33 elementor-top-column elementor-element elementor-element-20622cc\" data-id=\"20622cc\" data-element_type=\"column\" data-e-type=\"column\">\n\t\t\t<div class=\"elementor-widget-wrap elementor-element-populated\">\n\t\t\t\t\t\t<div class=\"elementor-element elementor-element-05f5ec6 elementor-widget elementor-widget-heading\" data-id=\"05f5ec6\" data-element_type=\"widget\" data-e-type=\"widget\" data-widget_type=\"heading.default\">\n\t\t\t\t<div class=\"elementor-widget-container\">\n\t\t\t\t\t<h2 class=\"elementor-heading-title elementor-size-default\">B\u0130T\u00dcMF\u0130X PU 1K\n<\/h2>\t\t\t\t<\/div>\n\t\t\t\t<\/div>\n\t\t\t\t<div class=\"elementor-element elementor-element-abaca71 elementor-widget elementor-widget-image\" data-id=\"abaca71\" data-element_type=\"widget\" data-e-type=\"widget\" data-widget_type=\"image.default\">\n\t\t\t\t<div class=\"elementor-widget-container\">\n\t\t\t\t\t\t\t\t\t\t\t\t\t\t\t<img decoding=\"async\" src=\"https:\/\/etkiinsaat.com.tr\/wp-content\/uploads\/2023\/09\/bitumfix-pu-1k.jpg\" title=\"bitumfix-pu-1k\" alt=\"bitumfix-pu-1k\" loading=\"lazy\" \/>\t\t\t\t\t\t\t\t\t\t\t\t\t\t\t<\/div>\n\t\t\t\t<\/div>\n\t\t\t\t<div class=\"elementor-element elementor-element-e586169 elementor-widget elementor-widget-text-editor\" data-id=\"e586169\" data-element_type=\"widget\" data-e-type=\"widget\" data-widget_type=\"text-editor.default\">\n\t\t\t\t<div class=\"elementor-widget-container\">\n\t\t\t\t\t\t\t\t\t<p><strong>\u00dcR\u00dcN KODLARI<br \/><\/strong><\/p><ul><li><strong>\u00dcr\u00fcn Kodu:\u00a0<\/strong>67025<\/li><\/ul>\t\t\t\t\t\t\t\t<\/div>\n\t\t\t\t<\/div>\n\t\t\t\t\t<\/div>\n\t\t<\/div>\n\t\t\t\t<div class=\"elementor-column elementor-col-66 elementor-top-column elementor-element elementor-element-404d821\" data-id=\"404d821\" data-element_type=\"column\" data-e-type=\"column\">\n\t\t\t<div class=\"elementor-widget-wrap elementor-element-populated\">\n\t\t\t\t\t\t<div class=\"elementor-element elementor-element-445f37c elementor-widget elementor-widget-text-editor\" data-id=\"445f37c\" data-element_type=\"widget\" data-e-type=\"widget\" data-widget_type=\"text-editor.default\">\n\t\t\t\t<div class=\"elementor-widget-container\">\n\t\t\t\t\t\t\t\t\t<p style=\"margin-right: 0px; margin-bottom: 10px; margin-left: 0px; line-height: 24px; color: #444444; font-family: 'Open Sans', sans-serif; font-size: 14px;\"><span style=\"font-weight: 600;\">Tan\u0131m\u0131: \u00a0<\/span><\/p><p style=\"margin-right: 0px; margin-bottom: 10px; margin-left: 0px; line-height: 24px; color: #444444; font-family: 'Open Sans', sans-serif; font-size: 14px;\">Bit\u00fcm-Poli\u00fcretan esasl\u0131, tek bile\u015fenli, koruyucu bir su yal\u0131t\u0131m malzemesidir. Yap\u0131s\u0131ndaki poli\u00fcretan sebebiyle y\u00fczeye kuvvetli bir \u015fekilde yap\u0131\u015farak suya ve neme kar\u015f\u0131 daha dayan\u0131kl\u0131 bir tabaka olu\u015fturur.<\/p><p style=\"margin-right: 0px; margin-bottom: 10px; margin-left: 0px; line-height: 24px; color: #444444; font-family: 'Open Sans', sans-serif; font-size: 14px;\"><span style=\"font-weight: 600;\">Kullan\u0131m Alanlar\u0131:\u00a0<\/span><\/p><p style=\"margin-right: 0px; margin-bottom: 10px; margin-left: 0px; line-height: 24px; color: #444444; font-family: 'Open Sans', sans-serif; font-size: 14px;\">\u00a0<\/p><ul style=\"margin-right: 0px; margin-bottom: 15px; margin-left: 0px; list-style-position: initial; list-style-image: initial; padding: 0px 0px 0px 20px; line-height: 24px; color: #444444; font-family: 'Open Sans', sans-serif; font-size: 14px;\"><li>D\u0131\u015f mek\u00e2nlarda,<\/li><li>Yatay ve d\u00fc\u015fey y\u00fczeylerde,<\/li><li>Beton, ta\u015f, eternit ve metal gibi malzemelerin y\u00fczeyinde,\u00a0<\/li><li>Betonarme yap\u0131lar\u0131n temel ve perde duvarlar\u0131nda zemin rutubetine, s\u0131z\u0131nt\u0131 suyuna kar\u015f\u0131 su yal\u0131t\u0131m\u0131 yap\u0131lmas\u0131nda,<\/li><li>Kanal, kanalet ve ya\u011fmur derelerinde (PVC esasl\u0131 ya\u011fmur oluklar\u0131 hari\u00e7)<\/li><li>Balkon, teras, \u00e7at\u0131 ve ye\u015fil \u00e7at\u0131 yal\u0131t\u0131mlar\u0131nda kaplama alt\u0131na kullan\u0131l\u0131r.<\/li><\/ul><div style=\"color: #444444; font-family: 'Open Sans', sans-serif; font-size: 14px;\"><div>\u00a0<\/div><\/div><div><div><span style=\"color: #444444; font-family: 'Open Sans', sans-serif;\"><span style=\"font-size: 14px;\"><span style=\"font-weight: bold;\">Teknik D\u00f6k\u00fcmanlar:<\/span><\/span><\/span><\/div><div>\u00a0<\/div><p><a href=\"https:\/\/fixa.com.tr\/upload\/2022\/10\/44-bitumfix-pu-1k-bitum-ve-poliuretan-esasli-tek-bilesenli-su-yalitim-malzemesi.pdf\">\u00a0 \u00a0 \u00a0<img decoding=\"async\" class=\"alignnone wp-image-10426\" src=\"http:\/\/etkiinsaat.com.tr\/wp-content\/uploads\/2023\/09\/pdf-300x300.png\" alt=\"\" width=\"31\" height=\"31\" srcset=\"https:\/\/etkiinsaat.com.tr\/wp-content\/uploads\/2023\/09\/pdf-300x300.png 300w, https:\/\/etkiinsaat.com.tr\/wp-content\/uploads\/2023\/09\/pdf-150x150.png 150w, https:\/\/etkiinsaat.com.tr\/wp-content\/uploads\/2023\/09\/pdf-201x201.png 201w, https:\/\/etkiinsaat.com.tr\/wp-content\/uploads\/2023\/09\/pdf-402x402.png 402w, https:\/\/etkiinsaat.com.tr\/wp-content\/uploads\/2023\/09\/pdf-350x350.png 350w, https:\/\/etkiinsaat.com.tr\/wp-content\/uploads\/2023\/09\/pdf-450x450.png 450w, https:\/\/etkiinsaat.com.tr\/wp-content\/uploads\/2023\/09\/pdf-285x285.png 285w, https:\/\/etkiinsaat.com.tr\/wp-content\/uploads\/2023\/09\/pdf-100x100.png 100w, https:\/\/etkiinsaat.com.tr\/wp-content\/uploads\/2023\/09\/pdf.png 512w\" sizes=\"(max-width: 31px) 100vw, 31px\" \/><span style=\"font-weight: bolder;\">\u00dcr\u00fcn Tan\u0131t\u0131m Dok\u00fcman\u0131<\/span><\/a><\/p><p><a href=\"https:\/\/fixa.com.tr\/upload\/2022\/10\/bitumfix-pu-1k-bitum-ve-poliuretan-esasli-tek-bilesenli-su-yalitim-malzemesi.pdf\"><span style=\"font-weight: bolder;\">\u00a0 \u00a0 \u00a0<img decoding=\"async\" class=\"alignnone wp-image-10426\" src=\"http:\/\/etkiinsaat.com.tr\/wp-content\/uploads\/2023\/09\/pdf-300x300.png\" alt=\"\" width=\"31\" height=\"31\" srcset=\"https:\/\/etkiinsaat.com.tr\/wp-content\/uploads\/2023\/09\/pdf-300x300.png 300w, https:\/\/etkiinsaat.com.tr\/wp-content\/uploads\/2023\/09\/pdf-150x150.png 150w, https:\/\/etkiinsaat.com.tr\/wp-content\/uploads\/2023\/09\/pdf-201x201.png 201w, https:\/\/etkiinsaat.com.tr\/wp-content\/uploads\/2023\/09\/pdf-402x402.png 402w, https:\/\/etkiinsaat.com.tr\/wp-content\/uploads\/2023\/09\/pdf-350x350.png 350w, https:\/\/etkiinsaat.com.tr\/wp-content\/uploads\/2023\/09\/pdf-450x450.png 450w, https:\/\/etkiinsaat.com.tr\/wp-content\/uploads\/2023\/09\/pdf-285x285.png 285w, https:\/\/etkiinsaat.com.tr\/wp-content\/uploads\/2023\/09\/pdf-100x100.png 100w, https:\/\/etkiinsaat.com.tr\/wp-content\/uploads\/2023\/09\/pdf.png 512w\" sizes=\"(max-width: 31px) 100vw, 31px\" \/>Teknik Bilgi F\u00f6y\u00fc (TBF)<\/span><\/a><\/p><\/div>\t\t\t\t\t\t\t\t<\/div>\n\t\t\t\t<\/div>\n\t\t\t\t\t<\/div>\n\t\t<\/div>\n\t\t\t\t\t<\/div>\n\t\t<\/section>\n\t\t\t\t<\/div>\n\t\t","protected":false},"excerpt":{"rendered":"<p>B\u0130T\u00dcMF\u0130X PU 1K \u00dcR\u00dcN KODLARI \u00dcr\u00fcn Kodu:\u00a067025 Tan\u0131m\u0131: \u00a0 Bit\u00fcm-Poli\u00fcretan esasl\u0131, tek bile\u015fenli, koruyucu bir su yal\u0131t\u0131m malzemesidir. Yap\u0131s\u0131ndaki poli\u00fcretan sebebiyle y\u00fczeye kuvvetli bir \u015fekilde yap\u0131\u015farak suya ve neme kar\u015f\u0131 daha dayan\u0131kl\u0131 bir tabaka olu\u015fturur. Kullan\u0131m Alanlar\u0131:\u00a0 \u00a0 D\u0131\u015f mek\u00e2nlarda, Yatay ve d\u00fc\u015fey y\u00fczeylerde, Beton, ta\u015f, eternit ve metal gibi malzemelerin y\u00fczeyinde,\u00a0 Betonarme yap\u0131lar\u0131n temel ve perde duvarlar\u0131nda zemin rutubetine, s\u0131z\u0131nt\u0131 suyuna kar\u015f\u0131 su yal\u0131t\u0131m\u0131 yap\u0131lmas\u0131nda, Kanal, kanalet ve ya\u011fmur derelerinde (PVC esasl\u0131 ya\u011fmur oluklar\u0131 hari\u00e7) Balkon, teras, \u00e7at\u0131 ve ye\u015fil \u00e7at\u0131 yal\u0131t\u0131mlar\u0131nda kaplama alt\u0131na kullan\u0131l\u0131r. \u00a0Teknik D\u00f6k\u00fcmanlar:\u00a0 \u00a0 \u00a0 \u00a0\u00dcr\u00fcn Tan\u0131t\u0131m Dok\u00fcman\u0131 \u00a0 \u00a0 \u00a0Teknik Bilgi F\u00f6y\u00fc (TBF)<\/p>\n","protected":false},"author":3,"featured_media":0,"parent":0,"menu_order":0,"comment_status":"closed","ping_status":"closed","template":"page-full.php","meta":{"_joinchat":[],"footnotes":""},"class_list":["post-11265","page","type-page","status-publish","hentry"],"_links":{"self":[{"href":"https:\/\/etkiinsaat.com.tr\/index.php?rest_route=\/wp\/v2\/pages\/11265","targetHints":{"allow":["GET"]}}],"collection":[{"href":"https:\/\/etkiinsaat.com.tr\/index.php?rest_route=\/wp\/v2\/pages"}],"about":[{"href":"https:\/\/etkiinsaat.com.tr\/index.php?rest_route=\/wp\/v2\/types\/page"}],"author":[{"embeddable":true,"href":"https:\/\/etkiinsaat.com.tr\/index.php?rest_route=\/wp\/v2\/users\/3"}],"replies":[{"embeddable":true,"href":"https:\/\/etkiinsaat.com.tr\/index.php?rest_route=%2Fwp%2Fv2%2Fcomments&post=11265"}],"version-history":[{"count":4,"href":"https:\/\/etkiinsaat.com.tr\/index.php?rest_route=\/wp\/v2\/pages\/11265\/revisions"}],"predecessor-version":[{"id":11270,"href":"https:\/\/etkiinsaat.com.tr\/index.php?rest_route=\/wp\/v2\/pages\/11265\/revisions\/11270"}],"wp:attachment":[{"href":"https:\/\/etkiinsaat.com.tr\/index.php?rest_route=%2Fwp%2Fv2%2Fmedia&parent=11265"}],"curies":[{"name":"wp","href":"https:\/\/api.w.org\/{rel}","templated":true}]}}