{"id":13065,"date":"2023-09-19T21:31:15","date_gmt":"2023-09-19T18:31:15","guid":{"rendered":"https:\/\/etkiinsaat.com.tr\/?page_id=13065"},"modified":"2023-09-19T21:32:35","modified_gmt":"2023-09-19T18:32:35","slug":"sika-igolflex-203","status":"publish","type":"page","link":"https:\/\/etkiinsaat.com.tr\/?page_id=13065","title":{"rendered":"Sika\u00ae Igolflex-203"},"content":{"rendered":"\t\t<div data-elementor-type=\"wp-page\" data-elementor-id=\"13065\" class=\"elementor elementor-13065\">\n\t\t\t\t\t\t<section class=\"elementor-section elementor-top-section elementor-element elementor-element-bec93d3 elementor-section-boxed elementor-section-height-default elementor-section-height-default\" data-id=\"bec93d3\" data-element_type=\"section\" data-e-type=\"section\">\n\t\t\t\t\t\t<div class=\"elementor-container elementor-column-gap-default\">\n\t\t\t\t\t<div class=\"elementor-column elementor-col-33 elementor-top-column elementor-element elementor-element-6b90b8c\" data-id=\"6b90b8c\" data-element_type=\"column\" data-e-type=\"column\">\n\t\t\t<div class=\"elementor-widget-wrap elementor-element-populated\">\n\t\t\t\t\t\t<div class=\"elementor-element elementor-element-cc09203 elementor-widget elementor-widget-heading\" data-id=\"cc09203\" data-element_type=\"widget\" data-e-type=\"widget\" data-widget_type=\"heading.default\">\n\t\t\t\t<div class=\"elementor-widget-container\">\n\t\t\t\t\t<h2 class=\"elementor-heading-title elementor-size-default\">Sika\u00ae Igolflex-203<\/h2>\t\t\t\t<\/div>\n\t\t\t\t<\/div>\n\t\t\t\t<div class=\"elementor-element elementor-element-56d5b7e elementor-widget elementor-widget-image\" data-id=\"56d5b7e\" data-element_type=\"widget\" data-e-type=\"widget\" data-widget_type=\"image.default\">\n\t\t\t\t<div class=\"elementor-widget-container\">\n\t\t\t\t\t\t\t\t\t\t\t\t\t\t\t<img decoding=\"async\" src=\"https:\/\/etkiinsaat.com.tr\/wp-content\/uploads\/2023\/09\/tr-igasol-203-2000x2000px-00063669.webp\" title=\"tr-igasol-203-2000x2000px-00063669\" alt=\"tr-igasol-203-2000x2000px-00063669\" loading=\"lazy\" \/>\t\t\t\t\t\t\t\t\t\t\t\t\t\t\t<\/div>\n\t\t\t\t<\/div>\n\t\t\t\t<div class=\"elementor-element elementor-element-05cdf53 elementor-widget elementor-widget-text-editor\" data-id=\"05cdf53\" data-element_type=\"widget\" data-e-type=\"widget\" data-widget_type=\"text-editor.default\">\n\t\t\t\t<div class=\"elementor-widget-container\">\n\t\t\t\t\t\t\t\t\t<p><strong>AMBALAJ<\/strong><\/p><p>32 kg set<br \/>&#8211; S\u0131v\u0131 bile\u015fen 24 kg<br \/>&#8211; Toz bile\u015fen 8 kg<\/p>\t\t\t\t\t\t\t\t<\/div>\n\t\t\t\t<\/div>\n\t\t\t\t\t<\/div>\n\t\t<\/div>\n\t\t\t\t<div class=\"elementor-column elementor-col-66 elementor-top-column elementor-element elementor-element-2d9412f\" data-id=\"2d9412f\" data-element_type=\"column\" data-e-type=\"column\">\n\t\t\t<div class=\"elementor-widget-wrap elementor-element-populated\">\n\t\t\t\t\t\t<div class=\"elementor-element elementor-element-7d83dea elementor-widget elementor-widget-text-editor\" data-id=\"7d83dea\" data-element_type=\"widget\" data-e-type=\"widget\" data-widget_type=\"text-editor.default\">\n\t\t\t\t<div class=\"elementor-widget-container\">\n\t\t\t\t\t\t\t\t\t<p style=\"margin-right: 0px; margin-bottom: 10px; margin-left: 0px; line-height: 24px; color: #444444; font-family: 'Open Sans', sans-serif; font-size: 14px;\"><span style=\"font-weight: 600;\">Tan\u0131m\u0131:\u00a0<\/span><\/p><ul style=\"box-sizing: inherit; margin-right: 0px; margin-bottom: 0px; margin-left: 1.25rem; padding: 0px; list-style-position: outside; line-height: 1.45; list-style-type: square; color: #000000; font-family: 'Klavika Light';\"><li style=\"box-sizing: inherit; margin: 0px; padding: 0px;\"><div style=\"font-size: 1.3125rem; box-sizing: inherit; margin: 0px 0px 30px; padding: 0px;\"><div style=\"box-sizing: inherit; margin: 0px; padding: 0px;\"><div class=\"cmp-product__description cmp-font--light\" style=\"box-sizing: inherit; margin: 0px 0px 30px; padding: 0px; font-size: 1.3125rem;\"><div class=\"cmp-text\" style=\"box-sizing: inherit; margin: 0px; padding: 0px;\"><div class=\"cmp-product__description--short\" style=\"box-sizing: inherit; margin: 0px 0px 0.8em; padding: 0px; font-weight: bold;\">\u0130K\u0130 B\u0130LE\u015eENL\u0130, \u00c7\u0130MENTO VE B\u0130T\u00dcM KAU\u00c7UK ESASLI SU YALITIM MALZEMES\u0130<\/div><p class=\"cmp-text__paragraph cmp-line-clamp\" style=\"box-sizing: inherit; margin-right: 0px; margin-bottom: 1rem; margin-left: 0px; padding: 0px; font-size: 1.13125rem; line-height: 1.45; text-rendering: optimizelegibility; display: -webkit-box; -webkit-box-orient: vertical; overflow: hidden;\" data-lines=\"3\" data-read-more=\"Daha fazla oku\" data-read-less=\"Daha az oku\">Sika\u00ae Igolflex-203 iki bile\u015fenli \u00e7imento ve bit\u00fcm kau\u00e7uk esasl\u0131 su yal\u0131t\u0131m malzemesidir. Birinci bile\u015fen s\u0131v\u0131 bit\u00fcm kau\u00e7uk, ikinci bile\u015fen h\u0131zl\u0131 k\u00fcrlenmeyi sa\u011flayan reaktif malzemeyi i\u00e7erir.<\/p><\/div><\/div><div class=\"cmp-product__attributes\" style=\"box-sizing: inherit; margin: 0px; padding: 0px; font-size: 1.3125rem;\"><ul style=\"box-sizing: inherit; margin-right: 0px; margin-left: 0px; padding: 0px; list-style-position: outside; line-height: 1.45; list-style-type: none; font-size: 1.13125rem !important;\"><li style=\"box-sizing: inherit; margin: 0px; padding: 0px 0px 0px 34px; text-indent: -32px; font-size: 1.13125rem !important;\">D\u00fc\u015fey y\u00fczeylerde sarkma yapmaz<\/li><li style=\"box-sizing: inherit; margin: 0px; padding: 0px 0px 0px 34px; text-indent: -32px; font-size: 1.13125rem !important;\">Kullan\u0131m\u0131 kolayd\u0131r<\/li><li style=\"box-sizing: inherit; margin: 0px; padding: 0px 0px 0px 34px; text-indent: -32px; font-size: 1.13125rem !important;\">Kuru ve hafif nemli y\u00fczeylerde uygulanabilir<\/li><\/ul><\/div><\/div><\/div><div style=\"box-sizing: inherit; margin: 0px; padding: 0px;\"><div style=\"text-indent: -32px;\"><span style=\"font-size: 18.1px;\">\u00a0 \u00a0 \u00a0 \u00a0<\/span><\/div><\/div><\/li><\/ul><div style=\"text-indent: -32px;\"><span style=\"color: #000000; font-family: Klavika Light;\"><span style=\"font-size: 18.1px;\">\u00a0 \u00a0 \u00a0 \u00a0 \u00a0 \u00a0 <strong>Kullan\u0131m<\/strong><\/span><\/span><\/div><div>\u00a0<\/div><div><ul><li style=\"box-sizing: inherit; margin: 0px; padding: 0px; font-size: 1.13125rem !important;\">Yap\u0131lar\u0131n temel perdelerinin toprak alt\u0131nda kalan k\u0131s\u0131mlar\u0131nda su yal\u0131t\u0131m kaplamas\u0131 olarak uygulan\u0131r<\/li><li style=\"box-sizing: inherit; margin: 0px; padding: 0px; font-size: 1.13125rem !important;\">Islak hacim zeminleri ve balkonlarda \u00e7imento esasl\u0131 \u015faplar\u0131n alt\u0131nda su yal\u0131t\u0131m\u0131 olarak kullan\u0131ma uygundur<\/li><li style=\"box-sizing: inherit; margin: 0px; padding: 0px; font-size: 1.13125rem !important;\">Rutubet ve neme kar\u015f\u0131 koruyucu olarak<\/li><li style=\"box-sizing: inherit; margin: 0px; padding: 0px; font-size: 1.13125rem !important;\">Hafif \u0131s\u0131 yal\u0131t\u0131m panellerinin yap\u0131\u015ft\u0131r\u0131lmas\u0131nda<\/li><\/ul><\/div><div style=\"color: #444444; font-family: 'Open Sans', sans-serif; font-size: 14px;\"><div>\u00a0<\/div><\/div><div><div><span style=\"color: #444444; font-family: 'Open Sans', sans-serif;\"><span style=\"font-size: 14px;\"><span style=\"font-weight: bold;\">Teknik D\u00f6k\u00fcmanlar:<\/span><\/span><\/span><\/div><p><a href=\"https:\/\/tur.sika.com\/content\/dam\/dms\/tr01\/h\/sika_igolflex_-203.pdf\"><span style=\"font-weight: bolder;\">\u00a0 \u00a0 \u00a0<img decoding=\"async\" src=\"http:\/\/etkiinsaat.com.tr\/wp-content\/uploads\/2023\/09\/pdf-300x300.png\" alt=\"\" width=\"31\" height=\"31\" \/>Teknik Bilgi F\u00f6y\u00fc (TBF)<\/span><\/a><\/p><\/div>\t\t\t\t\t\t\t\t<\/div>\n\t\t\t\t<\/div>\n\t\t\t\t\t<\/div>\n\t\t<\/div>\n\t\t\t\t\t<\/div>\n\t\t<\/section>\n\t\t\t\t<\/div>\n\t\t","protected":false},"excerpt":{"rendered":"<p>Sika\u00ae Igolflex-203 AMBALAJ 32 kg set&#8211; S\u0131v\u0131 bile\u015fen 24 kg&#8211; Toz bile\u015fen 8 kg Tan\u0131m\u0131:\u00a0 \u0130K\u0130 B\u0130LE\u015eENL\u0130, \u00c7\u0130MENTO VE B\u0130T\u00dcM KAU\u00c7UK ESASLI SU YALITIM MALZEMES\u0130 Sika\u00ae Igolflex-203 iki bile\u015fenli \u00e7imento ve bit\u00fcm kau\u00e7uk esasl\u0131 su yal\u0131t\u0131m malzemesidir. Birinci bile\u015fen s\u0131v\u0131 bit\u00fcm kau\u00e7uk, ikinci bile\u015fen h\u0131zl\u0131 k\u00fcrlenmeyi sa\u011flayan reaktif malzemeyi i\u00e7erir. D\u00fc\u015fey y\u00fczeylerde sarkma yapmaz Kullan\u0131m\u0131 kolayd\u0131r Kuru ve hafif nemli y\u00fczeylerde uygulanabilir \u00a0 \u00a0 \u00a0 \u00a0 \u00a0 \u00a0 \u00a0 \u00a0 \u00a0 \u00a0 Kullan\u0131m\u00a0 Yap\u0131lar\u0131n temel perdelerinin toprak alt\u0131nda kalan k\u0131s\u0131mlar\u0131nda su yal\u0131t\u0131m kaplamas\u0131 olarak uygulan\u0131r Islak hacim zeminleri ve balkonlarda \u00e7imento esasl\u0131 \u015faplar\u0131n alt\u0131nda su yal\u0131t\u0131m\u0131 olarak kullan\u0131ma uygundur Rutubet ve neme kar\u015f\u0131 koruyucu olarak Hafif \u0131s\u0131 yal\u0131t\u0131m panellerinin yap\u0131\u015ft\u0131r\u0131lmas\u0131nda \u00a0Teknik D\u00f6k\u00fcmanlar: \u00a0 \u00a0 \u00a0Teknik Bilgi F\u00f6y\u00fc (TBF)<\/p>\n","protected":false},"author":3,"featured_media":0,"parent":0,"menu_order":0,"comment_status":"closed","ping_status":"closed","template":"page-full.php","meta":{"_joinchat":[],"footnotes":""},"class_list":["post-13065","page","type-page","status-publish","hentry"],"_links":{"self":[{"href":"https:\/\/etkiinsaat.com.tr\/index.php?rest_route=\/wp\/v2\/pages\/13065","targetHints":{"allow":["GET"]}}],"collection":[{"href":"https:\/\/etkiinsaat.com.tr\/index.php?rest_route=\/wp\/v2\/pages"}],"about":[{"href":"https:\/\/etkiinsaat.com.tr\/index.php?rest_route=\/wp\/v2\/types\/page"}],"author":[{"embeddable":true,"href":"https:\/\/etkiinsaat.com.tr\/index.php?rest_route=\/wp\/v2\/users\/3"}],"replies":[{"embeddable":true,"href":"https:\/\/etkiinsaat.com.tr\/index.php?rest_route=%2Fwp%2Fv2%2Fcomments&post=13065"}],"version-history":[{"count":4,"href":"https:\/\/etkiinsaat.com.tr\/index.php?rest_route=\/wp\/v2\/pages\/13065\/revisions"}],"predecessor-version":[{"id":13072,"href":"https:\/\/etkiinsaat.com.tr\/index.php?rest_route=\/wp\/v2\/pages\/13065\/revisions\/13072"}],"wp:attachment":[{"href":"https:\/\/etkiinsaat.com.tr\/index.php?rest_route=%2Fwp%2Fv2%2Fmedia&parent=13065"}],"curies":[{"name":"wp","href":"https:\/\/api.w.org\/{rel}","templated":true}]}}