{"id":13100,"date":"2023-09-19T21:55:20","date_gmt":"2023-09-19T18:55:20","guid":{"rendered":"https:\/\/etkiinsaat.com.tr\/?page_id=13100"},"modified":"2023-09-19T21:57:02","modified_gmt":"2023-09-19T18:57:02","slug":"sikafuko-vt-1","status":"publish","type":"page","link":"https:\/\/etkiinsaat.com.tr\/?page_id=13100","title":{"rendered":"SikaFuko\u00ae VT-1"},"content":{"rendered":"\t\t<div data-elementor-type=\"wp-page\" data-elementor-id=\"13100\" class=\"elementor elementor-13100\">\n\t\t\t\t\t\t<section class=\"elementor-section elementor-top-section elementor-element elementor-element-f9e882b elementor-section-boxed elementor-section-height-default elementor-section-height-default\" data-id=\"f9e882b\" data-element_type=\"section\" data-e-type=\"section\">\n\t\t\t\t\t\t<div class=\"elementor-container elementor-column-gap-default\">\n\t\t\t\t\t<div class=\"elementor-column elementor-col-33 elementor-top-column elementor-element elementor-element-07f59be\" data-id=\"07f59be\" data-element_type=\"column\" data-e-type=\"column\">\n\t\t\t<div class=\"elementor-widget-wrap elementor-element-populated\">\n\t\t\t\t\t\t<div class=\"elementor-element elementor-element-a2fc66b elementor-widget elementor-widget-heading\" data-id=\"a2fc66b\" data-element_type=\"widget\" data-e-type=\"widget\" data-widget_type=\"heading.default\">\n\t\t\t\t<div class=\"elementor-widget-container\">\n\t\t\t\t\t<h2 class=\"elementor-heading-title elementor-size-default\">SikaFuko\u00ae VT-1<\/h2>\t\t\t\t<\/div>\n\t\t\t\t<\/div>\n\t\t\t\t<div class=\"elementor-element elementor-element-5c337ff elementor-widget elementor-widget-image\" data-id=\"5c337ff\" data-element_type=\"widget\" data-e-type=\"widget\" data-widget_type=\"image.default\">\n\t\t\t\t<div class=\"elementor-widget-container\">\n\t\t\t\t\t\t\t\t\t\t\t\t\t\t\t<img decoding=\"async\" src=\"https:\/\/etkiinsaat.com.tr\/wp-content\/uploads\/2023\/09\/tr-SikaFuko-VT-1-2000x2000px-00916833.webp\" title=\"tr-SikaFuko-VT-1-2000x2000px-00916833\" alt=\"tr-SikaFuko-VT-1-2000x2000px-00916833\" loading=\"lazy\" \/>\t\t\t\t\t\t\t\t\t\t\t\t\t\t\t<\/div>\n\t\t\t\t<\/div>\n\t\t\t\t<div class=\"elementor-element elementor-element-0fe1d7e elementor-widget elementor-widget-text-editor\" data-id=\"0fe1d7e\" data-element_type=\"widget\" data-e-type=\"widget\" data-widget_type=\"text-editor.default\">\n\t\t\t\t<div class=\"elementor-widget-container\">\n\t\t\t\t\t\t\t\t\t<p><strong>AMBALAJ<\/strong><\/p><p>Combi-pack set olarak tedarik edilmektedir:<\/p><ul><li>200 m SikaFuko\u00ae VT-1<\/li><li>10 m ye\u015fil PVC-hortum (giri\u015f)<\/li><li>10 m beyaz PVC-hortum (\u00e7\u0131k\u0131\u015f)<\/li><li>Aksesuar (2 m birle\u015fim t\u00fcp\u00fc, 4 m ek yeri par\u00e7as\u0131, x 50 t\u0131pa, 1 t\u00fcp h\u0131zl\u0131 yap\u0131\u015ft\u0131r\u0131c\u0131, 1 bant, x 800 adet sabitleme klipsi)<\/li><li>Ayr\u0131ca talep \u00fczerine belirli \u00f6l\u00e7\u00fclere g\u00f6re haz\u0131rlanm\u0131\u015f paketler halinde de mevcuttur.<\/li><\/ul>\t\t\t\t\t\t\t\t<\/div>\n\t\t\t\t<\/div>\n\t\t\t\t\t<\/div>\n\t\t<\/div>\n\t\t\t\t<div class=\"elementor-column elementor-col-66 elementor-top-column elementor-element elementor-element-681d647\" data-id=\"681d647\" data-element_type=\"column\" data-e-type=\"column\">\n\t\t\t<div class=\"elementor-widget-wrap elementor-element-populated\">\n\t\t\t\t\t\t<div class=\"elementor-element elementor-element-02d3e4c elementor-widget elementor-widget-text-editor\" data-id=\"02d3e4c\" data-element_type=\"widget\" data-e-type=\"widget\" data-widget_type=\"text-editor.default\">\n\t\t\t\t<div class=\"elementor-widget-container\">\n\t\t\t\t\t\t\t\t\t<p style=\"margin-right: 0px; margin-bottom: 10px; margin-left: 0px; line-height: 24px; color: #444444; font-family: 'Open Sans', sans-serif; font-size: 14px;\"><span style=\"font-weight: 600;\">Tan\u0131m\u0131:\u00a0<\/span><\/p><ul style=\"box-sizing: inherit; margin-right: 0px; margin-bottom: 0px; margin-left: 1.25rem; padding: 0px; list-style-position: outside; line-height: 1.45; list-style-type: square; color: #000000; font-family: 'Klavika Light';\"><li style=\"box-sizing: inherit; margin: 0px; padding: 0px;\"><div style=\"font-size: 1.3125rem; box-sizing: inherit; margin: 0px 0px 30px; padding: 0px;\"><div style=\"box-sizing: inherit; margin: 0px; padding: 0px;\"><div style=\"box-sizing: inherit; margin: 0px 0px 0.8em; padding: 0px; font-weight: bold;\">YAPILARDAK\u0130 \u0130N\u015eAAT DERZLER\u0130 \u0130\u00c7\u0130N YEN\u0130DEN ENJEKTE ED\u0130LEB\u0130LEN SIZDIRMAZLIK PROF\u0130L\u0130<\/div><p style=\"box-sizing: inherit; margin-right: 0px; margin-bottom: 1rem; margin-left: 0px; padding: 0px; font-size: 1.13125rem; line-height: 1.45; text-rendering: optimizelegibility; -webkit-line-clamp: 3; color: #000000;\" data-lines=\"3\" data-read-more=\"Daha fazla oku\" data-read-less=\"Daha az oku\">SikaFuko\u00ae VT-1 yap\u0131lardaki in\u015faat derzlerinde su ve tuzlu su giri\u015fini engellemek i\u00e7in tasarlanan s\u0131zd\u0131rmazl\u0131k malzemesidir. \u0130n\u015faat derzlerinde beton i\u00e7erisine b\u0131rak\u0131larak uygulan\u0131r. Beton d\u00f6k\u00fcl\u00fcrken hasar g\u00f6rmemesi i\u00e7in sabitlenir. SikaFuko\u00ae VT-1 ile derzin s\u0131zd\u0131rmazl\u0131\u011f\u0131n\u0131n sa\u011flanmas\u0131 i\u00e7in uygun Sika akrilik, poli\u00fcretan veya mikro \u00e7imento enjeksiyon re\u00e7ineleri enjekte edilmelidir.<br style=\"box-sizing: inherit;\" \/>Derzin s\u0131zd\u0131rmazl\u0131\u011f\u0131 i\u00e7in tekrar enjeksiyon yap\u0131lmas\u0131n\u0131n gerekece\u011fi durumlarda ilk enjeksiyonun akrilik re\u00e7ine veya mikro \u00e7imento esasl\u0131 \u00fcr\u00fcnlerle yap\u0131lmas\u0131 gerekmektedir. Hortumun i\u00e7 \u00e7ap\u0131 6mm. D\u0131\u015f \u00e7ap\u0131 13,5mm.<\/p><\/div><\/div><div style=\"box-sizing: inherit; margin: 0px; padding: 0px;\"><div style=\"text-indent: -32px;\"><span style=\"font-size: 18.1px;\">\u00a0 \u00a0 \u00a0 \u00a0<\/span><span style=\"font-size: 1.13125rem;\">Enjeksiyon i\u015flemi i\u00e7in \u00f6zel bir valf yap\u0131s\u0131na sahiptir.<\/span><\/div><\/div><\/li><li style=\"box-sizing: inherit; margin: 0px; padding: 0px;\"><div style=\"box-sizing: inherit; margin: 0px; padding: 0px; font-size: 1.3125rem; color: #000000; font-family: 'Klavika Light'; font-style: normal; font-variant-ligatures: normal; font-variant-caps: normal; font-weight: 400; letter-spacing: normal; orphans: 2; text-align: start; text-indent: 0px; text-transform: none; widows: 2; word-spacing: 0px; -webkit-text-stroke-width: 0px; white-space: normal; background-color: #ffffff; text-decoration-thickness: initial; text-decoration-style: initial; text-decoration-color: initial;\"><ul style=\"box-sizing: inherit; margin: 0px; padding: 0px; list-style-position: outside; line-height: 1.45; list-style-type: none; font-size: 1.13125rem !important;\"><li style=\"box-sizing: inherit; margin: 0px; padding: 0px 0px 0px 34px; font-size: 1.13125rem !important; display: list-item; text-indent: -32px;\">Enjeksiyon uygulamas\u0131 i\u00e7in delmeye gerek yok.<\/li><li style=\"box-sizing: inherit; margin: 0px; padding: 0px 0px 0px 34px; font-size: 1.13125rem !important; display: list-item; text-indent: -32px;\">Ek kal\u0131p i\u015f\u00e7ili\u011fi veya donat\u0131ya gerek yok.<\/li><\/ul><\/div><\/li><\/ul><div style=\"text-indent: -32px;\"><span style=\"color: #000000; font-family: Klavika Light;\"><span style=\"font-size: 18.1px;\">\u00a0 \u00a0 \u00a0 \u00a0 \u00a0 \u00a0 <strong>Kullan\u0131m<\/strong><\/span><\/span><\/div><div>\u00a0<\/div><div><ul><li style=\"box-sizing: inherit; margin: 0px; padding: 0px; font-size: 1.13125rem !important;\">Su tutucu bant yerine in\u015faat derzlerinde kullan\u0131l\u0131r.<\/li><li style=\"box-sizing: inherit; margin: 0px; padding: 0px; font-size: 1.13125rem !important;\">Yap\u0131n\u0131n bir veya iki y\u00fcz\u00fcnde hidrostatik bas\u0131nca maruz kalan her t\u00fcrl\u00fc in\u015faat derzi s\u0131zd\u0131rmazl\u0131\u011f\u0131nda kullan\u0131l\u0131r.<\/li><li style=\"box-sizing: inherit; margin: 0px; padding: 0px; font-size: 1.13125rem !important;\">Beton in\u015faat derzi olan tipik yap\u0131lar\u0131n su s\u0131zd\u0131rmazl\u0131\u011f\u0131nda kullan\u0131l\u0131r:<br style=\"box-sizing: inherit;\" \/>Su tutma yap\u0131lar\u0131, su depolar\u0131, barajlar, kanallar, kanalizasyon ar\u0131tma tesisleri, t\u00fcneller, metrolar<\/li><\/ul><\/div><div style=\"color: #444444; font-family: 'Open Sans', sans-serif; font-size: 14px;\"><div>\u00a0<\/div><\/div><div><div><span style=\"color: #444444; font-family: 'Open Sans', sans-serif;\"><span style=\"font-size: 14px;\"><span style=\"font-weight: bold;\">Teknik D\u00f6k\u00fcmanlar:<\/span><\/span><\/span><\/div><p><a href=\"https:\/\/tur.sika.com\/content\/dam\/dms\/tr01\/k\/sikafuko_vt-1.pdf\"><span style=\"font-weight: bolder;\">\u00a0 \u00a0 \u00a0<img decoding=\"async\" src=\"http:\/\/etkiinsaat.com.tr\/wp-content\/uploads\/2023\/09\/pdf-300x300.png\" alt=\"\" width=\"31\" height=\"31\" \/>Teknik Bilgi F\u00f6y\u00fc (TBF)<\/span><\/a><\/p><\/div>\t\t\t\t\t\t\t\t<\/div>\n\t\t\t\t<\/div>\n\t\t\t\t\t<\/div>\n\t\t<\/div>\n\t\t\t\t\t<\/div>\n\t\t<\/section>\n\t\t\t\t<\/div>\n\t\t","protected":false},"excerpt":{"rendered":"<p>SikaFuko\u00ae VT-1 AMBALAJ Combi-pack set olarak tedarik edilmektedir: 200 m SikaFuko\u00ae VT-1 10 m ye\u015fil PVC-hortum (giri\u015f) 10 m beyaz PVC-hortum (\u00e7\u0131k\u0131\u015f) Aksesuar (2 m birle\u015fim t\u00fcp\u00fc, 4 m ek yeri par\u00e7as\u0131, x 50 t\u0131pa, 1 t\u00fcp h\u0131zl\u0131 yap\u0131\u015ft\u0131r\u0131c\u0131, 1 bant, x 800 adet sabitleme klipsi) Ayr\u0131ca talep \u00fczerine belirli \u00f6l\u00e7\u00fclere g\u00f6re haz\u0131rlanm\u0131\u015f paketler halinde de mevcuttur. Tan\u0131m\u0131:\u00a0 YAPILARDAK\u0130 \u0130N\u015eAAT DERZLER\u0130 \u0130\u00c7\u0130N YEN\u0130DEN ENJEKTE ED\u0130LEB\u0130LEN SIZDIRMAZLIK PROF\u0130L\u0130 SikaFuko\u00ae VT-1 yap\u0131lardaki in\u015faat derzlerinde su ve tuzlu su giri\u015fini engellemek i\u00e7in tasarlanan s\u0131zd\u0131rmazl\u0131k malzemesidir. \u0130n\u015faat derzlerinde beton i\u00e7erisine b\u0131rak\u0131larak uygulan\u0131r. Beton d\u00f6k\u00fcl\u00fcrken hasar g\u00f6rmemesi i\u00e7in sabitlenir. SikaFuko\u00ae VT-1 ile derzin s\u0131zd\u0131rmazl\u0131\u011f\u0131n\u0131n sa\u011flanmas\u0131 i\u00e7in uygun Sika akrilik, poli\u00fcretan veya mikro \u00e7imento enjeksiyon re\u00e7ineleri enjekte edilmelidir.Derzin s\u0131zd\u0131rmazl\u0131\u011f\u0131 i\u00e7in tekrar enjeksiyon yap\u0131lmas\u0131n\u0131n gerekece\u011fi durumlarda ilk enjeksiyonun akrilik re\u00e7ine veya mikro \u00e7imento esasl\u0131 \u00fcr\u00fcnlerle yap\u0131lmas\u0131 gerekmektedir. Hortumun i\u00e7 \u00e7ap\u0131 6mm. D\u0131\u015f \u00e7ap\u0131 13,5mm. \u00a0 \u00a0 \u00a0 \u00a0Enjeksiyon i\u015flemi i\u00e7in \u00f6zel bir valf yap\u0131s\u0131na sahiptir. Enjeksiyon uygulamas\u0131 [&hellip;]<\/p>\n","protected":false},"author":3,"featured_media":0,"parent":0,"menu_order":0,"comment_status":"closed","ping_status":"closed","template":"page-full.php","meta":{"_joinchat":[],"footnotes":""},"class_list":["post-13100","page","type-page","status-publish","hentry"],"_links":{"self":[{"href":"https:\/\/etkiinsaat.com.tr\/index.php?rest_route=\/wp\/v2\/pages\/13100","targetHints":{"allow":["GET"]}}],"collection":[{"href":"https:\/\/etkiinsaat.com.tr\/index.php?rest_route=\/wp\/v2\/pages"}],"about":[{"href":"https:\/\/etkiinsaat.com.tr\/index.php?rest_route=\/wp\/v2\/types\/page"}],"author":[{"embeddable":true,"href":"https:\/\/etkiinsaat.com.tr\/index.php?rest_route=\/wp\/v2\/users\/3"}],"replies":[{"embeddable":true,"href":"https:\/\/etkiinsaat.com.tr\/index.php?rest_route=%2Fwp%2Fv2%2Fcomments&post=13100"}],"version-history":[{"count":4,"href":"https:\/\/etkiinsaat.com.tr\/index.php?rest_route=\/wp\/v2\/pages\/13100\/revisions"}],"predecessor-version":[{"id":13105,"href":"https:\/\/etkiinsaat.com.tr\/index.php?rest_route=\/wp\/v2\/pages\/13100\/revisions\/13105"}],"wp:attachment":[{"href":"https:\/\/etkiinsaat.com.tr\/index.php?rest_route=%2Fwp%2Fv2%2Fmedia&parent=13100"}],"curies":[{"name":"wp","href":"https:\/\/api.w.org\/{rel}","templated":true}]}}