{"id":13239,"date":"2023-09-22T20:43:58","date_gmt":"2023-09-22T17:43:58","guid":{"rendered":"https:\/\/etkiinsaat.com.tr\/?page_id=13239"},"modified":"2023-09-22T20:45:03","modified_gmt":"2023-09-22T17:45:03","slug":"sikalastic-851-r","status":"publish","type":"page","link":"https:\/\/etkiinsaat.com.tr\/?page_id=13239","title":{"rendered":"Sikalastic\u00ae-851 R"},"content":{"rendered":"\t\t<div data-elementor-type=\"wp-page\" data-elementor-id=\"13239\" class=\"elementor elementor-13239\">\n\t\t\t\t\t\t<section class=\"elementor-section elementor-top-section elementor-element elementor-element-d685fce elementor-section-boxed elementor-section-height-default elementor-section-height-default\" data-id=\"d685fce\" data-element_type=\"section\" data-e-type=\"section\">\n\t\t\t\t\t\t<div class=\"elementor-container elementor-column-gap-default\">\n\t\t\t\t\t<div class=\"elementor-column elementor-col-33 elementor-top-column elementor-element elementor-element-2078683\" data-id=\"2078683\" data-element_type=\"column\" data-e-type=\"column\">\n\t\t\t<div class=\"elementor-widget-wrap elementor-element-populated\">\n\t\t\t\t\t\t<div class=\"elementor-element elementor-element-71aefb0 elementor-widget elementor-widget-heading\" data-id=\"71aefb0\" data-element_type=\"widget\" data-e-type=\"widget\" data-widget_type=\"heading.default\">\n\t\t\t\t<div class=\"elementor-widget-container\">\n\t\t\t\t\t<h2 class=\"elementor-heading-title elementor-size-default\">Sikalastic\u00ae-851 R<\/h2>\t\t\t\t<\/div>\n\t\t\t\t<\/div>\n\t\t\t\t<div class=\"elementor-element elementor-element-951cef8 elementor-widget elementor-widget-image\" data-id=\"951cef8\" data-element_type=\"widget\" data-e-type=\"widget\" data-widget_type=\"image.default\">\n\t\t\t\t<div class=\"elementor-widget-container\">\n\t\t\t\t\t\t\t\t\t\t\t\t\t\t\t<img fetchpriority=\"high\" decoding=\"async\" width=\"320\" height=\"277\" src=\"https:\/\/etkiinsaat.com.tr\/wp-content\/uploads\/2023\/09\/Sika_NoClaim_pos_rgb_mobile.webp\" class=\"attachment-full size-full wp-image-13012\" alt=\"\" srcset=\"https:\/\/etkiinsaat.com.tr\/wp-content\/uploads\/2023\/09\/Sika_NoClaim_pos_rgb_mobile.webp 320w, https:\/\/etkiinsaat.com.tr\/wp-content\/uploads\/2023\/09\/Sika_NoClaim_pos_rgb_mobile-300x260.webp 300w, https:\/\/etkiinsaat.com.tr\/wp-content\/uploads\/2023\/09\/Sika_NoClaim_pos_rgb_mobile-232x201.webp 232w, https:\/\/etkiinsaat.com.tr\/wp-content\/uploads\/2023\/09\/Sika_NoClaim_pos_rgb_mobile-116x100.webp 116w\" sizes=\"(max-width: 320px) 100vw, 320px\" \/>\t\t\t\t\t\t\t\t\t\t\t\t\t\t\t<\/div>\n\t\t\t\t<\/div>\n\t\t\t\t<div class=\"elementor-element elementor-element-7f99c53 elementor-widget elementor-widget-text-editor\" data-id=\"7f99c53\" data-element_type=\"widget\" data-e-type=\"widget\" data-widget_type=\"text-editor.default\">\n\t\t\t\t<div class=\"elementor-widget-container\">\n\t\t\t\t\t\t\t\t\t<p><strong>AMBALAJ<\/strong><\/p><table><tbody><tr><td class=\"cw-50\"><p>A bile\u015feni<\/p><\/td><td class=\"cw-50\">211 kg varil<\/td><\/tr><tr><td class=\"cw-50\"><p>B bile\u015feni<\/p><\/td><td class=\"cw-50\">202 kg varil<\/td><\/tr><\/tbody><\/table>\t\t\t\t\t\t\t\t<\/div>\n\t\t\t\t<\/div>\n\t\t\t\t\t<\/div>\n\t\t<\/div>\n\t\t\t\t<div class=\"elementor-column elementor-col-66 elementor-top-column elementor-element elementor-element-dbe9e86\" data-id=\"dbe9e86\" data-element_type=\"column\" data-e-type=\"column\">\n\t\t\t<div class=\"elementor-widget-wrap elementor-element-populated\">\n\t\t\t\t\t\t<div class=\"elementor-element elementor-element-e0a6808 elementor-widget elementor-widget-text-editor\" data-id=\"e0a6808\" data-element_type=\"widget\" data-e-type=\"widget\" data-widget_type=\"text-editor.default\">\n\t\t\t\t<div class=\"elementor-widget-container\">\n\t\t\t\t\t\t\t\t\t<p style=\"margin-right: 0px; margin-bottom: 10px; margin-left: 0px; line-height: 24px; color: #444444; font-family: 'Open Sans', sans-serif; font-size: 14px;\"><span style=\"font-weight: 600;\">Tan\u0131m\u0131:\u00a0<\/span><\/p><ul style=\"box-sizing: inherit; margin-right: 0px; margin-bottom: 0px; margin-left: 1.25rem; padding: 0px; list-style-position: outside; line-height: 1.45; list-style-type: square; color: #000000; font-family: 'Klavika Light';\"><li style=\"box-sizing: inherit; margin: 0px; padding: 0px;\"><div style=\"font-size: 1.3125rem; box-sizing: inherit; margin: 0px 0px 30px; padding: 0px;\"><div style=\"box-sizing: inherit; margin: 0px; padding: 0px;\"><div class=\"cmp-product__description cmp-font--light\" style=\"box-sizing: inherit; margin: 0px 0px 30px; padding: 0px; font-size: 1.3125rem;\"><div class=\"cmp-text\" style=\"box-sizing: inherit; margin: 0px; padding: 0px;\"><p class=\"cmp-text__paragraph cmp-line-clamp\" style=\"box-sizing: inherit; margin-right: 0px; margin-bottom: 1rem; margin-left: 0px; padding: 0px; font-size: 1.13125rem; line-height: 1.45; text-rendering: optimizelegibility; display: -webkit-box; -webkit-box-orient: vertical; overflow: hidden;\" data-lines=\"3\" data-read-more=\"Daha fazla oku\" data-read-less=\"Daha az oku\">Sikalastic\u00ae-851 R iki bile\u015fenli, elastik, \u00e7atlak k\u00f6pr\u00fcleme \u00f6zelli\u011fi olan, h\u0131zl\u0131 k\u00fcrlenen Poli\u00fcretan\/ Poli\u00fcrea hibrit membrand\u0131r. Sikalastic\u00ae-851 R sadece makine ile uygulanabilir.<\/p><\/div><\/div><div class=\"cmp-product__actions\" style=\"box-sizing: inherit; margin: 10px 0px; padding: 0px; display: grid; grid-template-columns: 1fr 1fr; column-gap: 20px; color: #000000; font-size: 16px; text-transform: uppercase !important;\">\u00a0<\/div><div class=\"cmp-product__attributes\" style=\"box-sizing: inherit; margin: 0px; padding: 0px; font-size: 1.3125rem; color: #000000; font-family: 'Klavika Light'; font-style: normal; font-variant-ligatures: normal; font-variant-caps: normal; font-weight: 400; letter-spacing: normal; orphans: 2; text-align: start; text-indent: 0px; text-transform: none; widows: 2; word-spacing: 0px; -webkit-text-stroke-width: 0px; white-space: normal; background-color: #ffffff; text-decoration-thickness: initial; text-decoration-style: initial; text-decoration-color: initial;\"><ul style=\"box-sizing: inherit; margin: 0px; padding: 0px; list-style-position: outside; line-height: 1.45; list-style-type: none; font-size: 1.13125rem !important;\"><li style=\"box-sizing: inherit; margin: 0px; padding: 0px 0px 0px 34px; font-size: 1.13125rem !important; display: list-item; text-indent: -32px;\">Solvent i\u00e7ermez<\/li><li style=\"box-sizing: inherit; margin: 0px; padding: 0px 0px 0px 34px; font-size: 1.13125rem !important; display: list-item; text-indent: -32px;\">H\u0131zl\u0131 uygulanan \u2013 2 bile\u015fenli makineyle, s\u0131cak ve p\u00fcsk\u00fcrt\u00fclerek uygunan<\/li><li style=\"box-sizing: inherit; margin: 0px; padding: 0px 0px 0px 34px; font-size: 1.13125rem !important; display: list-item; text-indent: -32px;\">H\u0131zl\u0131 k\u00fcrlenen \u2013 son kat kaplama yakla\u015f\u0131k 10 dakika sonra uygulanabilir<\/li><\/ul><\/div><\/div><\/div><div style=\"box-sizing: inherit; margin: 0px; padding: 0px;\"><div style=\"text-indent: -32px;\"><span style=\"font-size: 18.1px;\">\u00a0 \u00a0 \u00a0 \u00a0<\/span><\/div><\/div><\/li><\/ul><div style=\"text-indent: -32px;\"><span style=\"color: #000000; font-family: Klavika Light;\"><span style=\"font-size: 18.1px;\">\u00a0 \u00a0 \u00a0 \u00a0 \u00a0 \u00a0 <strong>Kullan\u0131m<\/strong><\/span><\/span><\/div><div>\u00a0<\/div><div><ul><li style=\"box-sizing: inherit; margin: 0px; padding: 0px; font-size: 1.13125rem !important;\">D\u00fcz ve e\u011fimli \u00e7at\u0131larda son kat kaplama ile UV etkisinden koruyarak su yal\u0131t\u0131m membran\u0131 olarak<\/li><li style=\"box-sizing: inherit; margin: 0px; padding: 0px; font-size: 1.13125rem !important;\">Bitki ve zorlu detay uygulamalar\u0131n\u0131n alt\u0131nda su yal\u0131t\u0131m membrane olarak<\/li><li style=\"box-sizing: inherit; margin: 0px; padding: 0px; font-size: 1.13125rem !important;\">Trafik y\u00fck\u00fc olmayan di\u011fer beton yap\u0131larda UV etkisinden koruyan son kat uygulamas\u0131 durumunda su yal\u0131t\u0131m membran\u0131 olarak<\/li><\/ul><\/div><div style=\"color: #444444; font-family: 'Open Sans', sans-serif; font-size: 14px;\"><div>\u00a0<\/div><\/div><div><div><span style=\"color: #444444; font-family: 'Open Sans', sans-serif;\"><span style=\"font-size: 14px;\"><span style=\"font-weight: bold;\">Teknik D\u00f6k\u00fcmanlar:<\/span><\/span><\/span><\/div><p><a href=\"https:\/\/tur.sika.com\/content\/dam\/dms\/tr01\/s\/sikalastic_-851_r.pdf\"><span style=\"font-weight: bolder;\">\u00a0 \u00a0 \u00a0<img decoding=\"async\" src=\"http:\/\/etkiinsaat.com.tr\/wp-content\/uploads\/2023\/09\/pdf-300x300.png\" alt=\"\" width=\"31\" height=\"31\" \/>Teknik Bilgi F\u00f6y\u00fc (TBF)<\/span><\/a><\/p><p>\u00a0<\/p><\/div>\t\t\t\t\t\t\t\t<\/div>\n\t\t\t\t<\/div>\n\t\t\t\t\t<\/div>\n\t\t<\/div>\n\t\t\t\t\t<\/div>\n\t\t<\/section>\n\t\t\t\t<\/div>\n\t\t","protected":false},"excerpt":{"rendered":"<p>Sikalastic\u00ae-851 R AMBALAJ A bile\u015feni 211 kg varil B bile\u015feni 202 kg varil Tan\u0131m\u0131:\u00a0 Sikalastic\u00ae-851 R iki bile\u015fenli, elastik, \u00e7atlak k\u00f6pr\u00fcleme \u00f6zelli\u011fi olan, h\u0131zl\u0131 k\u00fcrlenen Poli\u00fcretan\/ Poli\u00fcrea hibrit membrand\u0131r. Sikalastic\u00ae-851 R sadece makine ile uygulanabilir. \u00a0 Solvent i\u00e7ermez H\u0131zl\u0131 uygulanan \u2013 2 bile\u015fenli makineyle, s\u0131cak ve p\u00fcsk\u00fcrt\u00fclerek uygunan H\u0131zl\u0131 k\u00fcrlenen \u2013 son kat kaplama yakla\u015f\u0131k 10 dakika sonra uygulanabilir \u00a0 \u00a0 \u00a0 \u00a0 \u00a0 \u00a0 \u00a0 \u00a0 \u00a0 \u00a0 Kullan\u0131m\u00a0 D\u00fcz ve e\u011fimli \u00e7at\u0131larda son kat kaplama ile UV etkisinden koruyarak su yal\u0131t\u0131m membran\u0131 olarak Bitki ve zorlu detay uygulamalar\u0131n\u0131n alt\u0131nda su yal\u0131t\u0131m membrane olarak Trafik y\u00fck\u00fc olmayan di\u011fer beton yap\u0131larda UV etkisinden koruyan son kat uygulamas\u0131 durumunda su yal\u0131t\u0131m membran\u0131 olarak \u00a0Teknik D\u00f6k\u00fcmanlar: \u00a0 \u00a0 \u00a0Teknik Bilgi F\u00f6y\u00fc (TBF) \u00a0<\/p>\n","protected":false},"author":3,"featured_media":0,"parent":0,"menu_order":0,"comment_status":"closed","ping_status":"closed","template":"page-full.php","meta":{"_joinchat":[],"footnotes":""},"class_list":["post-13239","page","type-page","status-publish","hentry"],"_links":{"self":[{"href":"https:\/\/etkiinsaat.com.tr\/index.php?rest_route=\/wp\/v2\/pages\/13239","targetHints":{"allow":["GET"]}}],"collection":[{"href":"https:\/\/etkiinsaat.com.tr\/index.php?rest_route=\/wp\/v2\/pages"}],"about":[{"href":"https:\/\/etkiinsaat.com.tr\/index.php?rest_route=\/wp\/v2\/types\/page"}],"author":[{"embeddable":true,"href":"https:\/\/etkiinsaat.com.tr\/index.php?rest_route=\/wp\/v2\/users\/3"}],"replies":[{"embeddable":true,"href":"https:\/\/etkiinsaat.com.tr\/index.php?rest_route=%2Fwp%2Fv2%2Fcomments&post=13239"}],"version-history":[{"count":4,"href":"https:\/\/etkiinsaat.com.tr\/index.php?rest_route=\/wp\/v2\/pages\/13239\/revisions"}],"predecessor-version":[{"id":13243,"href":"https:\/\/etkiinsaat.com.tr\/index.php?rest_route=\/wp\/v2\/pages\/13239\/revisions\/13243"}],"wp:attachment":[{"href":"https:\/\/etkiinsaat.com.tr\/index.php?rest_route=%2Fwp%2Fv2%2Fmedia&parent=13239"}],"curies":[{"name":"wp","href":"https:\/\/api.w.org\/{rel}","templated":true}]}}