{"id":13822,"date":"2023-09-22T23:01:00","date_gmt":"2023-09-22T20:01:00","guid":{"rendered":"https:\/\/etkiinsaat.com.tr\/?page_id=13822"},"modified":"2023-09-22T23:01:48","modified_gmt":"2023-09-22T20:01:48","slug":"sikaceram-205-all-plus","status":"publish","type":"page","link":"https:\/\/etkiinsaat.com.tr\/?page_id=13822","title":{"rendered":"SikaCeram\u00ae-205 All Plus"},"content":{"rendered":"\t\t<div data-elementor-type=\"wp-page\" data-elementor-id=\"13822\" class=\"elementor elementor-13822\">\n\t\t\t\t\t\t<section class=\"elementor-section elementor-top-section elementor-element elementor-element-1d6a316 elementor-section-boxed elementor-section-height-default elementor-section-height-default\" data-id=\"1d6a316\" data-element_type=\"section\" data-e-type=\"section\">\n\t\t\t\t\t\t<div class=\"elementor-container elementor-column-gap-default\">\n\t\t\t\t\t<div class=\"elementor-column elementor-col-33 elementor-top-column elementor-element elementor-element-01d3c48\" data-id=\"01d3c48\" data-element_type=\"column\" data-e-type=\"column\">\n\t\t\t<div class=\"elementor-widget-wrap elementor-element-populated\">\n\t\t\t\t\t\t<div class=\"elementor-element elementor-element-9c90f50 elementor-widget elementor-widget-heading\" data-id=\"9c90f50\" data-element_type=\"widget\" data-e-type=\"widget\" data-widget_type=\"heading.default\">\n\t\t\t\t<div class=\"elementor-widget-container\">\n\t\t\t\t\t<h2 class=\"elementor-heading-title elementor-size-default\">SikaCeram\u00ae-205 All Plus<\/h2>\t\t\t\t<\/div>\n\t\t\t\t<\/div>\n\t\t\t\t<div class=\"elementor-element elementor-element-6bdf3be elementor-widget elementor-widget-image\" data-id=\"6bdf3be\" data-element_type=\"widget\" data-e-type=\"widget\" data-widget_type=\"image.default\">\n\t\t\t\t<div class=\"elementor-widget-container\">\n\t\t\t\t\t\t\t\t\t\t\t\t\t\t\t<img fetchpriority=\"high\" decoding=\"async\" width=\"320\" height=\"277\" src=\"https:\/\/etkiinsaat.com.tr\/wp-content\/uploads\/2023\/09\/Sika_NoClaim_pos_rgb_mobile.webp\" class=\"attachment-full size-full wp-image-13012\" alt=\"\" srcset=\"https:\/\/etkiinsaat.com.tr\/wp-content\/uploads\/2023\/09\/Sika_NoClaim_pos_rgb_mobile.webp 320w, https:\/\/etkiinsaat.com.tr\/wp-content\/uploads\/2023\/09\/Sika_NoClaim_pos_rgb_mobile-300x260.webp 300w, https:\/\/etkiinsaat.com.tr\/wp-content\/uploads\/2023\/09\/Sika_NoClaim_pos_rgb_mobile-232x201.webp 232w, https:\/\/etkiinsaat.com.tr\/wp-content\/uploads\/2023\/09\/Sika_NoClaim_pos_rgb_mobile-116x100.webp 116w\" sizes=\"(max-width: 320px) 100vw, 320px\" \/>\t\t\t\t\t\t\t\t\t\t\t\t\t\t\t<\/div>\n\t\t\t\t<\/div>\n\t\t\t\t<div class=\"elementor-element elementor-element-c7500c6 elementor-widget elementor-widget-text-editor\" data-id=\"c7500c6\" data-element_type=\"widget\" data-e-type=\"widget\" data-widget_type=\"text-editor.default\">\n\t\t\t\t<div class=\"elementor-widget-container\">\n\t\t\t\t\t\t\t\t\t<p><strong>AMBALAJ<\/strong><\/p><p>25 kg kraft torba<\/p>\t\t\t\t\t\t\t\t<\/div>\n\t\t\t\t<\/div>\n\t\t\t\t\t<\/div>\n\t\t<\/div>\n\t\t\t\t<div class=\"elementor-column elementor-col-66 elementor-top-column elementor-element elementor-element-1451a37\" data-id=\"1451a37\" data-element_type=\"column\" data-e-type=\"column\">\n\t\t\t<div class=\"elementor-widget-wrap elementor-element-populated\">\n\t\t\t\t\t\t<div class=\"elementor-element elementor-element-fdc96c5 elementor-widget elementor-widget-text-editor\" data-id=\"fdc96c5\" data-element_type=\"widget\" data-e-type=\"widget\" data-widget_type=\"text-editor.default\">\n\t\t\t\t<div class=\"elementor-widget-container\">\n\t\t\t\t\t\t\t\t\t<p style=\"margin-right: 0px; margin-bottom: 10px; margin-left: 0px; line-height: 24px; color: #444444; font-family: 'Open Sans', sans-serif; font-size: 14px;\"><span style=\"font-weight: 600;\">Tan\u0131m\u0131:\u00a0<\/span><\/p><ul style=\"box-sizing: inherit; margin-right: 0px; margin-bottom: 0px; margin-left: 1.25rem; padding: 0px; list-style-position: outside; line-height: 1.45; list-style-type: square; color: #000000; font-family: 'Klavika Light';\"><li style=\"box-sizing: inherit; margin: 0px; padding: 0px;\"><div style=\"font-size: 1.3125rem; box-sizing: inherit; margin: 0px 0px 30px; padding: 0px;\"><div style=\"box-sizing: inherit; margin: 0px; padding: 0px;\"><div class=\"cmp-product__description cmp-font--light\" style=\"box-sizing: inherit; margin: 0px 0px 30px; padding: 0px; font-size: 1.3125rem;\"><div class=\"cmp-text\" style=\"box-sizing: inherit; margin: 0px; padding: 0px;\"><p class=\"cmp-text__paragraph cmp-line-clamp\" style=\"box-sizing: inherit; margin-right: 0px; margin-bottom: 1rem; margin-left: 0px; padding: 0px; font-size: 1.13125rem; line-height: 1.45; text-rendering: optimizelegibility; display: -webkit-box; -webkit-box-orient: vertical; overflow: hidden;\" data-lines=\"3\" data-read-more=\"Daha fazla oku\" data-read-less=\"Daha az oku\">SikaCeram\u00ae-205 All Plus, ince yatak metodu ile seramik yap\u0131\u015ft\u0131rmada kullan\u0131lan, su eklenerek kullan\u0131ma haz\u0131r hale gelen, y\u00fcksek performansl\u0131, esnek, \u00e7imento esasl\u0131 yap\u0131\u015ft\u0131rma harc\u0131d\u0131r.<\/p><\/div><\/div><div class=\"cmp-product__attributes\" style=\"box-sizing: inherit; margin: 0px; padding: 0px; font-size: 1.3125rem;\"><ul style=\"box-sizing: inherit; margin-right: 0px; margin-left: 0px; padding: 0px; list-style-position: outside; line-height: 1.45; list-style-type: none; font-size: 1.13125rem !important;\"><li style=\"box-sizing: inherit; margin: 0px; padding: 0px 0px 0px 34px; text-indent: -32px; font-size: 1.13125rem !important;\">CE s\u0131n\u0131f\u0131 C2TES1 (TS EN 12004)<\/li><li style=\"box-sizing: inherit; margin: 0px; padding: 0px 0px 0px 34px; text-indent: -32px; font-size: 1.13125rem !important;\">Uzat\u0131lm\u0131\u015f a\u00e7\u0131k bekletme s\u00fcresi &#8211; S\u0131n\u0131f E<\/li><li style=\"box-sizing: inherit; margin: 0px; padding: 0px 0px 0px 34px; text-indent: -32px; font-size: 1.13125rem !important;\">Bir \u00e7ok farkl\u0131 y\u00fczeye \u00e7ok iyi yap\u0131\u015fma (Beton, \u00e7imentolu har\u00e7, ta\u015f, tu\u011fla, mevcut kaplamalar vb.)<\/li><\/ul><\/div><\/div><\/div><div style=\"box-sizing: inherit; margin: 0px; padding: 0px;\">\u00a0<\/div><\/li><\/ul><div style=\"text-indent: -32px;\"><span style=\"color: #000000; font-family: Klavika Light;\"><span style=\"font-size: 18.1px;\">\u00a0 \u00a0 \u00a0 \u00a0 \u00a0 \u00a0 <strong>Kullan\u0131m<\/strong><\/span><\/span><\/div><div>\u00a0<\/div><ul style=\"box-sizing: inherit; margin-right: 0px; margin-bottom: 0px; margin-left: 1.25rem; padding: 0px; list-style-position: outside; line-height: 1.45; list-style-type: square; font-size: 18.1px; color: #000000; font-family: 'Klavika Light';\"><li style=\"box-sizing: inherit; margin: 0px; padding: 0px; font-size: 1.13125rem !important;\">Her tipte seramikler i\u00e7in;hatta b\u00fcy\u00fck ebatlardaki gres porselenler<\/li><li style=\"box-sizing: inherit; margin: 0px; padding: 0px; font-size: 1.13125rem !important;\">Suya hassas olmayan do\u011fal ta\u015flar\u0131n ve mermerlerin yap\u0131\u015ft\u0131r\u0131lmas\u0131nda<\/li><li style=\"box-sizing: inherit; margin: 0px; padding: 0px; font-size: 1.13125rem !important;\">\u0130\u00e7 mekanda duvar ve zeminlerde, d\u0131\u015f mekanda zeminlerde<\/li><li style=\"box-sizing: inherit; margin: 0px; padding: 0px; font-size: 1.13125rem !important;\">Su bazl\u0131 yerden \u0131s\u0131tma sistemlerine sahip zeminlerde<\/li><li style=\"box-sizing: inherit; margin: 0px; padding: 0px; font-size: 1.13125rem !important;\">\u0130\u00e7 mekanlarda eski seramiklerin \u00fczerine seramik yap\u0131\u015ft\u0131r\u0131lmas\u0131nda<\/li><li style=\"box-sizing: inherit; margin: 0px; padding: 0px; font-size: 1.13125rem !important;\">Y\u00fcksek performans gerektiren; y\u00fczme havuzu,end\u00fcstriyel ve y\u00fcksek trafik hacmi olan zeminlerde<\/li><li style=\"box-sizing: inherit; margin: 0px; padding: 0px; font-size: 1.13125rem !important;\">Polistren, poli\u00fcretan k\u00f6p\u00fck, cam y\u00fcn\u00fc ve ta\u015f y\u00fcn\u00fc gibi \u0131s\u0131 yal\u0131t\u0131m panellerinin yap\u0131\u015ft\u0131r\u0131lmas\u0131nda<\/li><\/ul><p><span style=\"color: #000000; font-family: 'Klavika Light'; font-size: 18.1px;\">\u00a0<\/span><\/p><div>\u00a0<\/div><div style=\"color: #444444; font-family: 'Open Sans', sans-serif; font-size: 14px;\"><div>\u00a0<\/div><\/div><div><div><span style=\"color: #444444; font-family: 'Open Sans', sans-serif;\"><span style=\"font-size: 14px;\"><span style=\"font-weight: bold;\">Teknik D\u00f6k\u00fcmanlar:<\/span><\/span><\/span><\/div><p><a href=\"https:\/\/tur.sika.com\/content\/dam\/dms\/tr01\/k\/sikaceram_-205_allplus.pdf\"><span style=\"font-weight: bolder;\">\u00a0 \u00a0 \u00a0<img decoding=\"async\" src=\"http:\/\/etkiinsaat.com.tr\/wp-content\/uploads\/2023\/09\/pdf-300x300.png\" alt=\"\" width=\"31\" height=\"31\" \/>Teknik Bilgi F\u00f6y\u00fc (TBF)<\/span><\/a><\/p><p>\u00a0<\/p><\/div>\t\t\t\t\t\t\t\t<\/div>\n\t\t\t\t<\/div>\n\t\t\t\t\t<\/div>\n\t\t<\/div>\n\t\t\t\t\t<\/div>\n\t\t<\/section>\n\t\t\t\t<\/div>\n\t\t","protected":false},"excerpt":{"rendered":"<p>SikaCeram\u00ae-205 All Plus AMBALAJ 25 kg kraft torba Tan\u0131m\u0131:\u00a0 SikaCeram\u00ae-205 All Plus, ince yatak metodu ile seramik yap\u0131\u015ft\u0131rmada kullan\u0131lan, su eklenerek kullan\u0131ma haz\u0131r hale gelen, y\u00fcksek performansl\u0131, esnek, \u00e7imento esasl\u0131 yap\u0131\u015ft\u0131rma harc\u0131d\u0131r. CE s\u0131n\u0131f\u0131 C2TES1 (TS EN 12004) Uzat\u0131lm\u0131\u015f a\u00e7\u0131k bekletme s\u00fcresi &#8211; S\u0131n\u0131f E Bir \u00e7ok farkl\u0131 y\u00fczeye \u00e7ok iyi yap\u0131\u015fma (Beton, \u00e7imentolu har\u00e7, ta\u015f, tu\u011fla, mevcut kaplamalar vb.) \u00a0 \u00a0 \u00a0 \u00a0 \u00a0 \u00a0 \u00a0 Kullan\u0131m\u00a0 Her tipte seramikler i\u00e7in;hatta b\u00fcy\u00fck ebatlardaki gres porselenler Suya hassas olmayan do\u011fal ta\u015flar\u0131n ve mermerlerin yap\u0131\u015ft\u0131r\u0131lmas\u0131nda \u0130\u00e7 mekanda duvar ve zeminlerde, d\u0131\u015f mekanda zeminlerde Su bazl\u0131 yerden \u0131s\u0131tma sistemlerine sahip zeminlerde \u0130\u00e7 mekanlarda eski seramiklerin \u00fczerine seramik yap\u0131\u015ft\u0131r\u0131lmas\u0131nda Y\u00fcksek performans gerektiren; y\u00fczme havuzu,end\u00fcstriyel ve y\u00fcksek trafik hacmi olan zeminlerde Polistren, poli\u00fcretan k\u00f6p\u00fck, cam y\u00fcn\u00fc ve ta\u015f y\u00fcn\u00fc gibi \u0131s\u0131 yal\u0131t\u0131m panellerinin yap\u0131\u015ft\u0131r\u0131lmas\u0131nda \u00a0 \u00a0\u00a0Teknik D\u00f6k\u00fcmanlar: \u00a0 \u00a0 \u00a0Teknik Bilgi F\u00f6y\u00fc (TBF) \u00a0<\/p>\n","protected":false},"author":3,"featured_media":0,"parent":0,"menu_order":0,"comment_status":"closed","ping_status":"closed","template":"page-full.php","meta":{"_joinchat":[],"footnotes":""},"class_list":["post-13822","page","type-page","status-publish","hentry"],"_links":{"self":[{"href":"https:\/\/etkiinsaat.com.tr\/index.php?rest_route=\/wp\/v2\/pages\/13822","targetHints":{"allow":["GET"]}}],"collection":[{"href":"https:\/\/etkiinsaat.com.tr\/index.php?rest_route=\/wp\/v2\/pages"}],"about":[{"href":"https:\/\/etkiinsaat.com.tr\/index.php?rest_route=\/wp\/v2\/types\/page"}],"author":[{"embeddable":true,"href":"https:\/\/etkiinsaat.com.tr\/index.php?rest_route=\/wp\/v2\/users\/3"}],"replies":[{"embeddable":true,"href":"https:\/\/etkiinsaat.com.tr\/index.php?rest_route=%2Fwp%2Fv2%2Fcomments&post=13822"}],"version-history":[{"count":4,"href":"https:\/\/etkiinsaat.com.tr\/index.php?rest_route=\/wp\/v2\/pages\/13822\/revisions"}],"predecessor-version":[{"id":13826,"href":"https:\/\/etkiinsaat.com.tr\/index.php?rest_route=\/wp\/v2\/pages\/13822\/revisions\/13826"}],"wp:attachment":[{"href":"https:\/\/etkiinsaat.com.tr\/index.php?rest_route=%2Fwp%2Fv2%2Fmedia&parent=13822"}],"curies":[{"name":"wp","href":"https:\/\/api.w.org\/{rel}","templated":true}]}}