{"id":14260,"date":"2023-09-28T22:07:15","date_gmt":"2023-09-28T19:07:15","guid":{"rendered":"https:\/\/etkiinsaat.com.tr\/?page_id=14260"},"modified":"2023-09-29T18:54:13","modified_gmt":"2023-09-29T15:54:13","slug":"teknofay-superflex-2k-seramik-yapistirici","status":"publish","type":"page","link":"https:\/\/etkiinsaat.com.tr\/?page_id=14260","title":{"rendered":"Teknofay S\u00fcperflex 2K Seramik Yap\u0131\u015ft\u0131r\u0131c\u0131"},"content":{"rendered":"\t\t<div data-elementor-type=\"wp-page\" data-elementor-id=\"14260\" class=\"elementor elementor-14260\">\n\t\t\t\t\t\t<section class=\"elementor-section elementor-top-section elementor-element elementor-element-44bf7b9 elementor-section-boxed elementor-section-height-default elementor-section-height-default\" data-id=\"44bf7b9\" data-element_type=\"section\" data-e-type=\"section\">\n\t\t\t\t\t\t<div class=\"elementor-container elementor-column-gap-default\">\n\t\t\t\t\t<div class=\"elementor-column elementor-col-33 elementor-top-column elementor-element elementor-element-98885ca\" data-id=\"98885ca\" data-element_type=\"column\" data-e-type=\"column\">\n\t\t\t<div class=\"elementor-widget-wrap elementor-element-populated\">\n\t\t\t\t\t\t<div class=\"elementor-element elementor-element-a10ed6f elementor-widget elementor-widget-heading\" data-id=\"a10ed6f\" data-element_type=\"widget\" data-e-type=\"widget\" data-widget_type=\"heading.default\">\n\t\t\t\t<div class=\"elementor-widget-container\">\n\t\t\t\t\t<h2 class=\"elementor-heading-title elementor-size-default\">Teknofay S\u00fcperflex 2K Seramik Yap\u0131\u015ft\u0131r\u0131c\u0131\n<\/h2>\t\t\t\t<\/div>\n\t\t\t\t<\/div>\n\t\t\t\t<div class=\"elementor-element elementor-element-2519243 elementor-widget elementor-widget-image\" data-id=\"2519243\" data-element_type=\"widget\" data-e-type=\"widget\" data-widget_type=\"image.default\">\n\t\t\t\t<div class=\"elementor-widget-container\">\n\t\t\t\t\t\t\t\t\t\t\t\t\t\t\t<img fetchpriority=\"high\" decoding=\"async\" width=\"250\" height=\"250\" src=\"https:\/\/etkiinsaat.com.tr\/wp-content\/uploads\/2023\/09\/thumb_teknofay_superflex_2kjpg20201104030241.jpg\" class=\"attachment-full size-full wp-image-14262\" alt=\"\" srcset=\"https:\/\/etkiinsaat.com.tr\/wp-content\/uploads\/2023\/09\/thumb_teknofay_superflex_2kjpg20201104030241.jpg 250w, https:\/\/etkiinsaat.com.tr\/wp-content\/uploads\/2023\/09\/thumb_teknofay_superflex_2kjpg20201104030241-150x150.jpg 150w, https:\/\/etkiinsaat.com.tr\/wp-content\/uploads\/2023\/09\/thumb_teknofay_superflex_2kjpg20201104030241-201x201.jpg 201w, https:\/\/etkiinsaat.com.tr\/wp-content\/uploads\/2023\/09\/thumb_teknofay_superflex_2kjpg20201104030241-100x100.jpg 100w\" sizes=\"(max-width: 250px) 100vw, 250px\" \/>\t\t\t\t\t\t\t\t\t\t\t\t\t\t\t<\/div>\n\t\t\t\t<\/div>\n\t\t\t\t<div class=\"elementor-element elementor-element-2382c94 elementor-widget elementor-widget-text-editor\" data-id=\"2382c94\" data-element_type=\"widget\" data-e-type=\"widget\" data-widget_type=\"text-editor.default\">\n\t\t\t\t<div class=\"elementor-widget-container\">\n\t\t\t\t\t\t\t\t\t<div style=\"color: #1c1b1b;\"><span style=\"color: #444444; font-family: 'Open Sans', sans-serif;\"><span style=\"font-size: 14px;\"><span style=\"font-weight: bold;\">Teknik D\u00f6k\u00fcmanlar:<\/span><\/span><\/span><\/div><p><a href=\"https:\/\/tur.sika.com\/content\/dam\/dms\/tr01\/g\/sikaseal_crystalsg.pdf\"><span style=\"font-weight: bolder;\">\u00a0 \u00a0 \u00a0<img decoding=\"async\" src=\"http:\/\/etkiinsaat.com.tr\/wp-content\/uploads\/2023\/09\/pdf-300x300.png\" alt=\"\" width=\"31\" height=\"31\" \/><\/span><\/a><a title=\"TDS Teknik Dok\u00fcman Sayfas\u0131\" href=\"https:\/\/teknoyapi.com.tr\/documents\/TDS-teknofay-superflex-2k.pdf\" target=\"_blank\" rel=\"noopener\"><span style=\"color: red; font-size: small;\"><span style=\"font-weight: bold;\">TDS Teknik Dok\u00fcman Sayfas\u0131<\/span><\/span>\u00a0<\/a>\u00a0\u00a0<\/p><p><a href=\"https:\/\/tur.sika.com\/content\/dam\/dms\/tr01\/d\/sikalastic_-1k_tr.pdf\"><span style=\"font-weight: bolder;\">\u00a0 \u00a0 \u00a0<img decoding=\"async\" src=\"http:\/\/etkiinsaat.com.tr\/wp-content\/uploads\/2023\/09\/pdf-300x300.png\" alt=\"\" width=\"31\" height=\"31\" \/><\/span><\/a><a title=\"TSE Belgesi\" href=\"https:\/\/teknoyapi.com.tr\/documents\/TSE-teknofay-superflex-2k.pdf\" target=\"_blank\" rel=\"noopener\"><span style=\"color: red; font-size: small;\"><span style=\"font-weight: bold;\">TSE Belgesi<\/span><\/span>\u00a0<\/a>\u00a0\u00a0<\/p>\t\t\t\t\t\t\t\t<\/div>\n\t\t\t\t<\/div>\n\t\t\t\t\t<\/div>\n\t\t<\/div>\n\t\t\t\t<div class=\"elementor-column elementor-col-66 elementor-top-column elementor-element elementor-element-6e6cf0d\" data-id=\"6e6cf0d\" data-element_type=\"column\" data-e-type=\"column\">\n\t\t\t<div class=\"elementor-widget-wrap elementor-element-populated\">\n\t\t\t\t\t\t<div class=\"elementor-element elementor-element-05dbfa9 elementor-widget elementor-widget-image\" data-id=\"05dbfa9\" data-element_type=\"widget\" data-e-type=\"widget\" data-widget_type=\"image.default\">\n\t\t\t\t<div class=\"elementor-widget-container\">\n\t\t\t\t\t\t\t\t\t\t\t\t\t\t\t<img decoding=\"async\" width=\"641\" height=\"251\" src=\"https:\/\/etkiinsaat.com.tr\/wp-content\/uploads\/2023\/09\/yap_t_r_c_lar.jpg\" class=\"attachment-full size-full wp-image-14238\" alt=\"\" srcset=\"https:\/\/etkiinsaat.com.tr\/wp-content\/uploads\/2023\/09\/yap_t_r_c_lar.jpg 641w, https:\/\/etkiinsaat.com.tr\/wp-content\/uploads\/2023\/09\/yap_t_r_c_lar-300x117.jpg 300w, https:\/\/etkiinsaat.com.tr\/wp-content\/uploads\/2023\/09\/yap_t_r_c_lar-303x119.jpg 303w, https:\/\/etkiinsaat.com.tr\/wp-content\/uploads\/2023\/09\/yap_t_r_c_lar-606x237.jpg 606w, https:\/\/etkiinsaat.com.tr\/wp-content\/uploads\/2023\/09\/yap_t_r_c_lar-530x208.jpg 530w, https:\/\/etkiinsaat.com.tr\/wp-content\/uploads\/2023\/09\/yap_t_r_c_lar-450x176.jpg 450w, https:\/\/etkiinsaat.com.tr\/wp-content\/uploads\/2023\/09\/yap_t_r_c_lar-500x196.jpg 500w, https:\/\/etkiinsaat.com.tr\/wp-content\/uploads\/2023\/09\/yap_t_r_c_lar-150x59.jpg 150w\" sizes=\"(max-width: 641px) 100vw, 641px\" \/>\t\t\t\t\t\t\t\t\t\t\t\t\t\t\t<\/div>\n\t\t\t\t<\/div>\n\t\t\t\t<div class=\"elementor-element elementor-element-e2f49d1 elementor-widget elementor-widget-text-editor\" data-id=\"e2f49d1\" data-element_type=\"widget\" data-e-type=\"widget\" data-widget_type=\"text-editor.default\">\n\t\t\t\t<div class=\"elementor-widget-container\">\n\t\t\t\t\t\t\t\t\t<p style=\"margin-right: 0px; margin-bottom: 10px; margin-left: 0px; line-height: 24px; color: #444444; font-family: 'Open Sans', sans-serif; font-size: 14px;\"><span style=\"font-weight: 600;\">Tan\u0131m\u0131:&nbsp;<\/span><\/p>\n<p style=\"margin-right: 0px; margin-bottom: 10px; margin-left: 0px; line-height: 24px; color: #444444; font-family: 'Open Sans', sans-serif; font-size: 14px;\"><span style=\"color: #000000; font-family: roboto, Verdana; font-weight: var( --e-global-typography-text-font-weight ); text-align: var(--bs-body-text-align);\">\u0130ki bile\u015fenli, \u00e7imento esasl\u0131, y\u00fcksek performansl\u0131, uzun \u00e7al\u0131\u015fma s\u00fcresine sahip, \u00e7ok esnek, kayma \u00f6zelli\u011fi azalt\u0131lm\u0131\u015f yap\u0131\u015ft\u0131r\u0131c\u0131d\u0131r.<\/span><span style=\"color: #000000; font-weight: var( --e-global-typography-text-font-weight ); text-align: var(--bs-body-text-align); text-indent: -32px; font-size: 1.13125rem; font-family: 'Klavika Light';\">&nbsp;<\/span><\/p>\n<div style=\"text-indent: -32px;\"><span style=\"color: #000000; font-family: Klavika Light;\"><span style=\"font-size: 18.1px;\">&nbsp; &nbsp; &nbsp; &nbsp; &nbsp; &nbsp; <strong>Kullan\u0131m<\/strong><\/span><\/span><\/div>\n<div><span style=\"color: #000000; font-family: roboto, Verdana; font-size: 14px;\">\u2022&nbsp;<\/span><span style=\"color: #000000; font-family: roboto, Verdana; font-size: 14px; font-weight: var( --e-global-typography-text-font-weight ); text-align: var(--bs-body-text-align);\">Binalar\u0131n d\u0131\u015f cephelerine 30 m y\u00fcksekli\u011fe kadar seramik, granit, porselen seramik, mermer gibi kaplama malzemelerinin g\u00fcvenle yap\u0131\u015ft\u0131r\u0131lmas\u0131nda kullan\u0131l\u0131r.<\/span><\/div>\n<p><span style=\"outline: 0px; margin: 0px; padding: 0px; border: 0px; font-size: 14px; vertical-align: baseline; background: 0px 0px; color: #000000; font-family: roboto, Verdana;\">\u2022&nbsp;<\/span><span style=\"color: #000000; font-family: roboto, Verdana; font-size: 14px;\">D\u0131\u015f cephelerde 15 m y\u00fckse\u011fe kadar 60&#215;60 cm &#8216;den, 30 m y\u00fckse\u011fe kadar 40&#215;40 cm ebad\u0131ndan b\u00fcy\u00fck kaplama malzemelerinin yap\u0131\u015ft\u0131r\u0131lmas\u0131nda kullan\u0131lmamal\u0131d\u0131r.<\/span><br style=\"outline: none; color: #000000; font-family: roboto, Verdana; font-size: 14px;\"><span style=\"color: #000000; font-family: roboto, Verdana; font-size: 14px;\">\u2022 \u0130\u00e7 ve d\u0131\u015f mekanlarda, seramik, do\u011fal ta\u015f, traverten, dekoratif tu\u011fla, granit, porselen seramik, klinker, kotta gibi kaplama malzemelerinin yatay ve d\u00fc\u015feyde beton, s\u0131va, \u015fap gibi y\u00fczeyler \u00fczerine uygulanmas\u0131nda m\u00fckemmel sonu\u00e7 verir.<\/span><br style=\"outline: none; color: #000000; font-family: roboto, Verdana; font-size: 14px;\"><span style=\"color: #000000; font-family: roboto, Verdana; font-size: 14px;\">\u2022 Yo\u011fun yaya ve y\u00fck trafi\u011finin oldu\u011fu al\u0131\u015fveri\u015f-i\u015f merkezleri, hastane, okul gibi mekanlarda kullan\u0131l\u0131r.<\/span><\/p>\n<div>&nbsp;<strong style=\"background: 0px 0px; text-align: var(--bs-body-text-align); outline: 0px; margin: 0px; padding: 0px; border: 0px; font-size: 14px; vertical-align: baseline; color: rgb(0, 0, 0); font-family: roboto, Verdana;\">\u00d6zellikleri ve Avantajlar\u0131<\/strong><\/div><span style=\"color: rgb(0, 0, 0); font-family: roboto, Verdana; font-size: 14px;\">\u2022 Y\u00fcksek yap\u0131\u015fma g\u00fcc\u00fcne sahiptir.<\/span><br style=\"outline: none; color: rgb(0, 0, 0); font-family: roboto, Verdana; font-size: 14px;\"><span style=\"color: rgb(0, 0, 0); font-family: roboto, Verdana; font-size: 14px;\">\u2022 S2 s\u0131n\u0131f\u0131 esneklik \u00f6zelli\u011fi sayesinde ani \u0131s\u0131 de\u011fi\u015fimleri sebebiyle olu\u015fan y\u00fczey gerilimlerine dayan\u0131kl\u0131d\u0131r.<\/span><br style=\"outline: none; color: rgb(0, 0, 0); font-family: roboto, Verdana; font-size: 14px;\"><span style=\"color: rgb(0, 0, 0); font-family: roboto, Verdana; font-size: 14px;\">\u2022 Her t\u00fcrl\u00fc iklim ko\u015fullar\u0131na dayan\u0131kl\u0131d\u0131r.<\/span><br style=\"outline: none; color: rgb(0, 0, 0); font-family: roboto, Verdana; font-size: 14px;\"><span style=\"color: rgb(0, 0, 0); font-family: roboto, Verdana; font-size: 14px;\">\u2022 D\u00fc\u015fey y\u00fczey uygulamalar\u0131nda kayma yapmaz .<\/span><br style=\"outline: none; color: rgb(0, 0, 0); font-family: roboto, Verdana; font-size: 14px;\"><span style=\"color: rgb(0, 0, 0); font-family: roboto, Verdana; font-size: 14px;\">\u2022 Uzun \u00e7al\u0131\u015fma s\u00fcresine sahiptir.<\/span><br style=\"outline: none; color: rgb(0, 0, 0); font-family: roboto, Verdana; font-size: 14px;\"><span style=\"color: rgb(0, 0, 0); font-family: roboto, Verdana; font-size: 14px;\">\u2022 Kolay taraklanabilir.<\/span><br style=\"outline: none; color: rgb(0, 0, 0); font-family: roboto, Verdana; font-size: 14px;\"><br style=\"outline: none; color: rgb(0, 0, 0); font-family: roboto, Verdana; font-size: 14px;\"><strong style=\"outline: 0px; margin: 0px; padding: 0px; border: 0px; font-size: 14px; vertical-align: baseline; background: 0px 0px; color: rgb(0, 0, 0); font-family: roboto, Verdana;\">Uygulama Talimatlar\u0131<\/strong><br style=\"outline: none; color: rgb(0, 0, 0); font-family: roboto, Verdana; font-size: 14px;\"><span style=\"color: rgb(0, 0, 0); font-family: roboto, Verdana; font-size: 14px;\">Y\u00fczey kalitesi: Y\u00fczey, yap\u0131\u015fmay\u0131 \u00f6nleyecek kal\u0131nt\u0131lardan ar\u0131nd\u0131r\u0131lmal\u0131d\u0131r. Y\u00fczeyin k\u00fcr\u00fcn\u00fc alm\u0131\u015f ve sa\u011flam olmas\u0131na dikkat edilmelidir. Uygulama yap\u0131lacak y\u00fczeyde bozukluklar TEKNOREP ile d\u00fczeltilmelidir.<\/span><br style=\"outline: none; color: rgb(0, 0, 0); font-family: roboto, Verdana; font-size: 14px;\"><br style=\"outline: none; color: rgb(0, 0, 0); font-family: roboto, Verdana; font-size: 14px;\"><span style=\"color: rgb(0, 0, 0); font-family: roboto, Verdana; font-size: 14px;\">Y\u00fczey haz\u0131rl\u0131\u011f\u0131: Seramik arkas\u0131ndaki tozlu y\u00fczey nemlendirilerek silinmelidir.<\/span><br style=\"outline: none; color: rgb(0, 0, 0); font-family: roboto, Verdana; font-size: 14px;\"><br style=\"outline: none; color: rgb(0, 0, 0); font-family: roboto, Verdana; font-size: 14px;\"><span style=\"color: rgb(0, 0, 0); font-family: roboto, Verdana; font-size: 14px;\">Kar\u0131\u015ft\u0131rma i\u015flemi: 25 kg TEKNOFAY S\u00dcPERFLEX, s\u0131v\u0131 bile\u015fen \u00fczerine yava\u015f\u00e7a bo\u015falt\u0131lmal\u0131 ve homojen bir kar\u0131\u015f\u0131m elde edilinceye kadar kar\u0131\u015ft\u0131r\u0131lmal\u0131d\u0131r. Kar\u0131\u015f\u0131m d\u00fc\u015f\u00fck devirli mikser ile yap\u0131lmal\u0131d\u0131r. S\u0131v\u0131 bile\u015fene su eklenmemelidir. Haz\u0131rlanan har\u00e7, olgunla\u015fmas\u0131 i\u00e7in 5-1O dakika dinlendirilmelidir. Uygulamaya ba\u015flamadan \u00f6nce 1-2 dakika tekrar kar\u0131\u015ft\u0131r\u0131lmal\u0131d\u0131r. D\u0131\u015f cephe uygulamalar\u0131nda kombine yap\u0131\u015ft\u0131rma y\u00f6ntemi tercih edilmelidir. Karolar, 30 dakika i\u00e7erisinde taraklanan har\u00e7 \u00fczerine kuvvet uygulanarak yap\u0131\u015ft\u0131r\u0131lmal\u0131d\u0131r. Y\u00fcksek s\u0131cakl\u0131k, d\u00fc\u015f\u00fck nem, r\u00fczgar gibi uygun olmayan ortam \u015fartlar\u0131nda yap\u0131lan uygulamalarda bu s\u00fcre k\u0131salabilir. S\u00fcresi dolan harc\u0131n \u00fczerine yap\u0131\u015ft\u0131rma i\u015flemi yap\u0131lmamal\u0131, har\u00e7 y\u00fczeyden kaz\u0131nmal\u0131d\u0131r. B\u00fcy\u00fck ebatl\u0131 kaplama malzemeleri yatay do\u011frultuda yap\u0131\u015ft\u0131r\u0131lmal\u0131d\u0131r ve bitirilen s\u0131ra ilk mukavemetini almadan bir \u00fcst s\u0131raya ge\u00e7ilmemelidir. Kaptaki kullan\u0131m s\u00fcresi ge\u00e7mi\u015f veya kabukla\u015fm\u0131\u015f har\u00e7 at\u0131lmal\u0131d\u0131r. Uygulamadan sonra eller ve uygulama aletleri bol su ile y\u0131kanmal\u0131d\u0131r. Y\u00fczeyler nemli bez ile temizlenmelidir. TEKNOFAY S\u00dcPERFLEX ile yap\u0131\u015ft\u0131r\u0131lan karolar\u0131n en az 24 saat direkt su ile temas\u0131ndan ka\u00e7\u0131n\u0131lmal\u0131d\u0131r.<\/span><div style=\"outline: 0px; margin: 0px; padding: 0px; border: 0px; font-size: 14px; vertical-align: baseline; background: 0px 0px; color: rgb(0, 0, 0); font-family: roboto, Verdana;\"><br style=\"outline: none;\"><strong style=\"outline: 0px; margin: 0px; padding: 0px; border: 0px; vertical-align: baseline; background: 0px 0px;\">Uygulama Notlar\u0131 \/ S\u0131n\u0131rlamalar<\/strong><br style=\"outline: none;\">\u2022 Toz bile\u015fen \u00e7imento esasl\u0131 oldu\u011fundan tozunu solumay\u0131n\u0131z, cilde ve g\u00f6ze temas ettirmeyiniz. Daha ayr\u0131nt\u0131l\u0131 bilgi i\u00e7in G\u00fcvenlik Bilgi Formuna ba\u015fvurunuz.<br style=\"outline: none;\">\u2022 Belirtilen t\u00fcketim miktar\u0131 genel bir bilgidir. Uygulama ko\u015fullar\u0131 ve y\u00fczey \u00f6zelliklerine ba\u011fl\u0131 olarak de\u011fi\u015fkenlik g\u00f6sterebilir.<\/div>\n<div style=\"color: #444444; font-family: 'Open Sans', sans-serif; font-size: 14px;\">\n<div>&nbsp;<\/div>\n<\/div>\n<div>\n<div>&nbsp;<\/div>\n<\/div>\t\t\t\t\t\t\t\t<\/div>\n\t\t\t\t<\/div>\n\t\t\t\t\t<\/div>\n\t\t<\/div>\n\t\t\t\t\t<\/div>\n\t\t<\/section>\n\t\t\t\t<\/div>\n\t\t","protected":false},"excerpt":{"rendered":"<p>Teknofay S\u00fcperflex 2K Seramik Yap\u0131\u015ft\u0131r\u0131c\u0131 Teknik D\u00f6k\u00fcmanlar: \u00a0 \u00a0 \u00a0TDS Teknik Dok\u00fcman Sayfas\u0131\u00a0\u00a0\u00a0 \u00a0 \u00a0 \u00a0TSE Belgesi\u00a0\u00a0\u00a0 Tan\u0131m\u0131:&nbsp; \u0130ki bile\u015fenli, \u00e7imento esasl\u0131, y\u00fcksek performansl\u0131, uzun \u00e7al\u0131\u015fma s\u00fcresine sahip, \u00e7ok esnek, kayma \u00f6zelli\u011fi azalt\u0131lm\u0131\u015f yap\u0131\u015ft\u0131r\u0131c\u0131d\u0131r.&nbsp; &nbsp; &nbsp; &nbsp; &nbsp; &nbsp; &nbsp; Kullan\u0131m \u2022&nbsp;Binalar\u0131n d\u0131\u015f cephelerine 30 m y\u00fcksekli\u011fe kadar seramik, granit, porselen seramik, mermer gibi kaplama malzemelerinin g\u00fcvenle yap\u0131\u015ft\u0131r\u0131lmas\u0131nda kullan\u0131l\u0131r. \u2022&nbsp;D\u0131\u015f cephelerde 15 m y\u00fckse\u011fe kadar 60&#215;60 cm &#8216;den, 30 m y\u00fckse\u011fe kadar 40&#215;40 cm ebad\u0131ndan b\u00fcy\u00fck kaplama malzemelerinin yap\u0131\u015ft\u0131r\u0131lmas\u0131nda kullan\u0131lmamal\u0131d\u0131r.\u2022 \u0130\u00e7 ve d\u0131\u015f mekanlarda, seramik, do\u011fal ta\u015f, traverten, dekoratif tu\u011fla, granit, porselen seramik, klinker, kotta gibi kaplama malzemelerinin yatay ve d\u00fc\u015feyde beton, s\u0131va, \u015fap gibi y\u00fczeyler \u00fczerine uygulanmas\u0131nda m\u00fckemmel sonu\u00e7 verir.\u2022 Yo\u011fun yaya ve y\u00fck trafi\u011finin oldu\u011fu al\u0131\u015fveri\u015f-i\u015f merkezleri, hastane, okul gibi mekanlarda kullan\u0131l\u0131r. &nbsp;\u00d6zellikleri ve Avantajlar\u0131\u2022 Y\u00fcksek yap\u0131\u015fma g\u00fcc\u00fcne sahiptir.\u2022 S2 s\u0131n\u0131f\u0131 esneklik \u00f6zelli\u011fi sayesinde ani \u0131s\u0131 de\u011fi\u015fimleri sebebiyle olu\u015fan y\u00fczey gerilimlerine dayan\u0131kl\u0131d\u0131r.\u2022 Her t\u00fcrl\u00fc iklim ko\u015fullar\u0131na dayan\u0131kl\u0131d\u0131r.\u2022 D\u00fc\u015fey [&hellip;]<\/p>\n","protected":false},"author":3,"featured_media":0,"parent":0,"menu_order":0,"comment_status":"closed","ping_status":"closed","template":"page-full.php","meta":{"_joinchat":[],"footnotes":""},"class_list":["post-14260","page","type-page","status-publish","hentry"],"_links":{"self":[{"href":"https:\/\/etkiinsaat.com.tr\/index.php?rest_route=\/wp\/v2\/pages\/14260","targetHints":{"allow":["GET"]}}],"collection":[{"href":"https:\/\/etkiinsaat.com.tr\/index.php?rest_route=\/wp\/v2\/pages"}],"about":[{"href":"https:\/\/etkiinsaat.com.tr\/index.php?rest_route=\/wp\/v2\/types\/page"}],"author":[{"embeddable":true,"href":"https:\/\/etkiinsaat.com.tr\/index.php?rest_route=\/wp\/v2\/users\/3"}],"replies":[{"embeddable":true,"href":"https:\/\/etkiinsaat.com.tr\/index.php?rest_route=%2Fwp%2Fv2%2Fcomments&post=14260"}],"version-history":[{"count":7,"href":"https:\/\/etkiinsaat.com.tr\/index.php?rest_route=\/wp\/v2\/pages\/14260\/revisions"}],"predecessor-version":[{"id":14301,"href":"https:\/\/etkiinsaat.com.tr\/index.php?rest_route=\/wp\/v2\/pages\/14260\/revisions\/14301"}],"wp:attachment":[{"href":"https:\/\/etkiinsaat.com.tr\/index.php?rest_route=%2Fwp%2Fv2%2Fmedia&parent=14260"}],"curies":[{"name":"wp","href":"https:\/\/api.w.org\/{rel}","templated":true}]}}