{"id":14359,"date":"2023-09-29T20:44:55","date_gmt":"2023-09-29T17:44:55","guid":{"rendered":"https:\/\/etkiinsaat.com.tr\/?page_id=14359"},"modified":"2023-09-29T20:46:53","modified_gmt":"2023-09-29T17:46:53","slug":"teknoderz-ex-esnek-derz-dolgu","status":"publish","type":"page","link":"https:\/\/etkiinsaat.com.tr\/?page_id=14359","title":{"rendered":"Teknoderz Ex Esnek Derz Dolgu"},"content":{"rendered":"\t\t<div data-elementor-type=\"wp-page\" data-elementor-id=\"14359\" class=\"elementor elementor-14359\">\n\t\t\t\t\t\t<section class=\"elementor-section elementor-top-section elementor-element elementor-element-132d424 elementor-section-boxed elementor-section-height-default elementor-section-height-default\" data-id=\"132d424\" data-element_type=\"section\" data-e-type=\"section\">\n\t\t\t\t\t\t<div class=\"elementor-container elementor-column-gap-default\">\n\t\t\t\t\t<div class=\"elementor-column elementor-col-33 elementor-top-column elementor-element elementor-element-92b70f2\" data-id=\"92b70f2\" data-element_type=\"column\" data-e-type=\"column\">\n\t\t\t<div class=\"elementor-widget-wrap elementor-element-populated\">\n\t\t\t\t\t\t<div class=\"elementor-element elementor-element-cb739a9 elementor-widget elementor-widget-heading\" data-id=\"cb739a9\" data-element_type=\"widget\" data-e-type=\"widget\" data-widget_type=\"heading.default\">\n\t\t\t\t<div class=\"elementor-widget-container\">\n\t\t\t\t\t<h2 class=\"elementor-heading-title elementor-size-default\">Teknoderz Ex Esnek Derz Dolgu\n<\/h2>\t\t\t\t<\/div>\n\t\t\t\t<\/div>\n\t\t\t\t<div class=\"elementor-element elementor-element-73bff05 elementor-widget elementor-widget-image\" data-id=\"73bff05\" data-element_type=\"widget\" data-e-type=\"widget\" data-widget_type=\"image.default\">\n\t\t\t\t<div class=\"elementor-widget-container\">\n\t\t\t\t\t\t\t\t\t\t\t\t\t\t\t<img fetchpriority=\"high\" decoding=\"async\" width=\"250\" height=\"250\" src=\"https:\/\/etkiinsaat.com.tr\/wp-content\/uploads\/2023\/09\/168.jpg\" class=\"attachment-full size-full wp-image-14361\" alt=\"\" srcset=\"https:\/\/etkiinsaat.com.tr\/wp-content\/uploads\/2023\/09\/168.jpg 250w, https:\/\/etkiinsaat.com.tr\/wp-content\/uploads\/2023\/09\/168-150x150.jpg 150w, https:\/\/etkiinsaat.com.tr\/wp-content\/uploads\/2023\/09\/168-201x201.jpg 201w, https:\/\/etkiinsaat.com.tr\/wp-content\/uploads\/2023\/09\/168-100x100.jpg 100w\" sizes=\"(max-width: 250px) 100vw, 250px\" \/>\t\t\t\t\t\t\t\t\t\t\t\t\t\t\t<\/div>\n\t\t\t\t<\/div>\n\t\t\t\t<div class=\"elementor-element elementor-element-8c8af86 elementor-widget elementor-widget-text-editor\" data-id=\"8c8af86\" data-element_type=\"widget\" data-e-type=\"widget\" data-widget_type=\"text-editor.default\">\n\t\t\t\t<div class=\"elementor-widget-container\">\n\t\t\t\t\t\t\t\t\t<div style=\"color: #1c1b1b;\"><span style=\"color: #444444; font-family: 'Open Sans', sans-serif;\"><span style=\"font-size: 14px;\"><span style=\"font-weight: bold;\">Teknik D\u00f6k\u00fcmanlar:<\/span><\/span><\/span><\/div><p><a href=\"https:\/\/tur.sika.com\/content\/dam\/dms\/tr01\/g\/sikaseal_crystalsg.pdf\"><span style=\"font-weight: bolder;\">\u00a0 \u00a0 \u00a0<img decoding=\"async\" src=\"http:\/\/etkiinsaat.com.tr\/wp-content\/uploads\/2023\/09\/pdf-300x300.png\" alt=\"\" width=\"31\" height=\"31\" \/><\/span><\/a><a title=\"TDS Teknik Dok\u00fcman Sayfas\u0131\" href=\"https:\/\/teknoyapi.com.tr\/documents\/TDS-teknoderz-ex.pdf\" target=\"_blank\" rel=\"noopener\"><span style=\"color: red; font-size: small;\"><span style=\"font-weight: bold;\">TDS Teknik Dok\u00fcman Sayfas\u0131<\/span><\/span>\u00a0<\/a>\u00a0\u00a0<\/p><p><a href=\"https:\/\/tur.sika.com\/content\/dam\/dms\/tr01\/d\/sikalastic_-1k_tr.pdf\"><span style=\"font-weight: bolder;\">\u00a0 \u00a0 \u00a0<img decoding=\"async\" src=\"http:\/\/etkiinsaat.com.tr\/wp-content\/uploads\/2023\/09\/pdf-300x300.png\" alt=\"\" width=\"31\" height=\"31\" \/><\/span><\/a><a title=\"TSE Belgesi\" href=\"https:\/\/teknoyapi.com.tr\/documents\/TSE-teknoderz-ex.pdf\" target=\"_blank\" rel=\"noopener\"><span style=\"color: red; font-size: small;\"><span style=\"font-weight: bold;\">TSE Belgesi<\/span><\/span>\u00a0<\/a>\u00a0 \u00a0<\/p>\t\t\t\t\t\t\t\t<\/div>\n\t\t\t\t<\/div>\n\t\t\t\t\t<\/div>\n\t\t<\/div>\n\t\t\t\t<div class=\"elementor-column elementor-col-66 elementor-top-column elementor-element elementor-element-f2c04e1\" data-id=\"f2c04e1\" data-element_type=\"column\" data-e-type=\"column\">\n\t\t\t<div class=\"elementor-widget-wrap elementor-element-populated\">\n\t\t\t\t\t\t<div class=\"elementor-element elementor-element-de7eed4 elementor-widget elementor-widget-image\" data-id=\"de7eed4\" data-element_type=\"widget\" data-e-type=\"widget\" data-widget_type=\"image.default\">\n\t\t\t\t<div class=\"elementor-widget-container\">\n\t\t\t\t\t\t\t\t\t\t\t\t\t\t\t<img decoding=\"async\" width=\"640\" height=\"250\" src=\"https:\/\/etkiinsaat.com.tr\/wp-content\/uploads\/2023\/09\/165-2.jpg\" class=\"attachment-full size-full wp-image-14338\" alt=\"\" srcset=\"https:\/\/etkiinsaat.com.tr\/wp-content\/uploads\/2023\/09\/165-2.jpg 640w, https:\/\/etkiinsaat.com.tr\/wp-content\/uploads\/2023\/09\/165-2-300x117.jpg 300w, https:\/\/etkiinsaat.com.tr\/wp-content\/uploads\/2023\/09\/165-2-303x118.jpg 303w, https:\/\/etkiinsaat.com.tr\/wp-content\/uploads\/2023\/09\/165-2-606x237.jpg 606w, https:\/\/etkiinsaat.com.tr\/wp-content\/uploads\/2023\/09\/165-2-530x207.jpg 530w, https:\/\/etkiinsaat.com.tr\/wp-content\/uploads\/2023\/09\/165-2-450x176.jpg 450w, https:\/\/etkiinsaat.com.tr\/wp-content\/uploads\/2023\/09\/165-2-500x195.jpg 500w, https:\/\/etkiinsaat.com.tr\/wp-content\/uploads\/2023\/09\/165-2-150x59.jpg 150w\" sizes=\"(max-width: 640px) 100vw, 640px\" \/>\t\t\t\t\t\t\t\t\t\t\t\t\t\t\t<\/div>\n\t\t\t\t<\/div>\n\t\t\t\t<div class=\"elementor-element elementor-element-d39139f elementor-widget elementor-widget-text-editor\" data-id=\"d39139f\" data-element_type=\"widget\" data-e-type=\"widget\" data-widget_type=\"text-editor.default\">\n\t\t\t\t<div class=\"elementor-widget-container\">\n\t\t\t\t\t\t\t\t\t<p><strong style=\"outline: 0px; margin: 0px; padding: 0px; border: 0px; font-size: 14px; vertical-align: baseline; background: 0px 0px; color: #000000; font-family: roboto, Verdana;\">\u00dcr\u00fcn Tan\u0131m\u0131<\/strong><br style=\"outline: none; color: #000000; font-family: roboto, Verdana; font-size: 14px;\" \/><span style=\"color: #000000; font-family: roboto, Verdana; font-size: 14px;\">\u00c7imento esasl\u0131, seramik fayans, mermer ve granit i\u00e7in flex derz dolgusudur. Silikon i\u00e7erdi\u011fi i\u00e7in su iticili\u011fi vard\u0131r.<\/span><br style=\"outline: none; color: #000000; font-family: roboto, Verdana; font-size: 14px;\" \/><br style=\"outline: none; color: #000000; font-family: roboto, Verdana; font-size: 14px;\" \/><strong style=\"outline: 0px; margin: 0px; padding: 0px; border: 0px; font-size: 14px; vertical-align: baseline; background: 0px 0px; color: #000000; font-family: roboto, Verdana;\">Kullan\u0131m Alanlar\u0131<\/strong><br style=\"outline: none; color: #000000; font-family: roboto, Verdana; font-size: 14px;\" \/><span style=\"color: #000000; font-family: roboto, Verdana; font-size: 14px;\">\u2022 \u0130\u00e7 ve d\u0131\u015f mek\u00e2nlarda,<\/span><br style=\"outline: none; color: #000000; font-family: roboto, Verdana; font-size: 14px;\" \/><span style=\"outline: 0px; margin: 0px; padding: 0px; border: 0px; font-size: 14px; vertical-align: baseline; background: 0px 0px; color: #000000; font-family: roboto, Verdana;\">\u2022\u00a0<\/span><span style=\"color: #000000; font-family: roboto, Verdana; font-size: 14px;\">B\u00fcy\u00fck ebatl\u0131 seramik, fayans ve granit seramik derzlerinde,<\/span><br style=\"outline: none; color: #000000; font-family: roboto, Verdana; font-size: 14px;\" \/><span style=\"outline: 0px; margin: 0px; padding: 0px; border: 0px; font-size: 14px; vertical-align: baseline; background: 0px 0px; color: #000000; font-family: roboto, Verdana;\">\u2022\u00a0<\/span><span style=\"color: #000000; font-family: roboto, Verdana; font-size: 14px;\">Do\u011fal granit, pres tu\u011fla, mermer, cam mozaik ve do\u011fal ta\u015f bloklar\u0131n geni\u015f olmayan derzlerinde,<\/span><br style=\"outline: none; color: #000000; font-family: roboto, Verdana; font-size: 14px;\" \/><span style=\"outline: 0px; margin: 0px; padding: 0px; border: 0px; font-size: 14px; vertical-align: baseline; background: 0px 0px; color: #000000; font-family: roboto, Verdana;\">\u2022\u00a0<\/span><span style=\"color: #000000; font-family: roboto, Verdana; font-size: 14px;\">Hastaneler, konutlar ve al\u0131\u015fveri\u015f merkezleri,<\/span><br style=\"outline: none; color: #000000; font-family: roboto, Verdana; font-size: 14px;\" \/><span style=\"outline: 0px; margin: 0px; padding: 0px; border: 0px; font-size: 14px; vertical-align: baseline; background: 0px 0px; color: #000000; font-family: roboto, Verdana;\">\u2022\u00a0<\/span><span style=\"color: #000000; font-family: roboto, Verdana; font-size: 14px;\">Yo\u011fun yaya trafi\u011fi ve h\u0131zl\u0131 kullan\u0131ma a\u00e7\u0131lan mek\u00e2nlarda kullan\u0131l\u0131r.<\/span><br style=\"outline: none; color: #000000; font-family: roboto, Verdana; font-size: 14px;\" \/><br style=\"outline: none; color: #000000; font-family: roboto, Verdana; font-size: 14px;\" \/><strong style=\"outline: 0px; margin: 0px; padding: 0px; border: 0px; font-size: 14px; vertical-align: baseline; background: 0px 0px; color: #000000; font-family: roboto, Verdana;\">\u00d6zellikleri ve Avantajlar\u0131<\/strong><br style=\"outline: none; color: #000000; font-family: roboto, Verdana; font-size: 14px;\" \/><span style=\"outline: 0px; margin: 0px; padding: 0px; border: 0px; font-size: 14px; vertical-align: baseline; background: 0px 0px; color: #000000; font-family: roboto, Verdana;\">\u2022\u00a0<\/span><span style=\"color: #000000; font-family: roboto, Verdana; font-size: 14px;\">Renk solmas\u0131, tozuma ve \u00e7atlama yapmaz.<\/span><br style=\"outline: none; color: #000000; font-family: roboto, Verdana; font-size: 14px;\" \/><span style=\"outline: 0px; margin: 0px; padding: 0px; border: 0px; font-size: 14px; vertical-align: baseline; background: 0px 0px; color: #000000; font-family: roboto, Verdana;\">\u2022\u00a0<\/span><span style=\"color: #000000; font-family: roboto, Verdana; font-size: 14px;\">Fleks oldu\u011fu i\u00e7in ani \u0131s\u0131 de\u011fi\u015fikliklerinden etkilenmez.<\/span><br style=\"outline: none; color: #000000; font-family: roboto, Verdana; font-size: 14px;\" \/><span style=\"outline: 0px; margin: 0px; padding: 0px; border: 0px; font-size: 14px; vertical-align: baseline; background: 0px 0px; color: #000000; font-family: roboto, Verdana;\">\u2022\u00a0<\/span><span style=\"color: #000000; font-family: roboto, Verdana; font-size: 14px;\">Silikonlu oldu\u011fu i\u00e7in suya ve dona kar\u015f\u0131 dayan\u0131kl\u0131d\u0131r.<\/span><br style=\"outline: none; color: #000000; font-family: roboto, Verdana; font-size: 14px;\" \/><span style=\"outline: 0px; margin: 0px; padding: 0px; border: 0px; font-size: 14px; vertical-align: baseline; background: 0px 0px; color: #000000; font-family: roboto, Verdana;\">\u2022\u00a0<\/span><span style=\"color: #000000; font-family: roboto, Verdana; font-size: 14px;\">Kullan\u0131ma \u00e7abuk a\u00e7\u0131lacak mek\u00e2nlar i\u00e7in idealdir.<\/span><br style=\"outline: none; color: #000000; font-family: roboto, Verdana; font-size: 14px;\" \/><span style=\"outline: 0px; margin: 0px; padding: 0px; border: 0px; font-size: 14px; vertical-align: baseline; background: 0px 0px; color: #000000; font-family: roboto, Verdana;\">\u2022 Y<\/span><span style=\"color: #000000; font-family: roboto, Verdana; font-size: 14px;\">erden \u0131s\u0131tmal\u0131 sistemlerde kullan\u0131labilir.<\/span><br style=\"outline: none; color: #000000; font-family: roboto, Verdana; font-size: 14px;\" \/><span style=\"outline: 0px; margin: 0px; padding: 0px; border: 0px; font-size: 14px; vertical-align: baseline; background: 0px 0px; color: #000000; font-family: roboto, Verdana;\">\u2022\u00a0<\/span><span style=\"color: #000000; font-family: roboto, Verdana; font-size: 14px;\">Su itici ve antibakteriyel \u00f6zelliklerini sa\u011flamaktad\u0131r.<\/span><br style=\"outline: none; color: #000000; font-family: roboto, Verdana; font-size: 14px;\" \/><br style=\"outline: none; color: #000000; font-family: roboto, Verdana; font-size: 14px;\" \/><strong style=\"outline: 0px; margin: 0px; padding: 0px; border: 0px; font-size: 14px; vertical-align: baseline; background: 0px 0px; color: #000000; font-family: roboto, Verdana;\">Uygulama Talimatlar\u0131<\/strong><br style=\"outline: none; color: #000000; font-family: roboto, Verdana; font-size: 14px;\" \/><span style=\"color: #000000; font-family: roboto, Verdana; font-size: 14px;\">Y\u00fczey Kalitesi: Zemin kaplamas\u0131nda kullan\u0131lan yap\u0131\u015ft\u0131r\u0131c\u0131n\u0131n iyice sertle\u015fti\u011finden emin olunmal\u0131, elle kontrol yap\u0131lmal\u0131d\u0131r. Yap\u0131\u015ft\u0131r\u0131c\u0131 uygulanmas\u0131ndan en az 24 saat sonra uygulama yap\u0131lmal\u0131d\u0131r.<\/span><br style=\"outline: none; color: #000000; font-family: roboto, Verdana; font-size: 14px;\" \/><br style=\"outline: none; color: #000000; font-family: roboto, Verdana; font-size: 14px;\" \/><span style=\"color: #000000; font-family: roboto, Verdana; font-size: 14px;\">Y\u00fczey Haz\u0131rl\u0131\u011f\u0131: Y\u00fczeyler temiz, d\u00fczg\u00fcn, sa\u011flam, her t\u00fcrl\u00fc toz, ya\u011f, kir, pas, kal\u0131p ya\u011f\u0131, deterjan gibi benzeri yap\u0131\u015fmay\u0131 engelleyici maddelerden ve at\u0131klardan ar\u0131nd\u0131r\u0131lmal\u0131d\u0131r. Y\u00fczeyler terazisinde olmal\u0131d\u0131r, zay\u0131f par\u00e7alar \u00e7\u0131kart\u0131lmal\u0131d\u0131r.<\/span><br style=\"outline: none; color: #000000; font-family: roboto, Verdana; font-size: 14px;\" \/><br style=\"outline: none; color: #000000; font-family: roboto, Verdana; font-size: 14px;\" \/><strong style=\"outline: 0px; margin: 0px; padding: 0px; border: 0px; font-size: 14px; vertical-align: baseline; background: 0px 0px; color: #000000; font-family: roboto, Verdana;\">Uygulama Notlar\u0131 \/ S\u0131n\u0131rlamalar<\/strong><br style=\"outline: none; color: #000000; font-family: roboto, Verdana; font-size: 14px;\" \/><span style=\"color: #000000; font-family: roboto, Verdana; font-size: 14px;\">\u2022 Yap\u0131\u015fmay\u0131 engelleyici her t\u00fcrl\u00fc maddeden ar\u0131nd\u0131r\u0131lm\u0131\u015f, temiz bir kap i\u00e7erisine normal \u00e7evre s\u0131cakl\u0131\u011f\u0131ndan al\u0131nan 6,0 lt temiz, berrak su konulur.<\/span><br style=\"outline: none; color: #000000; font-family: roboto, Verdana; font-size: 14px;\" \/><span style=\"color: #000000; font-family: roboto, Verdana; font-size: 14px;\">\u2022 Derz aras\u0131 derinli\u011finin en az seramik kal\u0131nl\u0131\u011f\u0131n\u0131n 2\/3&#8217;\u00fc kadar olmal\u0131d\u0131r.<\/span><br style=\"outline: none; color: #000000; font-family: roboto, Verdana; font-size: 14px;\" \/><span style=\"color: #000000; font-family: roboto, Verdana; font-size: 14px;\">\u2022 Su ile dolu kap i\u00e7ine toz halde, 20 kg torbada olan TEKNODERZ EX, bo\u015falt\u0131l\u0131r.<\/span><br style=\"outline: none; color: #000000; font-family: roboto, Verdana; font-size: 14px;\" \/><span style=\"color: #000000; font-family: roboto, Verdana; font-size: 14px;\">\u2022 Seramik kar\u0131\u015ft\u0131r\u0131c\u0131 ucu tak\u0131lm\u0131\u015f, d\u00fc\u015f\u00fck devirli bir kar\u0131\u015ft\u0131r\u0131c\u0131 ile topaks\u0131z homojen bir kar\u0131\u015f\u0131m elde edilinceye kadar kar\u0131\u015ft\u0131r\u0131l\u0131r.<\/span><br style=\"outline: none; color: #000000; font-family: roboto, Verdana; font-size: 14px;\" \/><span style=\"color: #000000; font-family: roboto, Verdana; font-size: 14px;\">\u2022 \u0130\u015flem sonunda elde edilen har\u00e7 5-10 dk. dinlendirilip, tekrar 1-2 dk. homojen hale gelinceye kadar kar\u0131\u015ft\u0131r\u0131lmal\u0131d\u0131r.<\/span><\/p>\t\t\t\t\t\t\t\t<\/div>\n\t\t\t\t<\/div>\n\t\t\t\t\t<\/div>\n\t\t<\/div>\n\t\t\t\t\t<\/div>\n\t\t<\/section>\n\t\t\t\t<\/div>\n\t\t","protected":false},"excerpt":{"rendered":"<p>Teknoderz Ex Esnek Derz Dolgu Teknik D\u00f6k\u00fcmanlar: \u00a0 \u00a0 \u00a0TDS Teknik Dok\u00fcman Sayfas\u0131\u00a0\u00a0\u00a0 \u00a0 \u00a0 \u00a0TSE Belgesi\u00a0\u00a0 \u00a0 \u00dcr\u00fcn Tan\u0131m\u0131\u00c7imento esasl\u0131, seramik fayans, mermer ve granit i\u00e7in flex derz dolgusudur. Silikon i\u00e7erdi\u011fi i\u00e7in su iticili\u011fi vard\u0131r.Kullan\u0131m Alanlar\u0131\u2022 \u0130\u00e7 ve d\u0131\u015f mek\u00e2nlarda,\u2022\u00a0B\u00fcy\u00fck ebatl\u0131 seramik, fayans ve granit seramik derzlerinde,\u2022\u00a0Do\u011fal granit, pres tu\u011fla, mermer, cam mozaik ve do\u011fal ta\u015f bloklar\u0131n geni\u015f olmayan derzlerinde,\u2022\u00a0Hastaneler, konutlar ve al\u0131\u015fveri\u015f merkezleri,\u2022\u00a0Yo\u011fun yaya trafi\u011fi ve h\u0131zl\u0131 kullan\u0131ma a\u00e7\u0131lan mek\u00e2nlarda kullan\u0131l\u0131r.\u00d6zellikleri ve Avantajlar\u0131\u2022\u00a0Renk solmas\u0131, tozuma ve \u00e7atlama yapmaz.\u2022\u00a0Fleks oldu\u011fu i\u00e7in ani \u0131s\u0131 de\u011fi\u015fikliklerinden etkilenmez.\u2022\u00a0Silikonlu oldu\u011fu i\u00e7in suya ve dona kar\u015f\u0131 dayan\u0131kl\u0131d\u0131r.\u2022\u00a0Kullan\u0131ma \u00e7abuk a\u00e7\u0131lacak mek\u00e2nlar i\u00e7in idealdir.\u2022 Yerden \u0131s\u0131tmal\u0131 sistemlerde kullan\u0131labilir.\u2022\u00a0Su itici ve antibakteriyel \u00f6zelliklerini sa\u011flamaktad\u0131r.Uygulama Talimatlar\u0131Y\u00fczey Kalitesi: Zemin kaplamas\u0131nda kullan\u0131lan yap\u0131\u015ft\u0131r\u0131c\u0131n\u0131n iyice sertle\u015fti\u011finden emin olunmal\u0131, elle kontrol yap\u0131lmal\u0131d\u0131r. Yap\u0131\u015ft\u0131r\u0131c\u0131 uygulanmas\u0131ndan en az 24 saat sonra uygulama yap\u0131lmal\u0131d\u0131r.Y\u00fczey Haz\u0131rl\u0131\u011f\u0131: Y\u00fczeyler temiz, d\u00fczg\u00fcn, sa\u011flam, her t\u00fcrl\u00fc toz, ya\u011f, kir, pas, kal\u0131p ya\u011f\u0131, deterjan gibi benzeri yap\u0131\u015fmay\u0131 engelleyici maddelerden ve at\u0131klardan [&hellip;]<\/p>\n","protected":false},"author":3,"featured_media":0,"parent":0,"menu_order":0,"comment_status":"closed","ping_status":"closed","template":"page-full.php","meta":{"_joinchat":[],"footnotes":""},"class_list":["post-14359","page","type-page","status-publish","hentry"],"_links":{"self":[{"href":"https:\/\/etkiinsaat.com.tr\/index.php?rest_route=\/wp\/v2\/pages\/14359","targetHints":{"allow":["GET"]}}],"collection":[{"href":"https:\/\/etkiinsaat.com.tr\/index.php?rest_route=\/wp\/v2\/pages"}],"about":[{"href":"https:\/\/etkiinsaat.com.tr\/index.php?rest_route=\/wp\/v2\/types\/page"}],"author":[{"embeddable":true,"href":"https:\/\/etkiinsaat.com.tr\/index.php?rest_route=\/wp\/v2\/users\/3"}],"replies":[{"embeddable":true,"href":"https:\/\/etkiinsaat.com.tr\/index.php?rest_route=%2Fwp%2Fv2%2Fcomments&post=14359"}],"version-history":[{"count":4,"href":"https:\/\/etkiinsaat.com.tr\/index.php?rest_route=\/wp\/v2\/pages\/14359\/revisions"}],"predecessor-version":[{"id":14365,"href":"https:\/\/etkiinsaat.com.tr\/index.php?rest_route=\/wp\/v2\/pages\/14359\/revisions\/14365"}],"wp:attachment":[{"href":"https:\/\/etkiinsaat.com.tr\/index.php?rest_route=%2Fwp%2Fv2%2Fmedia&parent=14359"}],"curies":[{"name":"wp","href":"https:\/\/api.w.org\/{rel}","templated":true}]}}