{"id":14372,"date":"2023-09-29T20:48:58","date_gmt":"2023-09-29T17:48:58","guid":{"rendered":"https:\/\/etkiinsaat.com.tr\/?page_id=14372"},"modified":"2023-09-29T20:50:26","modified_gmt":"2023-09-29T17:50:26","slug":"teknobituderz-sicak-uygulamali-derz-dolgu-macunu","status":"publish","type":"page","link":"https:\/\/etkiinsaat.com.tr\/?page_id=14372","title":{"rendered":"Teknobit\u00fcderz S\u0131cak Uygulamal\u0131 Derz Dolgu Macunu"},"content":{"rendered":"\t\t<div data-elementor-type=\"wp-page\" data-elementor-id=\"14372\" class=\"elementor elementor-14372\">\n\t\t\t\t\t\t<section class=\"elementor-section elementor-top-section elementor-element elementor-element-f28e46f elementor-section-boxed elementor-section-height-default elementor-section-height-default\" data-id=\"f28e46f\" data-element_type=\"section\" data-e-type=\"section\">\n\t\t\t\t\t\t<div class=\"elementor-container elementor-column-gap-default\">\n\t\t\t\t\t<div class=\"elementor-column elementor-col-33 elementor-top-column elementor-element elementor-element-f06bcbd\" data-id=\"f06bcbd\" data-element_type=\"column\" data-e-type=\"column\">\n\t\t\t<div class=\"elementor-widget-wrap elementor-element-populated\">\n\t\t\t\t\t\t<div class=\"elementor-element elementor-element-6f26fad elementor-widget elementor-widget-heading\" data-id=\"6f26fad\" data-element_type=\"widget\" data-e-type=\"widget\" data-widget_type=\"heading.default\">\n\t\t\t\t<div class=\"elementor-widget-container\">\n\t\t\t\t\t<h2 class=\"elementor-heading-title elementor-size-default\">Teknobit\u00fcderz S\u0131cak Uygulamal\u0131 Derz Dolgu Macunu\n<\/h2>\t\t\t\t<\/div>\n\t\t\t\t<\/div>\n\t\t\t\t<div class=\"elementor-element elementor-element-3c90a74 elementor-widget elementor-widget-image\" data-id=\"3c90a74\" data-element_type=\"widget\" data-e-type=\"widget\" data-widget_type=\"image.default\">\n\t\t\t\t<div class=\"elementor-widget-container\">\n\t\t\t\t\t\t\t\t\t\t\t\t\t\t\t<img fetchpriority=\"high\" decoding=\"async\" width=\"250\" height=\"250\" src=\"https:\/\/etkiinsaat.com.tr\/wp-content\/uploads\/2023\/09\/170-2.jpg\" class=\"attachment-full size-full wp-image-14374\" alt=\"\" srcset=\"https:\/\/etkiinsaat.com.tr\/wp-content\/uploads\/2023\/09\/170-2.jpg 250w, https:\/\/etkiinsaat.com.tr\/wp-content\/uploads\/2023\/09\/170-2-150x150.jpg 150w, https:\/\/etkiinsaat.com.tr\/wp-content\/uploads\/2023\/09\/170-2-201x201.jpg 201w, https:\/\/etkiinsaat.com.tr\/wp-content\/uploads\/2023\/09\/170-2-100x100.jpg 100w\" sizes=\"(max-width: 250px) 100vw, 250px\" \/>\t\t\t\t\t\t\t\t\t\t\t\t\t\t\t<\/div>\n\t\t\t\t<\/div>\n\t\t\t\t<div class=\"elementor-element elementor-element-a49e5de elementor-widget elementor-widget-text-editor\" data-id=\"a49e5de\" data-element_type=\"widget\" data-e-type=\"widget\" data-widget_type=\"text-editor.default\">\n\t\t\t\t<div class=\"elementor-widget-container\">\n\t\t\t\t\t\t\t\t\t<div style=\"color: #1c1b1b;\"><span style=\"color: #444444; font-family: 'Open Sans', sans-serif;\"><span style=\"font-size: 14px;\"><span style=\"font-weight: bold;\">Teknik D\u00f6k\u00fcmanlar:<\/span><\/span><\/span><\/div><p><a href=\"https:\/\/tur.sika.com\/content\/dam\/dms\/tr01\/g\/sikaseal_crystalsg.pdf\"><span style=\"font-weight: bolder;\">\u00a0 \u00a0 \u00a0<img decoding=\"async\" src=\"http:\/\/etkiinsaat.com.tr\/wp-content\/uploads\/2023\/09\/pdf-300x300.png\" alt=\"\" width=\"31\" height=\"31\" \/><\/span><\/a><a title=\"TDS Teknik Dok\u00fcman Sayfas\u0131\" href=\"https:\/\/teknoyapi.com.tr\/documents\/TDS-teknobituderz.pdf\" target=\"_blank\" rel=\"noopener\"><span style=\"color: red; font-size: small;\"><span style=\"font-weight: bold;\">TDS Teknik Dok\u00fcman Sayfas\u0131<\/span><\/span>\u00a0<\/a>\u00a0\u00a0<\/p><p>\u00a0<\/p>\t\t\t\t\t\t\t\t<\/div>\n\t\t\t\t<\/div>\n\t\t\t\t\t<\/div>\n\t\t<\/div>\n\t\t\t\t<div class=\"elementor-column elementor-col-66 elementor-top-column elementor-element elementor-element-dc9e2c8\" data-id=\"dc9e2c8\" data-element_type=\"column\" data-e-type=\"column\">\n\t\t\t<div class=\"elementor-widget-wrap elementor-element-populated\">\n\t\t\t\t\t\t<div class=\"elementor-element elementor-element-c2c06f7 elementor-widget elementor-widget-image\" data-id=\"c2c06f7\" data-element_type=\"widget\" data-e-type=\"widget\" data-widget_type=\"image.default\">\n\t\t\t\t<div class=\"elementor-widget-container\">\n\t\t\t\t\t\t\t\t\t\t\t\t\t\t\t<img decoding=\"async\" width=\"641\" height=\"251\" src=\"https:\/\/etkiinsaat.com.tr\/wp-content\/uploads\/2023\/09\/170-1.jpg\" class=\"attachment-full size-full wp-image-14375\" alt=\"\" srcset=\"https:\/\/etkiinsaat.com.tr\/wp-content\/uploads\/2023\/09\/170-1.jpg 641w, https:\/\/etkiinsaat.com.tr\/wp-content\/uploads\/2023\/09\/170-1-300x117.jpg 300w, https:\/\/etkiinsaat.com.tr\/wp-content\/uploads\/2023\/09\/170-1-303x119.jpg 303w, https:\/\/etkiinsaat.com.tr\/wp-content\/uploads\/2023\/09\/170-1-606x237.jpg 606w, https:\/\/etkiinsaat.com.tr\/wp-content\/uploads\/2023\/09\/170-1-530x208.jpg 530w, https:\/\/etkiinsaat.com.tr\/wp-content\/uploads\/2023\/09\/170-1-450x176.jpg 450w, https:\/\/etkiinsaat.com.tr\/wp-content\/uploads\/2023\/09\/170-1-500x196.jpg 500w, https:\/\/etkiinsaat.com.tr\/wp-content\/uploads\/2023\/09\/170-1-150x59.jpg 150w\" sizes=\"(max-width: 641px) 100vw, 641px\" \/>\t\t\t\t\t\t\t\t\t\t\t\t\t\t\t<\/div>\n\t\t\t\t<\/div>\n\t\t\t\t<div class=\"elementor-element elementor-element-ebdd81e elementor-widget elementor-widget-text-editor\" data-id=\"ebdd81e\" data-element_type=\"widget\" data-e-type=\"widget\" data-widget_type=\"text-editor.default\">\n\t\t\t\t<div class=\"elementor-widget-container\">\n\t\t\t\t\t\t\t\t\t<p><strong style=\"outline: 0px; margin: 0px; padding: 0px; border: 0px; font-size: 14px; vertical-align: baseline; background: 0px 0px; color: #000000; font-family: roboto, Verdana;\">\u00dcr\u00fcn Tan\u0131m\u0131<\/strong><br style=\"outline: none; color: #000000; font-family: roboto, Verdana; font-size: 14px;\" \/><span style=\"color: #000000; font-family: roboto, Verdana; font-size: 14px;\">Polimer ve modifiye asfalt i\u00e7eren s\u0131cak uygulamal\u0131 \u00e7atlak tamir, derz dolgu ve izolasyon malzemesidir. Y\u00fcksek so\u011fuk esnekli\u011fine ve geri d\u00f6n\u00fc\u015fe sahiptir. Kullan\u0131ma haz\u0131rd\u0131r. Uygulamadan k\u0131sa s\u00fcre sonra a\u011f\u0131r trafik ko\u015fullar\u0131na imkan verir. Asfalt sahalardaki \u00e7atlaklar, kanallar, derzler ve beton-asfalt aras\u0131 derzler i\u00e7in uygundur.<\/span><br style=\"outline: none; color: #000000; font-family: roboto, Verdana; font-size: 14px;\" \/><br style=\"outline: none; color: #000000; font-family: roboto, Verdana; font-size: 14px;\" \/><strong style=\"outline: 0px; margin: 0px; padding: 0px; border: 0px; font-size: 14px; vertical-align: baseline; background: 0px 0px; color: #000000; font-family: roboto, Verdana;\">Kullan\u0131m Alanlar\u0131<\/strong><br style=\"outline: none; color: #000000; font-family: roboto, Verdana; font-size: 14px;\" \/><span style=\"color: #000000; font-family: roboto, Verdana; font-size: 14px;\">\u2022 Her t\u00fcrl\u00fc asfalt y\u00fczeyde, \u00e7atlak tamiri, derz dolgusu, kablo kanallar\u0131n\u0131n \u00f6rt\u00fclmesi, k\u00fc\u00e7\u00fck zemin tamirlerinde kullan\u0131l\u0131r.<\/span><br style=\"outline: none; color: #000000; font-family: roboto, Verdana; font-size: 14px;\" \/><span style=\"color: #000000; font-family: roboto, Verdana; font-size: 14px;\">\u2022 Havalimanlar\u0131, pist-apronlarda ve askeri alanlarda kullan\u0131l\u0131r.<\/span><br style=\"outline: none; color: #000000; font-family: roboto, Verdana; font-size: 14px;\" \/><span style=\"color: #000000; font-family: roboto, Verdana; font-size: 14px;\">\u2022 Y\u00fcksek elastikiyeti ve mantar k\u00fcf olu\u015fumunu engelleme \u00f6zelli\u011finden dolay\u0131, solvent temas\u0131 olmayan her t\u00fcrl\u00fc alt yap\u0131da,<\/span><br style=\"outline: none; color: #000000; font-family: roboto, Verdana; font-size: 14px;\" \/><span style=\"color: #000000; font-family: roboto, Verdana; font-size: 14px;\">\u2022 Beton-asfalt aras\u0131 derzlerde,<\/span><br style=\"outline: none; color: #000000; font-family: roboto, Verdana; font-size: 14px;\" \/><span style=\"color: #000000; font-family: roboto, Verdana; font-size: 14px;\">\u2022 Suya maruz kalan baraj, g\u00f6let gibi su yap\u0131lar\u0131nda,<\/span><br style=\"outline: none; color: #000000; font-family: roboto, Verdana; font-size: 14px;\" \/><span style=\"color: #000000; font-family: roboto, Verdana; font-size: 14px;\">\u2022 Menfezler ve t\u00fcneller,<\/span><br style=\"outline: none; color: #000000; font-family: roboto, Verdana; font-size: 14px;\" \/><span style=\"color: #000000; font-family: roboto, Verdana; font-size: 14px;\">\u2022 Betonarme istinat perdeleri,<\/span><br style=\"outline: none; color: #000000; font-family: roboto, Verdana; font-size: 14px;\" \/><span style=\"color: #000000; font-family: roboto, Verdana; font-size: 14px;\">\u2022 K\u00f6pr\u00fc ve otoyollarda kullan\u0131l\u0131r.<\/span><br style=\"outline: none; color: #000000; font-family: roboto, Verdana; font-size: 14px;\" \/><br style=\"outline: none; color: #000000; font-family: roboto, Verdana; font-size: 14px;\" \/><strong style=\"outline: 0px; margin: 0px; padding: 0px; border: 0px; font-size: 14px; vertical-align: baseline; background: 0px 0px; color: #000000; font-family: roboto, Verdana;\">\u00d6zellikleri ve Avantajlar\u0131<\/strong><br style=\"outline: none; color: #000000; font-family: roboto, Verdana; font-size: 14px;\" \/><span style=\"color: #000000; font-family: roboto, Verdana; font-size: 14px;\">\u2022 Y\u00fcksek elastikiyeti sayesinde, esneme yapabilecek beton ve derz aralar\u0131nda rahatl\u0131kla kullan\u0131labilir.<\/span><br style=\"outline: none; color: #000000; font-family: roboto, Verdana; font-size: 14px;\" \/><span style=\"color: #000000; font-family: roboto, Verdana; font-size: 14px;\">\u2022 Y\u00fcksek geri d\u00f6n\u00fc\u015f\u00fcm\u00fc sayesinde, a\u011f\u0131r y\u00fck alt\u0131ndaki yerlerde \u00fcr\u00fcn formunda de\u011fi\u015fiklik olmaz.<\/span><br style=\"outline: none; color: #000000; font-family: roboto, Verdana; font-size: 14px;\" \/><span style=\"color: #000000; font-family: roboto, Verdana; font-size: 14px;\">\u2022 Derz aralar\u0131nda uyguland\u0131ktan sonra yap\u0131\u015ft\u0131\u011f\u0131 b\u00f6lgeyi b\u0131rakmaz.<\/span><br style=\"outline: none; color: #000000; font-family: roboto, Verdana; font-size: 14px;\" \/><span style=\"color: #000000; font-family: roboto, Verdana; font-size: 14px;\">\u2022 Y\u00fcksek s\u0131cakl\u0131k stabilitesine sahiptir.<\/span><br style=\"outline: none; color: #000000; font-family: roboto, Verdana; font-size: 14px;\" \/><span style=\"color: #000000; font-family: roboto, Verdana; font-size: 14px;\">\u2022 \u00c7imentolu ve farkl\u0131 y\u00fczeylere yap\u0131\u015f\u0131r.<\/span><br style=\"outline: none; color: #000000; font-family: roboto, Verdana; font-size: 14px;\" \/><span style=\"color: #000000; font-family: roboto, Verdana; font-size: 14px;\">\u2022 Ekonomiktir.<\/span><br style=\"outline: none; color: #000000; font-family: roboto, Verdana; font-size: 14px;\" \/><span style=\"color: #000000; font-family: roboto, Verdana; font-size: 14px;\">\u2022 190 \u00b0C s\u0131cakl\u0131\u011fa geldi\u011fi zaman kendili\u011finden yay\u0131l\u0131r (Self-levelling), mala ile d\u00f6kerek veya derz makinesi ile uygulanabilir.<\/span><br style=\"outline: none; color: #000000; font-family: roboto, Verdana; font-size: 14px;\" \/><br style=\"outline: none; color: #000000; font-family: roboto, Verdana; font-size: 14px;\" \/><strong style=\"outline: 0px; margin: 0px; padding: 0px; border: 0px; font-size: 14px; vertical-align: baseline; background: 0px 0px; color: #000000; font-family: roboto, Verdana;\">Uygulama Talimatlar\u0131<\/strong><br style=\"outline: none; color: #000000; font-family: roboto, Verdana; font-size: 14px;\" \/><span style=\"color: #000000; font-family: roboto, Verdana; font-size: 14px;\">Y\u00fczey Kalitesi: Y\u00fczeyler temiz , d\u00fczg\u00fcn, sa\u011flam ve kuru olmal\u0131, zay\u0131f par\u00e7alar y\u00fczeyden uzakla\u015ft\u0131r\u0131lmal\u0131d\u0131r. Nemli y\u00fczeylere uygulama yap\u0131lmaz.<\/span><br style=\"outline: none; color: #000000; font-family: roboto, Verdana; font-size: 14px;\" \/><br style=\"outline: none; color: #000000; font-family: roboto, Verdana; font-size: 14px;\" \/><span style=\"color: #000000; font-family: roboto, Verdana; font-size: 14px;\">Y\u00fczey Haz\u0131rl\u0131\u011f\u0131: Derzler, uygulama yapmadan \u00f6nce tel f\u0131r\u00e7a, spiral veya kumlama ile iyice temizlenmeli, derz bo\u015flu\u011funa hava p\u00fcsk\u00fcrt\u00fclerek tozdan ar\u0131nd\u0131r\u0131lmal\u0131d\u0131r.<\/span><br style=\"outline: none; color: #000000; font-family: roboto, Verdana; font-size: 14px;\" \/><span style=\"color: #000000; font-family: roboto, Verdana; font-size: 14px;\">Derz geni\u015fli\u011fine g\u00f6re belirlenecek dolgu derinli\u011fini sa\u011flamak amac\u0131yla derz i\u00e7ine tercihen dolgu malzemesine yap\u0131\u015fmayan, s\u0131ca\u011fa dayan\u0131kl\u0131 bir malzeme yerle\u015ftirilmelidir. Keten veya PP halat bu amaca uygundur. Halatlar\u0131n \u00e7ap\u0131 derz geni\u015fli\u011finden % 5-10 fazla olmal\u0131, halat derze s\u0131k\u0131\u015ft\u0131r\u0131larak yerle\u015ftirilmelidir. Don tehlikesinin olmad\u0131\u011f\u0131 ve derz hareketlili\u011fin az oldu\u011fu yerlerde kurutulmu\u015f kum kullan\u0131labilir. Bu durumlarda dolgunun yap\u0131\u015fmas\u0131n\u0131 \u00f6nlemek \u00fczere taban malzemesi \u00fczerine ka\u011f\u0131t bir band\u0131n yerle\u015ftirilmesi yararl\u0131d\u0131r.<\/span><br style=\"outline: none; color: #000000; font-family: roboto, Verdana; font-size: 14px;\" \/><br style=\"outline: none; color: #000000; font-family: roboto, Verdana; font-size: 14px;\" \/><span style=\"color: #000000; font-family: roboto, Verdana; font-size: 14px;\">Eritilen malzeme derze veya \u00e7atla\u011fa s\u0131cak olarak d\u00f6k\u00fclmelidir. B\u00fcy\u00fck \u00e7apl\u0131 uygulamalarda, \u0131s\u0131tmal\u0131 \u00e7elik hortumla te\u00e7hiz edilmi\u015f pompal\u0131 sistemlerin kullan\u0131lmas\u0131 tavsiye edilir. \u0130yi bir yap\u0131\u015fman\u0131n temini i\u00e7in, \u00f6zellikle so\u011fuk havalarda y\u00fczeylerin bir LPG beki veya elektrikli \u00fcfle\u00e7 \u0131s\u0131t\u0131c\u0131 ile \u0131s\u0131t\u0131lmas\u0131, TEKNOBIT\u00dcDERZ&#8217; in s\u0131cak derze veya \u00e7atla\u011fa uygulanmas\u0131 \u00f6nerilir.<\/span><br style=\"outline: none; color: #000000; font-family: roboto, Verdana; font-size: 14px;\" \/><br style=\"outline: none; color: #000000; font-family: roboto, Verdana; font-size: 14px;\" \/><strong style=\"outline: 0px; margin: 0px; padding: 0px; border: 0px; font-size: 14px; vertical-align: baseline; background: 0px 0px; color: #000000; font-family: roboto, Verdana;\">Uygulama Notlar\u0131 \/ S\u0131n\u0131rlamalar<\/strong><br style=\"outline: none; color: #000000; font-family: roboto, Verdana; font-size: 14px;\" \/><span style=\"color: #000000; font-family: roboto, Verdana; font-size: 14px;\">\u2022 Is\u0131tma mutlaka ya\u011f g\u00f6mlekli kar\u0131\u015ft\u0131r\u0131c\u0131, \u0131s\u0131 kontroll\u00fc ekipmanlar ile yap\u0131lmal\u0131d\u0131r.<\/span><br style=\"outline: none; color: #000000; font-family: roboto, Verdana; font-size: 14px;\" \/><span style=\"color: #000000; font-family: roboto, Verdana; font-size: 14px;\">\u2022 Eritme kazan\u0131na d\u00f6k\u00fclen malzeme homojen bir \u015fekilde \u0131s\u0131t\u0131lmal\u0131d\u0131r.<\/span><br style=\"outline: none; color: #000000; font-family: roboto, Verdana; font-size: 14px;\" \/><span style=\"color: #000000; font-family: roboto, Verdana; font-size: 14px;\">\u2022 Kar\u0131\u015f\u0131m 180 \u00b0C\u00a0<\/span><span style=\"outline: 0px; margin: 0px; padding: 0px; border: 0px; font-size: 14px; vertical-align: baseline; background: 0px 0px; color: #000000; font-family: roboto, Verdana;\">&#8216;<\/span><span style=\"color: #000000; font-family: roboto, Verdana; font-size: 14px;\">ye kadar \u0131s\u0131t\u0131l\u0131r ve uygulama s\u0131ras\u0131nda da bu s\u0131cakl\u0131klar korunur.<\/span><br style=\"outline: none; color: #000000; font-family: roboto, Verdana; font-size: 14px;\" \/><span style=\"color: #000000; font-family: roboto, Verdana; font-size: 14px;\">\u2022 Kar\u0131\u015ft\u0131rma d\u00fc\u015f\u00fck devirde yap\u0131lmal\u0131 ve s\u0131cak malzemenin hava ile temas\u0131 minimum olmal\u0131d\u0131r.<\/span><br style=\"outline: none; color: #000000; font-family: roboto, Verdana; font-size: 14px;\" \/><span style=\"color: #000000; font-family: roboto, Verdana; font-size: 14px;\">\u2022 G\u00f6mlekteki ya\u011f s\u0131cakl\u0131\u011f\u0131 200 \u00b0C ge\u00e7memelidir.<\/span><br style=\"outline: none; color: #000000; font-family: roboto, Verdana; font-size: 14px;\" \/><span style=\"color: #000000; font-family: roboto, Verdana; font-size: 14px;\">\u2022 Daha y\u00fcksek ya\u011f s\u0131cakl\u0131klar\u0131 b\u00f6lgesel a\u015f\u0131r\u0131 \u0131s\u0131nmalar nedeniyle \u00fcr\u00fcne zarar verebilir.<\/span><br style=\"outline: none; color: #000000; font-family: roboto, Verdana; font-size: 14px;\" \/><span style=\"color: #000000; font-family: roboto, Verdana; font-size: 14px;\">\u2022 Eritilen \u00fcr\u00fcn derze veya \u00e7atla\u011fa s\u0131cak olarak d\u00f6k\u00fclmelidir.<\/span><br style=\"outline: none; color: #000000; font-family: roboto, Verdana; font-size: 14px;\" \/><span style=\"color: #000000; font-family: roboto, Verdana; font-size: 14px;\">\u2022 \u0130yi bir yap\u0131\u015fma elde edebilmek i\u00e7in, \u00f6zellikle so\u011fuk havalarda bir bek alevi ile \u0131s\u0131t\u0131lmas\u0131 tavsiye edilir.<\/span><br style=\"outline: none; color: #000000; font-family: roboto, Verdana; font-size: 14px;\" \/><span style=\"color: #000000; font-family: roboto, Verdana; font-size: 14px;\">\u2022 Zemin e\u011fimi %2 den fazla ise akmay\u0131 \u00f6nlemek \u00fczere, belli aral\u0131klarla derze dik olarak engel \u00e7ubuklar\u0131n\u0131n yerle\u015ftirilmesi \u00f6nerilir.<\/span><br style=\"outline: none; color: #000000; font-family: roboto, Verdana; font-size: 14px;\" \/><span style=\"color: #000000; font-family: roboto, Verdana; font-size: 14px;\">\u2022 Uygulamadan sonra direk g\u00fcne\u015f \u0131\u015f\u0131\u011f\u0131, \u015fiddetli r\u00fczgar, y\u00fcksek hava s\u0131cakl\u0131\u011f\u0131 (+35\u00b0C \u00fczeri), ya\u011fmur ve don gibi olumsuz hava ko\u015fullar\u0131na kar\u015f\u0131 korunmal\u0131d\u0131r.<\/span><br style=\"outline: none; color: #000000; font-family: roboto, Verdana; font-size: 14px;\" \/><span style=\"color: #000000; font-family: roboto, Verdana; font-size: 14px;\">\u2022 Uygulamadan hemen sonra, hen\u00fcz sertle\u015fmeden, ekipmanlar TEKNOT\u0130NER ile temizlenmelidir.<\/span><br style=\"outline: none; color: #000000; font-family: roboto, Verdana; font-size: 14px;\" \/><span style=\"color: #000000; font-family: roboto, Verdana; font-size: 14px;\">\u2022 1O mm&#8217; den dar derzler i\u00e7in \u00f6nerilmez.<\/span><br style=\"outline: none; color: #000000; font-family: roboto, Verdana; font-size: 14px;\" \/><span style=\"color: #000000; font-family: roboto, Verdana; font-size: 14px;\">\u2022 Kirli, ya\u011fl\u0131 ve \u0131slak y\u00fczeylerde kullan\u0131lmaz. Bu t\u00fcr derzlerin uygulamadan \u00f6nce temizlenmesi iyi bir yap\u0131\u015fman\u0131n sa\u011flanmas\u0131 i\u00e7in \u00f6nemlidir.<\/span><br style=\"outline: none; color: #000000; font-family: roboto, Verdana; font-size: 14px;\" \/><span style=\"color: #000000; font-family: roboto, Verdana; font-size: 14px;\">\u2022 Y\u00fcksek ta\u015f\u0131ma direncine ra\u011fmen \u00e7ivili lastik, buz zinciri, sivri topuklu ayakkab\u0131lar zarar verebilir.<\/span><br style=\"outline: none; color: #000000; font-family: roboto, Verdana; font-size: 14px;\" \/><span style=\"color: #000000; font-family: roboto, Verdana; font-size: 14px;\">\u2022 Uygulama s\u0131ras\u0131nda \u00e7evre s\u0131cakl\u0131\u011f\u0131 10\u00b0C &#8216;den ve \u00e7i\u011flenme noktas\u0131ndan d\u00fc\u015f\u00fck olmamal\u0131d\u0131r.<\/span><br style=\"outline: none; color: #000000; font-family: roboto, Verdana; font-size: 14px;\" \/><span style=\"color: #000000; font-family: roboto, Verdana; font-size: 14px;\">\u2022 Uygulama esnas\u0131nda TEKNOB\u0130T\u00dcDERZ i\u00e7erisine solvent vb. yabanc\u0131 madde girmeyiniz.<\/span><br style=\"outline: none; color: #000000; font-family: roboto, Verdana; font-size: 14px;\" \/><span style=\"color: #000000; font-family: roboto, Verdana; font-size: 14px;\">\u2022 S\u0131cak uygulama oldu\u011fu i\u00e7in yan\u0131c\u0131 ve parlay\u0131c\u0131 i\u015f elbiseleri ile \u00e7al\u0131\u015fmay\u0131n\u0131z. Maske, eldiven, g\u00f6zl\u00fck kullan\u0131n\u0131z. \u0130\u015f g\u00fcvenli\u011fi kurallar\u0131na uyunuz.<\/span><\/p>\t\t\t\t\t\t\t\t<\/div>\n\t\t\t\t<\/div>\n\t\t\t\t\t<\/div>\n\t\t<\/div>\n\t\t\t\t\t<\/div>\n\t\t<\/section>\n\t\t\t\t<\/div>\n\t\t","protected":false},"excerpt":{"rendered":"<p>Teknobit\u00fcderz S\u0131cak Uygulamal\u0131 Derz Dolgu Macunu Teknik D\u00f6k\u00fcmanlar: \u00a0 \u00a0 \u00a0TDS Teknik Dok\u00fcman Sayfas\u0131\u00a0\u00a0\u00a0 \u00a0 \u00dcr\u00fcn Tan\u0131m\u0131Polimer ve modifiye asfalt i\u00e7eren s\u0131cak uygulamal\u0131 \u00e7atlak tamir, derz dolgu ve izolasyon malzemesidir. Y\u00fcksek so\u011fuk esnekli\u011fine ve geri d\u00f6n\u00fc\u015fe sahiptir. Kullan\u0131ma haz\u0131rd\u0131r. Uygulamadan k\u0131sa s\u00fcre sonra a\u011f\u0131r trafik ko\u015fullar\u0131na imkan verir. Asfalt sahalardaki \u00e7atlaklar, kanallar, derzler ve beton-asfalt aras\u0131 derzler i\u00e7in uygundur.Kullan\u0131m Alanlar\u0131\u2022 Her t\u00fcrl\u00fc asfalt y\u00fczeyde, \u00e7atlak tamiri, derz dolgusu, kablo kanallar\u0131n\u0131n \u00f6rt\u00fclmesi, k\u00fc\u00e7\u00fck zemin tamirlerinde kullan\u0131l\u0131r.\u2022 Havalimanlar\u0131, pist-apronlarda ve askeri alanlarda kullan\u0131l\u0131r.\u2022 Y\u00fcksek elastikiyeti ve mantar k\u00fcf olu\u015fumunu engelleme \u00f6zelli\u011finden dolay\u0131, solvent temas\u0131 olmayan her t\u00fcrl\u00fc alt yap\u0131da,\u2022 Beton-asfalt aras\u0131 derzlerde,\u2022 Suya maruz kalan baraj, g\u00f6let gibi su yap\u0131lar\u0131nda,\u2022 Menfezler ve t\u00fcneller,\u2022 Betonarme istinat perdeleri,\u2022 K\u00f6pr\u00fc ve otoyollarda kullan\u0131l\u0131r.\u00d6zellikleri ve Avantajlar\u0131\u2022 Y\u00fcksek elastikiyeti sayesinde, esneme yapabilecek beton ve derz aralar\u0131nda rahatl\u0131kla kullan\u0131labilir.\u2022 Y\u00fcksek geri d\u00f6n\u00fc\u015f\u00fcm\u00fc sayesinde, a\u011f\u0131r y\u00fck alt\u0131ndaki yerlerde \u00fcr\u00fcn formunda de\u011fi\u015fiklik olmaz.\u2022 Derz aralar\u0131nda uyguland\u0131ktan sonra yap\u0131\u015ft\u0131\u011f\u0131 b\u00f6lgeyi b\u0131rakmaz.\u2022 [&hellip;]<\/p>\n","protected":false},"author":3,"featured_media":0,"parent":0,"menu_order":0,"comment_status":"closed","ping_status":"closed","template":"page-full.php","meta":{"_joinchat":[],"footnotes":""},"class_list":["post-14372","page","type-page","status-publish","hentry"],"_links":{"self":[{"href":"https:\/\/etkiinsaat.com.tr\/index.php?rest_route=\/wp\/v2\/pages\/14372","targetHints":{"allow":["GET"]}}],"collection":[{"href":"https:\/\/etkiinsaat.com.tr\/index.php?rest_route=\/wp\/v2\/pages"}],"about":[{"href":"https:\/\/etkiinsaat.com.tr\/index.php?rest_route=\/wp\/v2\/types\/page"}],"author":[{"embeddable":true,"href":"https:\/\/etkiinsaat.com.tr\/index.php?rest_route=\/wp\/v2\/users\/3"}],"replies":[{"embeddable":true,"href":"https:\/\/etkiinsaat.com.tr\/index.php?rest_route=%2Fwp%2Fv2%2Fcomments&post=14372"}],"version-history":[{"count":4,"href":"https:\/\/etkiinsaat.com.tr\/index.php?rest_route=\/wp\/v2\/pages\/14372\/revisions"}],"predecessor-version":[{"id":14378,"href":"https:\/\/etkiinsaat.com.tr\/index.php?rest_route=\/wp\/v2\/pages\/14372\/revisions\/14378"}],"wp:attachment":[{"href":"https:\/\/etkiinsaat.com.tr\/index.php?rest_route=%2Fwp%2Fv2%2Fmedia&parent=14372"}],"curies":[{"name":"wp","href":"https:\/\/api.w.org\/{rel}","templated":true}]}}