{"id":15201,"date":"2023-10-01T19:19:00","date_gmt":"2023-10-01T16:19:00","guid":{"rendered":"https:\/\/etkiinsaat.com.tr\/?page_id=15201"},"modified":"2023-10-01T19:20:36","modified_gmt":"2023-10-01T16:20:36","slug":"teknobond-300-tix-laminasyon-epoksisi","status":"publish","type":"page","link":"https:\/\/etkiinsaat.com.tr\/?page_id=15201","title":{"rendered":"Teknobond 300 Tix Laminasyon Epoksisi"},"content":{"rendered":"\t\t<div data-elementor-type=\"wp-page\" data-elementor-id=\"15201\" class=\"elementor elementor-15201\">\n\t\t\t\t\t\t<section class=\"elementor-section elementor-top-section elementor-element elementor-element-3d1f040 elementor-section-boxed elementor-section-height-default elementor-section-height-default\" data-id=\"3d1f040\" data-element_type=\"section\" data-e-type=\"section\">\n\t\t\t\t\t\t<div class=\"elementor-container elementor-column-gap-default\">\n\t\t\t\t\t<div class=\"elementor-column elementor-col-33 elementor-top-column elementor-element elementor-element-61de436\" data-id=\"61de436\" data-element_type=\"column\" data-e-type=\"column\">\n\t\t\t<div class=\"elementor-widget-wrap elementor-element-populated\">\n\t\t\t\t\t\t<div class=\"elementor-element elementor-element-b899bbc elementor-widget elementor-widget-heading\" data-id=\"b899bbc\" data-element_type=\"widget\" data-e-type=\"widget\" data-widget_type=\"heading.default\">\n\t\t\t\t<div class=\"elementor-widget-container\">\n\t\t\t\t\t<h2 class=\"elementor-heading-title elementor-size-default\">Teknobond 300 Tix Laminasyon Epoksisi\n<\/h2>\t\t\t\t<\/div>\n\t\t\t\t<\/div>\n\t\t\t\t<div class=\"elementor-element elementor-element-72a0135 elementor-widget elementor-widget-image\" data-id=\"72a0135\" data-element_type=\"widget\" data-e-type=\"widget\" data-widget_type=\"image.default\">\n\t\t\t\t<div class=\"elementor-widget-container\">\n\t\t\t\t\t\t\t\t\t\t\t\t\t\t\t<img fetchpriority=\"high\" decoding=\"async\" width=\"250\" height=\"250\" src=\"https:\/\/etkiinsaat.com.tr\/wp-content\/uploads\/2023\/10\/196.jpg\" class=\"attachment-full size-full wp-image-15203\" alt=\"\" srcset=\"https:\/\/etkiinsaat.com.tr\/wp-content\/uploads\/2023\/10\/196.jpg 250w, https:\/\/etkiinsaat.com.tr\/wp-content\/uploads\/2023\/10\/196-150x150.jpg 150w, https:\/\/etkiinsaat.com.tr\/wp-content\/uploads\/2023\/10\/196-201x201.jpg 201w, https:\/\/etkiinsaat.com.tr\/wp-content\/uploads\/2023\/10\/196-100x100.jpg 100w\" sizes=\"(max-width: 250px) 100vw, 250px\" \/>\t\t\t\t\t\t\t\t\t\t\t\t\t\t\t<\/div>\n\t\t\t\t<\/div>\n\t\t\t\t<div class=\"elementor-element elementor-element-05e77d9 elementor-widget elementor-widget-text-editor\" data-id=\"05e77d9\" data-element_type=\"widget\" data-e-type=\"widget\" data-widget_type=\"text-editor.default\">\n\t\t\t\t<div class=\"elementor-widget-container\">\n\t\t\t\t\t\t\t\t\t<div style=\"color: #1c1b1b;\"><span style=\"color: #444444; font-family: 'Open Sans', sans-serif;\"><span style=\"font-size: 14px;\"><span style=\"font-weight: bold;\">Teknik D\u00f6k\u00fcmanlar:<\/span><\/span><\/span><\/div><p><a href=\"https:\/\/tur.sika.com\/content\/dam\/dms\/tr01\/g\/sikaseal_crystalsg.pdf\"><span style=\"font-weight: bolder;\">\u00a0 \u00a0 \u00a0<img decoding=\"async\" src=\"http:\/\/etkiinsaat.com.tr\/wp-content\/uploads\/2023\/09\/pdf-300x300.png\" alt=\"\" width=\"31\" height=\"31\" \/><\/span><\/a><a title=\"TDS Teknik Dok\u00fcman Sayfas\u0131\" href=\"https:\/\/teknoyapi.com.tr\/documents\/TDS-teknobond-300-tix.pdf\" target=\"_blank\" rel=\"noopener\"><span style=\"color: red; font-size: small;\"><span style=\"font-weight: bold;\">TDS Teknik Dok\u00fcman Sayfas\u0131<\/span><\/span>\u00a0<\/a>\u00a0\u00a0<\/p><p>\u00a0<\/p>\t\t\t\t\t\t\t\t<\/div>\n\t\t\t\t<\/div>\n\t\t\t\t\t<\/div>\n\t\t<\/div>\n\t\t\t\t<div class=\"elementor-column elementor-col-66 elementor-top-column elementor-element elementor-element-f159d70\" data-id=\"f159d70\" data-element_type=\"column\" data-e-type=\"column\">\n\t\t\t<div class=\"elementor-widget-wrap elementor-element-populated\">\n\t\t\t\t\t\t<div class=\"elementor-element elementor-element-d8e7a45 elementor-widget elementor-widget-image\" data-id=\"d8e7a45\" data-element_type=\"widget\" data-e-type=\"widget\" data-widget_type=\"image.default\">\n\t\t\t\t<div class=\"elementor-widget-container\">\n\t\t\t\t\t\t\t\t\t\t\t\t\t\t\t<img decoding=\"async\" width=\"641\" height=\"251\" src=\"https:\/\/etkiinsaat.com.tr\/wp-content\/uploads\/2023\/10\/196-2.jpg\" class=\"attachment-full size-full wp-image-15204\" alt=\"\" srcset=\"https:\/\/etkiinsaat.com.tr\/wp-content\/uploads\/2023\/10\/196-2.jpg 641w, https:\/\/etkiinsaat.com.tr\/wp-content\/uploads\/2023\/10\/196-2-300x117.jpg 300w, https:\/\/etkiinsaat.com.tr\/wp-content\/uploads\/2023\/10\/196-2-303x119.jpg 303w, https:\/\/etkiinsaat.com.tr\/wp-content\/uploads\/2023\/10\/196-2-606x237.jpg 606w, https:\/\/etkiinsaat.com.tr\/wp-content\/uploads\/2023\/10\/196-2-530x208.jpg 530w, https:\/\/etkiinsaat.com.tr\/wp-content\/uploads\/2023\/10\/196-2-450x176.jpg 450w, https:\/\/etkiinsaat.com.tr\/wp-content\/uploads\/2023\/10\/196-2-500x196.jpg 500w, https:\/\/etkiinsaat.com.tr\/wp-content\/uploads\/2023\/10\/196-2-150x59.jpg 150w\" sizes=\"(max-width: 641px) 100vw, 641px\" \/>\t\t\t\t\t\t\t\t\t\t\t\t\t\t\t<\/div>\n\t\t\t\t<\/div>\n\t\t\t\t<div class=\"elementor-element elementor-element-65048a9 elementor-widget elementor-widget-text-editor\" data-id=\"65048a9\" data-element_type=\"widget\" data-e-type=\"widget\" data-widget_type=\"text-editor.default\">\n\t\t\t\t<div class=\"elementor-widget-container\">\n\t\t\t\t\t\t\t\t\t<p><strong style=\"outline: 0px; margin: 0px; padding: 0px; border: 0px; font-size: 14px; vertical-align: baseline; background: 0px 0px; color: #000000; font-family: roboto, Verdana;\">\u00dcr\u00fcn Tan\u0131m\u0131<\/strong><br style=\"outline: none; color: #000000; font-family: roboto, Verdana; font-size: 14px;\" \/><span style=\"color: #000000; font-family: roboto, Verdana; font-size: 14px;\">\u0130ki bile\u015fenli, solventsiz, tiksotropik \u00f6zellikli, epoksi esasl\u0131 doyurma re\u00e7inesi ve yap\u0131\u015ft\u0131r\u0131c\u0131s\u0131d\u0131r. TEKNOWRAP 300 &#8216;\u00fcn beton y\u00fczeye yap\u0131\u015ft\u0131r\u0131larak uygulanmas\u0131nda kullan\u0131l\u0131r.<\/span><br style=\"outline: none; color: #000000; font-family: roboto, Verdana; font-size: 14px;\" \/><br style=\"outline: none; color: #000000; font-family: roboto, Verdana; font-size: 14px;\" \/><strong style=\"outline: 0px; margin: 0px; padding: 0px; border: 0px; font-size: 14px; vertical-align: baseline; background: 0px 0px; color: #000000; font-family: roboto, Verdana;\">Kullan\u0131m Alanlar\u0131<\/strong><br style=\"outline: none; color: #000000; font-family: roboto, Verdana; font-size: 14px;\" \/><span style=\"color: #000000; font-family: roboto, Verdana; font-size: 14px;\">\u2022 TEKNOWRAP elyaflar\u0131n\u0131n kuru uygulama y\u00f6ntemiyle uygulanmas\u0131nda,<\/span><br style=\"outline: none; color: #000000; font-family: roboto, Verdana; font-size: 14px;\" \/><span style=\"color: #000000; font-family: roboto, Verdana; font-size: 14px;\">\u2022 lslak uygulama sistemi i\u00e7in astar olarak,<\/span><br style=\"outline: none; color: #000000; font-family: roboto, Verdana; font-size: 14px;\" \/><span style=\"color: #000000; font-family: roboto, Verdana; font-size: 14px;\">\u2022 D\u00fczg\u00fcn y\u00fczeylere TEKNOBAR plakalar\u0131n\u0131n yap\u0131\u015ft\u0131r\u0131lmas\u0131nda kullan\u0131l\u0131r.<\/span><br style=\"outline: none; color: #000000; font-family: roboto, Verdana; font-size: 14px;\" \/><br style=\"outline: none; color: #000000; font-family: roboto, Verdana; font-size: 14px;\" \/><strong style=\"outline: 0px; margin: 0px; padding: 0px; border: 0px; font-size: 14px; vertical-align: baseline; background: 0px 0px; color: #000000; font-family: roboto, Verdana;\">\u00d6zellikleri ve Avantajlar\u0131<\/strong><br style=\"outline: none; color: #000000; font-family: roboto, Verdana; font-size: 14px;\" \/><span style=\"color: #000000; font-family: roboto, Verdana; font-size: 14px;\">\u2022 Kolay kar\u0131\u015ft\u0131r\u0131l\u0131r, mala ve doyurma rulosu ile uygulamas\u0131 kolayd\u0131r.<\/span><br style=\"outline: none; color: #000000; font-family: roboto, Verdana; font-size: 14px;\" \/><span style=\"color: #000000; font-family: roboto, Verdana; font-size: 14px;\">\u2022 Elle doyurma i\u015flemi i\u00e7indir.<\/span><br style=\"outline: none; color: #000000; font-family: roboto, Verdana; font-size: 14px;\" \/><span style=\"color: #000000; font-family: roboto, Verdana; font-size: 14px;\">\u2022 Mekanik dayan\u0131mlar\u0131 y\u00fcksektir.<\/span><br style=\"outline: none; color: #000000; font-family: roboto, Verdana; font-size: 14px;\" \/><span style=\"color: #000000; font-family: roboto, Verdana; font-size: 14px;\">\u2022 D\u00fc\u015fey ve ba\u015f \u00fcst\u00fc y\u00fczeylerde uygulan\u0131r.<\/span><br style=\"outline: none; color: #000000; font-family: roboto, Verdana; font-size: 14px;\" \/><span style=\"color: #000000; font-family: roboto, Verdana; font-size: 14px;\">\u2022 Bir\u00e7ok y\u00fczeye iyi aderans sa\u011flar.<\/span><br style=\"outline: none; color: #000000; font-family: roboto, Verdana; font-size: 14px;\" \/><span style=\"color: #000000; font-family: roboto, Verdana; font-size: 14px;\">\u2022 Y\u00fcksek mekanik \u00f6zelliklere sahiptir.<\/span><br style=\"outline: none; color: #000000; font-family: roboto, Verdana; font-size: 14px;\" \/><span style=\"color: #000000; font-family: roboto, Verdana; font-size: 14px;\">\u2022 Alt\u0131na ayr\u0131 bir astar uygulamas\u0131 gerekmez.<\/span><br style=\"outline: none; color: #000000; font-family: roboto, Verdana; font-size: 14px;\" \/><span style=\"color: #000000; font-family: roboto, Verdana; font-size: 14px;\">\u2022 Solventsizdir.<\/span><br style=\"outline: none; color: #000000; font-family: roboto, Verdana; font-size: 14px;\" \/><br style=\"outline: none; color: #000000; font-family: roboto, Verdana; font-size: 14px;\" \/><strong style=\"outline: 0px; margin: 0px; padding: 0px; border: 0px; font-size: 14px; vertical-align: baseline; background: 0px 0px; color: #000000; font-family: roboto, Verdana;\">Uygulama Talimatlar\u0131<\/strong><br style=\"outline: none; color: #000000; font-family: roboto, Verdana; font-size: 14px;\" \/><span style=\"color: #000000; font-family: roboto, Verdana; font-size: 14px;\">Y\u00fczey Kalitesi: Uygulama y\u00fczeyi her t\u00fcrl\u00fc toz, kir, zay\u0131f ve oynak par\u00e7ac\u0131klardan, \u00e7imento \u015ferbeti kal\u0131nt\u0131lar\u0131ndan, ya\u011f ve gresten ar\u0131nd\u0131r\u0131lm\u0131\u015f ve kuru olmal\u0131d\u0131r. Beton alt y\u00fczey temiz, sa\u011flam ve yeterli bas\u0131n\u00e7 dayan\u0131m\u0131na sahip (en az 25 N\/mm2), \u00e7ekme dayan\u0131m\u0131 (pull-off) en az 1,5 N\/mm2 olmal\u0131d\u0131r. Beton sa\u011flam ve yeterli mukavemete haiz olmal\u0131d\u0131r.<\/span><br style=\"outline: none; color: #000000; font-family: roboto, Verdana; font-size: 14px;\" \/><br style=\"outline: none; color: #000000; font-family: roboto, Verdana; font-size: 14px;\" \/><span style=\"color: #000000; font-family: roboto, Verdana; font-size: 14px;\">Y\u00fczey Haz\u0131rl\u0131\u011f\u0131: Uygulama y\u00fczeyi, en fazla yap\u0131\u015fma dayan\u0131m\u0131n\u0131 sa\u011flamak amac\u0131yla, bas\u0131n\u00e7l\u0131 hava tutma vb. y\u00f6ntemler kullan\u0131larak temizlenmi\u015f olmal\u0131d\u0131r. Zay\u0131f beton par\u00e7alar\u0131 k\u0131r\u0131l\u0131p y\u00fcksek mukavemetli tamir harc\u0131 ile tamir edilip eski haline getirilmelidir. Yap\u0131 eleman\u0131 \u00fczerindeki s\u0131va, boya kald\u0131r\u0131lmal\u0131, y\u00fczeyi temizlenmeli, gerekli tamiratlar yap\u0131lmal\u0131d\u0131r.<\/span><br style=\"outline: none; color: #000000; font-family: roboto, Verdana; font-size: 14px;\" \/><br style=\"outline: none; color: #000000; font-family: roboto, Verdana; font-size: 14px;\" \/><span style=\"color: #000000; font-family: roboto, Verdana; font-size: 14px;\">Kar\u0131\u015ft\u0131rma: B bile\u015feni A bile\u015fenine eklendikten sonra d\u00fc\u015f\u00fck h\u0131zl\u0131, elektrikli bir kar\u0131\u015ft\u0131r\u0131c\u0131 (en fazla 400 dev.\/dk) ile homojen bir renk elde edene kadar 2-3 dakika kar\u0131\u015ft\u0131r\u0131n\u0131z.<\/span><br style=\"outline: none; color: #000000; font-family: roboto, Verdana; font-size: 14px;\" \/><br style=\"outline: none; color: #000000; font-family: roboto, Verdana; font-size: 14px;\" \/><span style=\"color: #000000; font-family: roboto, Verdana; font-size: 14px;\">Uygulama Metodu \/ Ekipmanlar: Uygulamas\u0131 yap\u0131lacak yere g\u00f6re TEKNOWRAP 300 kesilerek haz\u0131r hale getirilir. Haz\u0131rlanan TEKNOBOND 300 TIX kar\u0131\u015f\u0131m\u0131, spatula ya da rulo ile betona s\u00fcr\u00fcl\u00fcr. Daha sonra TEKNOWRAP 300 \u00fczerine getirilip el ile epoksinin karbona iyice yap\u0131\u015ft\u0131r\u0131lmas\u0131 sa\u011flan\u0131r. Yap\u0131\u015ft\u0131rma esnas\u0131nda hafif t\u0131rt\u0131kl\u0131 plastik rulo ile alttaki epoksinin d\u0131\u015far\u0131ya \u00e7\u0131kmas\u0131 sa\u011flan\u0131r. Bu i\u015flem t\u00fcm y\u00fczeye homojen bir \u015fekilde epoksi \u00fcst y\u00fczeye \u00e7\u0131kacak \u015fekilde yap\u0131l\u0131r, epoksi yetersiz kal\u0131r ise tekrar Teknobond 300 TIX \u00e7ekilerek karbon lifleri epoksiye doyurulur.<\/span><br style=\"outline: none; color: #000000; font-family: roboto, Verdana; font-size: 14px;\" \/><br style=\"outline: none; color: #000000; font-family: roboto, Verdana; font-size: 14px;\" \/><span style=\"color: #000000; font-family: roboto, Verdana; font-size: 14px;\">Karbon lifleri yanmaz ancak epoksi belli bir s\u0131cakl\u0131ktan sonra alev alabilir. Bu nedenle karbon plaka \u00fczerine \u00e7ok ince epoksi s\u00fcrd\u00fckten sonra kuru halde kum serpilir, \u00fczerine s\u0131va yap\u0131l\u0131r. Serpilen kum karbon elyaf ile yap\u0131lacak s\u0131va aras\u0131nda aderans\u0131 sa\u011flar.<\/span><br style=\"outline: none; color: #000000; font-family: roboto, Verdana; font-size: 14px;\" \/><br style=\"outline: none; color: #000000; font-family: roboto, Verdana; font-size: 14px;\" \/><strong style=\"outline: 0px; margin: 0px; padding: 0px; border: 0px; font-size: 14px; vertical-align: baseline; background: 0px 0px; color: #000000; font-family: roboto, Verdana;\">Uygulama Notlar\u0131 \/ S\u0131n\u0131rlamalar<\/strong><br style=\"outline: none; color: #000000; font-family: roboto, Verdana; font-size: 14px;\" \/><span style=\"color: #000000; font-family: roboto, Verdana; font-size: 14px;\">\u2022 S\u0131cakl\u0131k (+)5\u00b0C &#8216;nin alt\u0131nda ise uygulanmamal\u0131d\u0131r.<\/span><br style=\"outline: none; color: #000000; font-family: roboto, Verdana; font-size: 14px;\" \/><span style=\"color: #000000; font-family: roboto, Verdana; font-size: 14px;\">\u2022 Solventsizdir, tinerle inceltilmez.<\/span><br style=\"outline: none; color: #000000; font-family: roboto, Verdana; font-size: 14px;\" \/><span style=\"color: #000000; font-family: roboto, Verdana; font-size: 14px;\">\u2022 Kar\u0131\u015ft\u0131rma ve uygulama i\u015flemlerini yaparken, cildinizi ve g\u00f6zlerinizi etkilenmekten korumak i\u00e7in lastik eldiven ve i\u015f g\u00f6zl\u00fc\u011f\u00fc kullan\u0131n\u0131z.<\/span><br style=\"outline: none; color: #000000; font-family: roboto, Verdana; font-size: 14px;\" \/><span style=\"color: #000000; font-family: roboto, Verdana; font-size: 14px;\">\u2022 \u00d6zellikle g\u00f6zler dikkatle korunmal\u0131d\u0131r.<\/span><br style=\"outline: none; color: #000000; font-family: roboto, Verdana; font-size: 14px;\" \/><span style=\"color: #000000; font-family: roboto, Verdana; font-size: 14px;\">\u2022 G\u00f6z\u00fcn\u00fcze s\u0131\u00e7rad\u0131\u011f\u0131 takdirde, yakla\u015f\u0131k 15 dakika bol su ile y\u0131kay\u0131n\u0131z ve hemen bir hekime ba\u015fvurunuz.<\/span><br style=\"outline: none; color: #000000; font-family: roboto, Verdana; font-size: 14px;\" \/><span style=\"color: #000000; font-family: roboto, Verdana; font-size: 14px;\">\u2022 G\u0131da maddelerinden ve \u00e7ocuklardan uzak tutunuz .<\/span><br style=\"outline: none; color: #000000; font-family: roboto, Verdana; font-size: 14px;\" \/><span style=\"color: #000000; font-family: roboto, Verdana; font-size: 14px;\">\u2022 Cilde temas eden yerler ve eller su ve sabun ile y\u0131kanmal\u0131d\u0131r. G\u00f6z ile temas halinde doktora ba\u015fvurunuz.<\/span><br style=\"outline: none; color: #000000; font-family: roboto, Verdana; font-size: 14px;\" \/><span style=\"color: #000000; font-family: roboto, Verdana; font-size: 14px;\">\u2022 Uygulamadan hemen sonra, hen\u00fcz sertle\u015fmeden; Aletler; Tekno Tiner ile temizlenmelidir. Sertle\u015fen epoksi harc\u0131 sadece mekanik olarak temizlenebilir.<\/span><\/p>\t\t\t\t\t\t\t\t<\/div>\n\t\t\t\t<\/div>\n\t\t\t\t\t<\/div>\n\t\t<\/div>\n\t\t\t\t\t<\/div>\n\t\t<\/section>\n\t\t\t\t<\/div>\n\t\t","protected":false},"excerpt":{"rendered":"<p>Teknobond 300 Tix Laminasyon Epoksisi Teknik D\u00f6k\u00fcmanlar: \u00a0 \u00a0 \u00a0TDS Teknik Dok\u00fcman Sayfas\u0131\u00a0\u00a0\u00a0 \u00a0 \u00dcr\u00fcn Tan\u0131m\u0131\u0130ki bile\u015fenli, solventsiz, tiksotropik \u00f6zellikli, epoksi esasl\u0131 doyurma re\u00e7inesi ve yap\u0131\u015ft\u0131r\u0131c\u0131s\u0131d\u0131r. TEKNOWRAP 300 &#8216;\u00fcn beton y\u00fczeye yap\u0131\u015ft\u0131r\u0131larak uygulanmas\u0131nda kullan\u0131l\u0131r.Kullan\u0131m Alanlar\u0131\u2022 TEKNOWRAP elyaflar\u0131n\u0131n kuru uygulama y\u00f6ntemiyle uygulanmas\u0131nda,\u2022 lslak uygulama sistemi i\u00e7in astar olarak,\u2022 D\u00fczg\u00fcn y\u00fczeylere TEKNOBAR plakalar\u0131n\u0131n yap\u0131\u015ft\u0131r\u0131lmas\u0131nda kullan\u0131l\u0131r.\u00d6zellikleri ve Avantajlar\u0131\u2022 Kolay kar\u0131\u015ft\u0131r\u0131l\u0131r, mala ve doyurma rulosu ile uygulamas\u0131 kolayd\u0131r.\u2022 Elle doyurma i\u015flemi i\u00e7indir.\u2022 Mekanik dayan\u0131mlar\u0131 y\u00fcksektir.\u2022 D\u00fc\u015fey ve ba\u015f \u00fcst\u00fc y\u00fczeylerde uygulan\u0131r.\u2022 Bir\u00e7ok y\u00fczeye iyi aderans sa\u011flar.\u2022 Y\u00fcksek mekanik \u00f6zelliklere sahiptir.\u2022 Alt\u0131na ayr\u0131 bir astar uygulamas\u0131 gerekmez.\u2022 Solventsizdir.Uygulama Talimatlar\u0131Y\u00fczey Kalitesi: Uygulama y\u00fczeyi her t\u00fcrl\u00fc toz, kir, zay\u0131f ve oynak par\u00e7ac\u0131klardan, \u00e7imento \u015ferbeti kal\u0131nt\u0131lar\u0131ndan, ya\u011f ve gresten ar\u0131nd\u0131r\u0131lm\u0131\u015f ve kuru olmal\u0131d\u0131r. Beton alt y\u00fczey temiz, sa\u011flam ve yeterli bas\u0131n\u00e7 dayan\u0131m\u0131na sahip (en az 25 N\/mm2), \u00e7ekme dayan\u0131m\u0131 (pull-off) en az 1,5 N\/mm2 olmal\u0131d\u0131r. Beton sa\u011flam ve yeterli mukavemete haiz olmal\u0131d\u0131r.Y\u00fczey Haz\u0131rl\u0131\u011f\u0131: Uygulama y\u00fczeyi, en fazla yap\u0131\u015fma [&hellip;]<\/p>\n","protected":false},"author":3,"featured_media":0,"parent":0,"menu_order":0,"comment_status":"closed","ping_status":"closed","template":"page-full.php","meta":{"_joinchat":[],"footnotes":""},"class_list":["post-15201","page","type-page","status-publish","hentry"],"_links":{"self":[{"href":"https:\/\/etkiinsaat.com.tr\/index.php?rest_route=\/wp\/v2\/pages\/15201","targetHints":{"allow":["GET"]}}],"collection":[{"href":"https:\/\/etkiinsaat.com.tr\/index.php?rest_route=\/wp\/v2\/pages"}],"about":[{"href":"https:\/\/etkiinsaat.com.tr\/index.php?rest_route=\/wp\/v2\/types\/page"}],"author":[{"embeddable":true,"href":"https:\/\/etkiinsaat.com.tr\/index.php?rest_route=\/wp\/v2\/users\/3"}],"replies":[{"embeddable":true,"href":"https:\/\/etkiinsaat.com.tr\/index.php?rest_route=%2Fwp%2Fv2%2Fcomments&post=15201"}],"version-history":[{"count":4,"href":"https:\/\/etkiinsaat.com.tr\/index.php?rest_route=\/wp\/v2\/pages\/15201\/revisions"}],"predecessor-version":[{"id":15207,"href":"https:\/\/etkiinsaat.com.tr\/index.php?rest_route=\/wp\/v2\/pages\/15201\/revisions\/15207"}],"wp:attachment":[{"href":"https:\/\/etkiinsaat.com.tr\/index.php?rest_route=%2Fwp%2Fv2%2Fmedia&parent=15201"}],"curies":[{"name":"wp","href":"https:\/\/api.w.org\/{rel}","templated":true}]}}