{"id":15372,"date":"2023-10-03T20:44:34","date_gmt":"2023-10-03T17:44:34","guid":{"rendered":"https:\/\/etkiinsaat.com.tr\/?page_id=15372"},"modified":"2023-10-03T20:49:47","modified_gmt":"2023-10-03T17:49:47","slug":"onduclair","status":"publish","type":"page","link":"https:\/\/etkiinsaat.com.tr\/?page_id=15372","title":{"rendered":"ONDUCLAIR"},"content":{"rendered":"\t\t<div data-elementor-type=\"wp-page\" data-elementor-id=\"15372\" class=\"elementor elementor-15372\">\n\t\t\t\t\t\t<section class=\"elementor-section elementor-top-section elementor-element elementor-element-68cc032 elementor-section-boxed elementor-section-height-default elementor-section-height-default\" data-id=\"68cc032\" data-element_type=\"section\" data-e-type=\"section\">\n\t\t\t\t\t\t<div class=\"elementor-container elementor-column-gap-default\">\n\t\t\t\t\t<div class=\"elementor-column elementor-col-33 elementor-top-column elementor-element elementor-element-503620b\" data-id=\"503620b\" data-element_type=\"column\" data-e-type=\"column\">\n\t\t\t<div class=\"elementor-widget-wrap elementor-element-populated\">\n\t\t\t\t\t\t<div class=\"elementor-element elementor-element-7e8bc28 elementor-widget elementor-widget-heading\" data-id=\"7e8bc28\" data-element_type=\"widget\" data-e-type=\"widget\" data-widget_type=\"heading.default\">\n\t\t\t\t<div class=\"elementor-widget-container\">\n\t\t\t\t\t<h2 class=\"elementor-heading-title elementor-size-default\">ONDUCLAIR<\/h2>\t\t\t\t<\/div>\n\t\t\t\t<\/div>\n\t\t\t\t<div class=\"elementor-element elementor-element-d3c663f elementor-widget elementor-widget-image\" data-id=\"d3c663f\" data-element_type=\"widget\" data-e-type=\"widget\" data-widget_type=\"image.default\">\n\t\t\t\t<div class=\"elementor-widget-container\">\n\t\t\t\t\t\t\t\t\t\t\t\t\t\t\t<img fetchpriority=\"high\" decoding=\"async\" width=\"620\" height=\"434\" src=\"https:\/\/etkiinsaat.com.tr\/wp-content\/uploads\/2023\/10\/onduclair-pc-pool_1_2.jpg\" class=\"attachment-full size-full wp-image-15377\" alt=\"\" srcset=\"https:\/\/etkiinsaat.com.tr\/wp-content\/uploads\/2023\/10\/onduclair-pc-pool_1_2.jpg 620w, https:\/\/etkiinsaat.com.tr\/wp-content\/uploads\/2023\/10\/onduclair-pc-pool_1_2-300x210.jpg 300w, https:\/\/etkiinsaat.com.tr\/wp-content\/uploads\/2023\/10\/onduclair-pc-pool_1_2-287x201.jpg 287w, https:\/\/etkiinsaat.com.tr\/wp-content\/uploads\/2023\/10\/onduclair-pc-pool_1_2-574x402.jpg 574w, https:\/\/etkiinsaat.com.tr\/wp-content\/uploads\/2023\/10\/onduclair-pc-pool_1_2-500x350.jpg 500w, https:\/\/etkiinsaat.com.tr\/wp-content\/uploads\/2023\/10\/onduclair-pc-pool_1_2-450x315.jpg 450w, https:\/\/etkiinsaat.com.tr\/wp-content\/uploads\/2023\/10\/onduclair-pc-pool_1_2-407x285.jpg 407w, https:\/\/etkiinsaat.com.tr\/wp-content\/uploads\/2023\/10\/onduclair-pc-pool_1_2-143x100.jpg 143w\" sizes=\"(max-width: 620px) 100vw, 620px\" \/>\t\t\t\t\t\t\t\t\t\t\t\t\t\t\t<\/div>\n\t\t\t\t<\/div>\n\t\t\t\t<div class=\"elementor-element elementor-element-1cb9e96 elementor-widget elementor-widget-text-editor\" data-id=\"1cb9e96\" data-element_type=\"widget\" data-e-type=\"widget\" data-widget_type=\"text-editor.default\">\n\t\t\t\t<div class=\"elementor-widget-container\">\n\t\t\t\t\t\t\t\t\t<div style=\"color: #1c1b1b;\"><span class=\"label\" style=\"display: inline; margin: 0px; padding: 0px; font-size: 16px; font-weight: bold; color: #212529; font-family: Barlow, Arial, sans-serif, 'Apple Color Emoji', 'Segoe UI Emoji', 'Segoe UI Symbol', 'Noto Color Emoji'; background-color: #f4f5f5;\">Renkler<\/span><span style=\"color: #212529; font-family: Barlow, Arial, sans-serif, 'Apple Color Emoji', 'Segoe UI Emoji', 'Segoe UI Symbol', 'Noto Color Emoji'; font-size: 16px; background-color: #f4f5f5;\">\u00a0<\/span><span style=\"color: #444444; font-family: 'Open Sans', sans-serif;\"><span style=\"font-size: 14px;\"><span style=\"font-weight: bold;\">:<\/span><\/span><\/span><\/div><p>Kristal<\/p><p>Opal<\/p><p>Opak Beyaz<\/p>\t\t\t\t\t\t\t\t<\/div>\n\t\t\t\t<\/div>\n\t\t\t\t\t<\/div>\n\t\t<\/div>\n\t\t\t\t<div class=\"elementor-column elementor-col-66 elementor-top-column elementor-element elementor-element-f7b1907\" data-id=\"f7b1907\" data-element_type=\"column\" data-e-type=\"column\">\n\t\t\t<div class=\"elementor-widget-wrap elementor-element-populated\">\n\t\t\t\t\t\t<div class=\"elementor-element elementor-element-21d6b79 elementor-widget elementor-widget-text-editor\" data-id=\"21d6b79\" data-element_type=\"widget\" data-e-type=\"widget\" data-widget_type=\"text-editor.default\">\n\t\t\t\t<div class=\"elementor-widget-container\">\n\t\t\t\t\t\t\t\t\t<p style=\"margin-right: 0px; margin-bottom: 10px; margin-left: 0px; line-height: 24px; color: #444444; font-family: 'Open Sans', sans-serif; font-size: 14px;\"><span style=\"font-weight: 600;\">Tan\u0131m\u0131:&nbsp;<\/span><\/p>\n<ul style=\"box-sizing: inherit; margin-right: 0px; margin-bottom: 0px; margin-left: 1.25rem; padding: 0px; list-style-position: outside; line-height: 1.45; list-style-type: square; color: #000000; font-family: 'Klavika Light';\">\n<li style=\"box-sizing: inherit; margin: 0px; padding: 0px;\">\n<div style=\"font-size: 1.3125rem; box-sizing: inherit; margin: 0px 0px 30px; padding: 0px;\">\n<div style=\"box-sizing: inherit; margin: 0px; padding: 0px;\">\n<p style=\"box-sizing: inherit; margin-right: 0px; margin-bottom: 1rem; margin-left: 0px; padding: 0px; font-size: 1.13125rem; line-height: 1.45; text-rendering: optimizelegibility; display: -webkit-box; -webkit-box-orient: vertical; overflow: hidden;\" data-lines=\"3\" data-read-more=\"Daha fazla oku\" data-read-less=\"Daha az oku\"><span style=\"color: rgb(33, 37, 41); font-family: Barlow, Arial, sans-serif, &quot;Apple Color Emoji&quot;, &quot;Segoe UI Emoji&quot;, &quot;Segoe UI Symbol&quot;, &quot;Noto Color Emoji&quot;; font-size: 16px; background-color: rgb(244, 245, 245);\">ONDUCLAIR \u0131\u015f\u0131k ge\u00e7irgenli\u011finin yan\u0131 s\u0131ra g\u00fcne\u015fin zararl\u0131 etkilerine kar\u015f\u0131 da koruma sa\u011flar. ONDUCLAIR ayn\u0131 anda hem \u00e7ekici, hem de dayan\u0131kl\u0131 bir \u00e7\u00f6z\u00fcmd\u00fcr.<\/span><br><\/p>\n<\/div>\n<\/div>\n<\/li>\n<\/ul>\n<div style=\"text-indent: -32px;\"><span style=\"color: #000000; font-family: Klavika Light;\"><span style=\"font-size: 18.1px;\">&nbsp; &nbsp; &nbsp; &nbsp; &nbsp;&nbsp;<\/span><\/span><\/div>\n<div style=\"color: #444444; font-family: 'Open Sans', sans-serif; font-size: 14px;\">\n<div>&nbsp;<span style=\"color: #212529; font-family: Barlow, Arial, sans-serif, 'Apple Color Emoji', 'Segoe UI Emoji', 'Segoe UI Symbol', 'Noto Color Emoji'; font-size: 2.5rem; text-align: var(--bs-body-text-align);\">A\u00e7\u0131klama<\/span><\/div>\n<div style=\"color: #212529; font-family: Barlow, Arial, sans-serif, 'Apple Color Emoji', 'Segoe UI Emoji', 'Segoe UI Symbol', 'Noto Color Emoji'; font-size: 16px;\">\n<div>\n<div style=\"margin-top: 0px; margin-bottom: 1rem; line-height: 1.2; font-size: 1.5rem;\">\u00dcr\u00fcn Avantajlar\u0131<\/div>\n<\/div>\n<div style=\"margin-top: 0px; margin-bottom: 1rem; line-height: 1.2; font-size: 1.5rem;\">\n<div style=\"font-size: 16px;\">\n<div style=\"--bs-gutter-x: 1.5rem; --bs-gutter-y: 0; margin-top: calc(-1 * var(--bs-gutter-y)); margin-right: calc(-.5 * var(--bs-gutter-x)); margin-left: calc(-.5 * var(--bs-gutter-x));\">\n<div style=\"width: 650.037px; padding-right: calc(var(--bs-gutter-x) * .5); padding-left: calc(var(--bs-gutter-x) * .5);\">\n<div>\n<div style=\"display: flex; align-items: flex-start;\"><br><\/div>\n<\/div>\n<\/div>\n<\/div>\n<\/div>\n<div style=\"font-size: 16px;\">\n<div>\n<\/div>\n<\/div>\n<\/div>\n<\/div>\n<\/div>\n<div>&nbsp;<span style=\"color: rgb(33, 37, 41); font-family: Barlow, Arial, sans-serif, &quot;Apple Color Emoji&quot;, &quot;Segoe UI Emoji&quot;, &quot;Segoe UI Symbol&quot;, &quot;Noto Color Emoji&quot;; font-size: 16px; font-weight: var( --e-global-typography-text-font-weight ); text-align: var(--bs-body-text-align);\">90% I\u015f\u0131k ge\u00e7irgen<\/span><\/div><div class=\"benefits__wrapper\" style=\"color: rgb(33, 37, 41); font-family: Barlow, Arial, sans-serif, &quot;Apple Color Emoji&quot;, &quot;Segoe UI Emoji&quot;, &quot;Segoe UI Symbol&quot;, &quot;Noto Color Emoji&quot;; font-size: 16px;\"><div class=\"benefits__elements row justify-content-between\" style=\"--bs-gutter-x: 1.5rem; --bs-gutter-y: 0; margin-top: calc(-1 * var(--bs-gutter-y)); margin-right: calc(-.5 * var(--bs-gutter-x)); margin-left: calc(-.5 * var(--bs-gutter-x));\"><div class=\"my-4 col-sm-5\" style=\"width: 650.037px; padding-right: calc(var(--bs-gutter-x) * .5); padding-left: calc(var(--bs-gutter-x) * .5);\"><div class=\"field field--name-field-product-benefits field--type-string field--label-hidden field__items\"><div class=\"field__item\" style=\"display: flex; align-items: flex-start;\">UV Dayan\u0131ml\u0131<\/div><div class=\"field__item\" style=\"display: flex; align-items: flex-start;\">Y\u00fcksek darbe dayan\u0131ml\u0131<\/div><div class=\"field__item\" style=\"display: flex; align-items: flex-start;\">10 y\u0131l garanti<\/div><\/div><\/div><div class=\"benefits__icons col-sm-7 row\" style=\"--bs-gutter-x: 1.5rem; --bs-gutter-y: 0; margin-top: var(--bs-gutter-y); margin-right: calc(-.5 * var(--bs-gutter-x)); margin-left: calc(-.5 * var(--bs-gutter-x)); width: 910.05px; padding-right: calc(var(--bs-gutter-x) * .5); padding-left: calc(var(--bs-gutter-x) * .5); justify-content: flex-end;\"><\/div><\/div><\/div><div class=\"description__body\" style=\"color: rgb(33, 37, 41); font-family: Barlow, Arial, sans-serif, &quot;Apple Color Emoji&quot;, &quot;Segoe UI Emoji&quot;, &quot;Segoe UI Symbol&quot;, &quot;Noto Color Emoji&quot;; font-size: 16px;\"><div class=\"field field--name-field-product-collapse-title field--type-string field--label-hidden field__item\">ONDUCLAIR\u2018in \u00fcst\u00fcn \u0131\u015f\u0131k ge\u00e7irgenli\u011fi, uygun bir ortamda g\u00f6rsel a\u00e7\u0131dan konfor ve verimlilik yarat\u0131r.<\/div><div class=\"clearfix text-formatted field field--name-field-product-collapse-descripti field--type-text-long field--label-hidden field__item\"><p style=\"margin-right: 0px; margin-bottom: 1rem; margin-left: 0px;\"><br>Saydam tip polikarbonat levhalar \u00fcst\u00fcn kaliteleriyle %90 \u0131\u015f\u0131k ge\u00e7irgenli\u011fine olanak verir ve bu \u00f6zelli\u011fini y\u0131llar boyu korur. Polikarbonat 10 y\u0131l ya\u015fland\u0131ktan sonra bile %80 \u0131\u015f\u0131k ger\u00e7irgenli\u011fine sahiptir.<\/p><p style=\"margin-right: 0px; margin-bottom: 1rem; margin-left: 0px;\">Darbe dayan\u0131m\u0131 y\u00fcksektir, 135 m\/s h\u0131zla \u00e7arpan dolu etkisiyle tahrip olmaz.<\/p><p style=\"margin-right: 0px; margin-bottom: 1rem; margin-left: 0px;\">30 C ile +130 C aras\u0131ndaki s\u0131cakl\u0131klarda kullan\u0131labilir.<\/p><p style=\"margin-right: 0px; margin-bottom: 1rem; margin-left: 0px;\">Polikarbonat UV (ultraviyole) \u0131\u015f\u0131nlar\u0131n\u0131 ge\u00e7irmez.<\/p><\/div><\/div>\t\t\t\t\t\t\t\t<\/div>\n\t\t\t\t<\/div>\n\t\t\t\t\t<\/div>\n\t\t<\/div>\n\t\t\t\t\t<\/div>\n\t\t<\/section>\n\t\t\t\t<\/div>\n\t\t","protected":false},"excerpt":{"rendered":"<p>ONDUCLAIR Renkler\u00a0: Kristal Opal Opak Beyaz Tan\u0131m\u0131:&nbsp; ONDUCLAIR \u0131\u015f\u0131k ge\u00e7irgenli\u011finin yan\u0131 s\u0131ra g\u00fcne\u015fin zararl\u0131 etkilerine kar\u015f\u0131 da koruma sa\u011flar. ONDUCLAIR ayn\u0131 anda hem \u00e7ekici, hem de dayan\u0131kl\u0131 bir \u00e7\u00f6z\u00fcmd\u00fcr. &nbsp; &nbsp; &nbsp; &nbsp; &nbsp;&nbsp; &nbsp;A\u00e7\u0131klama \u00dcr\u00fcn Avantajlar\u0131 &nbsp;90% I\u015f\u0131k ge\u00e7irgenUV Dayan\u0131ml\u0131Y\u00fcksek darbe dayan\u0131ml\u013110 y\u0131l garantiONDUCLAIR\u2018in \u00fcst\u00fcn \u0131\u015f\u0131k ge\u00e7irgenli\u011fi, uygun bir ortamda g\u00f6rsel a\u00e7\u0131dan konfor ve verimlilik yarat\u0131r. Saydam tip polikarbonat levhalar \u00fcst\u00fcn kaliteleriyle %90 \u0131\u015f\u0131k ge\u00e7irgenli\u011fine olanak verir ve bu \u00f6zelli\u011fini y\u0131llar boyu korur. Polikarbonat 10 y\u0131l ya\u015fland\u0131ktan sonra bile %80 \u0131\u015f\u0131k ger\u00e7irgenli\u011fine sahiptir. Darbe dayan\u0131m\u0131 y\u00fcksektir, 135 m\/s h\u0131zla \u00e7arpan dolu etkisiyle tahrip olmaz. 30 C ile +130 C aras\u0131ndaki s\u0131cakl\u0131klarda kullan\u0131labilir. Polikarbonat UV (ultraviyole) \u0131\u015f\u0131nlar\u0131n\u0131 ge\u00e7irmez.<\/p>\n","protected":false},"author":3,"featured_media":0,"parent":0,"menu_order":0,"comment_status":"closed","ping_status":"closed","template":"page-full.php","meta":{"_joinchat":[],"footnotes":""},"class_list":["post-15372","page","type-page","status-publish","hentry"],"_links":{"self":[{"href":"https:\/\/etkiinsaat.com.tr\/index.php?rest_route=\/wp\/v2\/pages\/15372","targetHints":{"allow":["GET"]}}],"collection":[{"href":"https:\/\/etkiinsaat.com.tr\/index.php?rest_route=\/wp\/v2\/pages"}],"about":[{"href":"https:\/\/etkiinsaat.com.tr\/index.php?rest_route=\/wp\/v2\/types\/page"}],"author":[{"embeddable":true,"href":"https:\/\/etkiinsaat.com.tr\/index.php?rest_route=\/wp\/v2\/users\/3"}],"replies":[{"embeddable":true,"href":"https:\/\/etkiinsaat.com.tr\/index.php?rest_route=%2Fwp%2Fv2%2Fcomments&post=15372"}],"version-history":[{"count":7,"href":"https:\/\/etkiinsaat.com.tr\/index.php?rest_route=\/wp\/v2\/pages\/15372\/revisions"}],"predecessor-version":[{"id":15393,"href":"https:\/\/etkiinsaat.com.tr\/index.php?rest_route=\/wp\/v2\/pages\/15372\/revisions\/15393"}],"wp:attachment":[{"href":"https:\/\/etkiinsaat.com.tr\/index.php?rest_route=%2Fwp%2Fv2%2Fmedia&parent=15372"}],"curies":[{"name":"wp","href":"https:\/\/api.w.org\/{rel}","templated":true}]}}