{"id":15655,"date":"2023-10-03T22:21:40","date_gmt":"2023-10-03T19:21:40","guid":{"rendered":"https:\/\/etkiinsaat.com.tr\/?page_id=15655"},"modified":"2023-10-03T22:22:51","modified_gmt":"2023-10-03T19:22:51","slug":"tekno-makine-sivasi","status":"publish","type":"page","link":"https:\/\/etkiinsaat.com.tr\/?page_id=15655","title":{"rendered":"Tekno Makine S\u0131vas\u0131"},"content":{"rendered":"\t\t<div data-elementor-type=\"wp-page\" data-elementor-id=\"15655\" class=\"elementor elementor-15655\">\n\t\t\t\t\t\t<section class=\"elementor-section elementor-top-section elementor-element elementor-element-63a0ad1 elementor-section-boxed elementor-section-height-default elementor-section-height-default\" data-id=\"63a0ad1\" data-element_type=\"section\" data-e-type=\"section\">\n\t\t\t\t\t\t<div class=\"elementor-container elementor-column-gap-default\">\n\t\t\t\t\t<div class=\"elementor-column elementor-col-33 elementor-top-column elementor-element elementor-element-716b0aa\" data-id=\"716b0aa\" data-element_type=\"column\" data-e-type=\"column\">\n\t\t\t<div class=\"elementor-widget-wrap elementor-element-populated\">\n\t\t\t\t\t\t<div class=\"elementor-element elementor-element-5a6d569 elementor-widget elementor-widget-heading\" data-id=\"5a6d569\" data-element_type=\"widget\" data-e-type=\"widget\" data-widget_type=\"heading.default\">\n\t\t\t\t<div class=\"elementor-widget-container\">\n\t\t\t\t\t<h2 class=\"elementor-heading-title elementor-size-default\">Tekno Makine S\u0131vas\u0131<\/h2>\t\t\t\t<\/div>\n\t\t\t\t<\/div>\n\t\t\t\t<div class=\"elementor-element elementor-element-30f8e43 elementor-widget elementor-widget-image\" data-id=\"30f8e43\" data-element_type=\"widget\" data-e-type=\"widget\" data-widget_type=\"image.default\">\n\t\t\t\t<div class=\"elementor-widget-container\">\n\t\t\t\t\t\t\t\t\t\t\t\t\t\t\t<img fetchpriority=\"high\" decoding=\"async\" width=\"250\" height=\"250\" src=\"https:\/\/etkiinsaat.com.tr\/wp-content\/uploads\/2023\/10\/thumb_tekno_makine_sivasijpg20201215023542.jpg\" class=\"attachment-full size-full wp-image-15657\" alt=\"\" srcset=\"https:\/\/etkiinsaat.com.tr\/wp-content\/uploads\/2023\/10\/thumb_tekno_makine_sivasijpg20201215023542.jpg 250w, https:\/\/etkiinsaat.com.tr\/wp-content\/uploads\/2023\/10\/thumb_tekno_makine_sivasijpg20201215023542-150x150.jpg 150w, https:\/\/etkiinsaat.com.tr\/wp-content\/uploads\/2023\/10\/thumb_tekno_makine_sivasijpg20201215023542-201x201.jpg 201w, https:\/\/etkiinsaat.com.tr\/wp-content\/uploads\/2023\/10\/thumb_tekno_makine_sivasijpg20201215023542-100x100.jpg 100w\" sizes=\"(max-width: 250px) 100vw, 250px\" \/>\t\t\t\t\t\t\t\t\t\t\t\t\t\t\t<\/div>\n\t\t\t\t<\/div>\n\t\t\t\t\t<\/div>\n\t\t<\/div>\n\t\t\t\t<div class=\"elementor-column elementor-col-66 elementor-top-column elementor-element elementor-element-37bff6b\" data-id=\"37bff6b\" data-element_type=\"column\" data-e-type=\"column\">\n\t\t\t<div class=\"elementor-widget-wrap elementor-element-populated\">\n\t\t\t\t\t\t<div class=\"elementor-element elementor-element-e1487bc elementor-widget elementor-widget-image\" data-id=\"e1487bc\" data-element_type=\"widget\" data-e-type=\"widget\" data-widget_type=\"image.default\">\n\t\t\t\t<div class=\"elementor-widget-container\">\n\t\t\t\t\t\t\t\t\t\t\t\t\t\t\t<img decoding=\"async\" width=\"640\" height=\"250\" src=\"https:\/\/etkiinsaat.com.tr\/wp-content\/uploads\/2023\/10\/165-2.jpg\" class=\"attachment-full size-full wp-image-15159\" alt=\"\" srcset=\"https:\/\/etkiinsaat.com.tr\/wp-content\/uploads\/2023\/10\/165-2.jpg 640w, https:\/\/etkiinsaat.com.tr\/wp-content\/uploads\/2023\/10\/165-2-300x117.jpg 300w, https:\/\/etkiinsaat.com.tr\/wp-content\/uploads\/2023\/10\/165-2-303x118.jpg 303w, https:\/\/etkiinsaat.com.tr\/wp-content\/uploads\/2023\/10\/165-2-606x237.jpg 606w, https:\/\/etkiinsaat.com.tr\/wp-content\/uploads\/2023\/10\/165-2-530x207.jpg 530w, https:\/\/etkiinsaat.com.tr\/wp-content\/uploads\/2023\/10\/165-2-450x176.jpg 450w, https:\/\/etkiinsaat.com.tr\/wp-content\/uploads\/2023\/10\/165-2-500x195.jpg 500w, https:\/\/etkiinsaat.com.tr\/wp-content\/uploads\/2023\/10\/165-2-150x59.jpg 150w\" sizes=\"(max-width: 640px) 100vw, 640px\" \/>\t\t\t\t\t\t\t\t\t\t\t\t\t\t\t<\/div>\n\t\t\t\t<\/div>\n\t\t\t\t<div class=\"elementor-element elementor-element-17413f8 elementor-widget elementor-widget-text-editor\" data-id=\"17413f8\" data-element_type=\"widget\" data-e-type=\"widget\" data-widget_type=\"text-editor.default\">\n\t\t\t\t<div class=\"elementor-widget-container\">\n\t\t\t\t\t\t\t\t\t<p style=\"margin-right: 0px; margin-bottom: 10px; margin-left: 0px; line-height: 24px; color: #444444; font-family: 'Open Sans', sans-serif; font-size: 14px;\"><strong style=\"outline: 0px; margin: 0px; padding: 0px; border: 0px; vertical-align: baseline; background: 0px 0px; color: #000000; font-family: roboto, Verdana;\">\u00dcr\u00fcn Tan\u0131m\u0131<\/strong><br style=\"outline: none; color: #000000; font-family: roboto, Verdana;\" \/><span style=\"color: #000000; font-family: roboto, Verdana;\">\u0130\u00e7 ve d\u0131\u015f mekanlarda beton y\u00fczeylere malzemelerinin \u00fczerinin kaplanmas\u0131nda kullan\u0131lan,\u00a0y\u00fczeyin mukavemetini artt\u0131ran, \u00e7imento esasl\u0131, \u00f6zel bir s\u0131vad\u0131r.<\/span><br style=\"outline: none; color: #000000; font-family: roboto, Verdana;\" \/><br style=\"outline: none; color: #000000; font-family: roboto, Verdana;\" \/><strong style=\"outline: 0px; margin: 0px; padding: 0px; border: 0px; vertical-align: baseline; background: 0px 0px; color: #000000; font-family: roboto, Verdana;\">Kullan\u0131m Alanlar\u0131<\/strong><br style=\"outline: none; color: #000000; font-family: roboto, Verdana;\" \/><span style=\"color: #000000; font-family: roboto, Verdana;\">\u2022 Konutlar, al\u0131\u015fveri\u015f merkezleri ve hastaneler,<\/span><br style=\"outline: none; color: #000000; font-family: roboto, Verdana;\" \/><span style=\"color: #000000; font-family: roboto, Verdana;\">\u2022 Yatay, d\u00fc\u015fey ve ba\u015f \u00fcst\u00fc uygulamalarda,<\/span><br style=\"outline: none; color: #000000; font-family: roboto, Verdana;\" \/><span style=\"color: #000000; font-family: roboto, Verdana;\">\u2022 Her t\u00fcrl\u00fc betonarme m\u00fchendislik yap\u0131s\u0131nda,<\/span><br style=\"outline: none; color: #000000; font-family: roboto, Verdana;\" \/><span style=\"color: #000000; font-family: roboto, Verdana;\">\u2022 Temellerde, t\u00fcnellerde ve yol kenar\u0131 \u015fevlerinde kullan\u0131l\u0131r.<\/span><br style=\"outline: none; color: #000000; font-family: roboto, Verdana;\" \/><br style=\"outline: none; color: #000000; font-family: roboto, Verdana;\" \/><strong style=\"outline: 0px; margin: 0px; padding: 0px; border: 0px; vertical-align: baseline; background: 0px 0px; color: #000000; font-family: roboto, Verdana;\">\u00d6zellikleri ve\u00a0Avantajlar\u0131<br style=\"outline: none;\" \/><\/strong><span style=\"color: #000000; font-family: roboto, Verdana;\">\u2022 Y\u00fcksek tutunma g\u00fcc\u00fcne sahiptir.<\/span><br style=\"outline: none; color: #000000; font-family: roboto, Verdana;\" \/><span style=\"color: #000000; font-family: roboto, Verdana;\">\u2022 Zaman ve i\u015f\u00e7iIikten tasarruf sa\u011flar.<\/span><br style=\"outline: none; color: #000000; font-family: roboto, Verdana;\" \/><span style=\"color: #000000; font-family: roboto, Verdana;\">\u2022 Uygulamas\u0131 ve \u015fekil verilebilmesi kolayd\u0131r.<\/span><br style=\"outline: none; color: #000000; font-family: roboto, Verdana;\" \/><span style=\"color: #000000; font-family: roboto, Verdana;\">\u2022 Buhar ge\u00e7irgenli\u011fine sahiptir.<\/span><br style=\"outline: none; color: #000000; font-family: roboto, Verdana;\" \/><span style=\"color: #000000; font-family: roboto, Verdana;\">\u2022 Yan\u0131c\u0131 de\u011fildir.<\/span><br style=\"outline: none; color: #000000; font-family: roboto, Verdana;\" \/><br style=\"outline: none; color: #000000; font-family: roboto, Verdana;\" \/><strong style=\"outline: 0px; margin: 0px; padding: 0px; border: 0px; vertical-align: baseline; background: 0px 0px; color: #000000; font-family: roboto, Verdana;\">Uygulama Talimatlar\u0131<\/strong><br style=\"outline: none; color: #000000; font-family: roboto, Verdana;\" \/><span style=\"color: #000000; font-family: roboto, Verdana;\">Y\u00fczey Kalitesi: Y\u00fczeyler temiz, d\u00fczg\u00fcn, sa\u011flam, her t\u00fcrl\u00fc toz, ya\u011f, kir, pas, kal\u0131p ya\u011f\u0131, deterjan gibi benzeri yap\u0131\u015fmay\u0131 engelleyici maddelerden ve at\u0131klardan ar\u0131nd\u0131r\u0131lmal\u0131d\u0131r. Y\u00fczeyler d\u00fczg\u00fcn\u00a0olmal\u0131d\u0131r, zay\u0131f par\u00e7alar \u00e7\u0131kart\u0131lmal\u0131d\u0131r.<\/span><br style=\"outline: none; color: #000000; font-family: roboto, Verdana;\" \/><br style=\"outline: none; color: #000000; font-family: roboto, Verdana;\" \/><span style=\"color: #000000; font-family: roboto, Verdana;\">Y\u00fczey Haz\u0131rl\u0131\u011f\u0131: A\u015f\u0131r\u0131 s\u0131cak havalarda, kuru ve emici y\u00fczeyler uygulama \u00f6ncesinde \u0131slat\u0131lmal\u0131d\u0131r. Br\u00fct beton, gaz beton ve gerekli y\u00fczeyler \u00f6n serpme ya da uygun astar ile s\u0131vaya haz\u0131rlanmal\u0131d\u0131r.\u00a0\u00d6n serpme ya da astar, uygulama y\u00fczeyini %100 kapatm\u0131\u015f ve tamamen kurumu\u015f olmal\u0131d\u0131r.\u00a0Tu\u011fla duvar \u00fczerine do\u011frudan uygulanabilir. Uygun s\u0131va makineleri ile uygulanabilir. S\u0131va makinesi ile uygulanan malzeme, t\u00fcm y\u00fczeye e\u015fit miktarda at\u0131lmal\u0131d\u0131r. Uygulama sonras\u0131 y\u00fczey mastar ile d\u00fczeltilmelidir. Y\u00fczey sertle\u015fince uygun bir el aleti ile y\u00fczeydeki bozukluklar al\u0131n\u0131r (raspalan\u0131r), s\u0131va y\u00fczeyi hafif\u00e7e \u0131slat\u0131l\u0131r ve bir s\u00fcnger yard\u0131m\u0131 ile d\u00fczeltilir. S\u0131va uygulama kal\u0131nl\u0131\u011f\u0131 tek seferde 25 mm &#8216;yi ge\u00e7memelidir. Daha kal\u0131n s\u0131va katman\u0131 olu\u015fturmak i\u00e7in ilk uygulanan katman\u0131n \u00fcst katman\u0131 ta\u015f\u0131yabilir hale gelmesi (en az 1 g\u00fcn) gerekir. Tavsiye edilen maksimum s\u0131va kal\u0131nl\u0131\u011f\u0131 50 mm olup, ikinci katmanda gerekirse file kullan\u0131m\u0131 \u00f6nerilir. Kuruma s\u00fcresi boyunca gerek duyulduk\u00e7a s\u0131van\u0131n \u0131slat\u0131lmas\u0131 tavsiye edilir. Uygulama veya kuruma esnas\u0131nda \u00e7evre s\u0131cakl\u0131\u011f\u0131 ve y\u00fczey s\u0131cakl\u0131\u011f\u0131 en az (+)5 \u00b0C en \u00e7ok (+)35 \u00b0C aras\u0131nda olmal\u0131d\u0131r.<\/span><br style=\"outline: none; color: #000000; font-family: roboto, Verdana;\" \/><br style=\"outline: none; color: #000000; font-family: roboto, Verdana;\" \/><strong style=\"outline: 0px; margin: 0px; padding: 0px; border: 0px; vertical-align: baseline; background: 0px 0px; color: #000000; font-family: roboto, Verdana;\">Uygulama Notlar\u0131 \/\u00a0S\u0131n\u0131rlamalar<\/strong><br style=\"outline: none; color: #000000; font-family: roboto, Verdana;\" \/><span style=\"color: #000000; font-family: roboto, Verdana;\">\u2022 \u00dcr\u00fcn prizini alana kadar dondan korunmal\u0131d\u0131r. Yap\u0131lan uygulama tam kuruma s\u00fcresi tamamlan\u0131ncaya kadar ya\u011fmur veya \u00e7e\u015fitli sebeplere ba\u011fl\u0131 \u0131slanmaya kar\u015f\u0131 korunmal\u0131d\u0131r.<\/span><br style=\"outline: none; color: #000000; font-family: roboto, Verdana;\" \/><span style=\"color: #000000; font-family: roboto, Verdana;\">\u2022 \u00c7evre ve y\u00fczey s\u0131cakl\u0131\u011f\u0131n\u0131n (+)35 \u00b0C &#8216;nin \u00fczerine \u00e7\u0131kmas\u0131 durumunda ani su kayb\u0131n\u0131 \u00f6nlemek ve s\u0131van\u0131n sa\u011fl\u0131kl\u0131 priz almas\u0131n\u0131 sa\u011flamak i\u00e7in y\u00fczey belirli aral\u0131klarla spreyleme y\u00f6ntemi ile (tazyiksiz su ile) nemlendirilmelidir.<\/span><br style=\"outline: none; color: #000000; font-family: roboto, Verdana;\" \/><span style=\"color: #000000; font-family: roboto, Verdana;\">\u2022 \u00dcr\u00fcn cilde temasta tahri\u015f yapabilir. \u0130\u015f elbisesi, koruyucu eldiven, maske ve g\u00f6zl\u00fck kullan\u0131lmal\u0131d\u0131r. \u0130\u015fe ba\u015flamadan \u00f6nce ele koruyucu krem de s\u00fcr\u00fclebilir. Harc\u0131n g\u00f6zle temas\u0131 halinde g\u00f6zler derhal \u0131l\u0131k su ile y\u0131kanmal\u0131 ve doktora ba\u015fvurulmal\u0131d\u0131r.<\/span><br style=\"outline: none; color: #000000; font-family: roboto, Verdana;\" \/><span style=\"color: #000000; font-family: roboto, Verdana;\">\u2022 \u00dcr\u00fcnler (Mevcut ortam \u015fartlar\u0131nda s\u00fcresi de\u011fi\u015fmek \u00fczere) tam kurumadan bir sonraki\u00a0katman\/\u00fcr\u00fcn uygulamas\u0131na ge\u00e7ilmemelidir.<\/span><br style=\"outline: none; color: #000000; font-family: roboto, Verdana;\" \/><span style=\"color: #000000; font-family: roboto, Verdana;\">\u2022 \u00dcr\u00fcn i\u00e7ine haz\u0131rlama esnas\u0131nda herhangi bir yabanc\u0131 malzeme ya da katk\u0131 ilave edilmemelidir.<\/span><\/p><div style=\"color: #444444; font-family: 'Open Sans', sans-serif; font-size: 14px;\"><div>\u00a0<\/div><\/div><div><div><span style=\"color: #444444; font-family: 'Open Sans', sans-serif;\"><span style=\"font-size: 14px;\"><span style=\"font-weight: bold;\">Teknik D\u00f6k\u00fcmanlar:<\/span><\/span><\/span><\/div><p><a href=\"https:\/\/tur.sika.com\/content\/dam\/dms\/tr01\/g\/sikaseal_crystalsg.pdf\"><span style=\"font-weight: bolder;\">\u00a0 \u00a0 \u00a0<img decoding=\"async\" src=\"http:\/\/etkiinsaat.com.tr\/wp-content\/uploads\/2023\/09\/pdf-300x300.png\" alt=\"\" width=\"31\" height=\"31\" \/><\/span><\/a><a title=\"TDS Teknik Dok\u00fcman Sayfas\u0131\" href=\"https:\/\/teknoyapi.com.tr\/documents\/TDS-tekno-makine-sivasi.pdf\" target=\"_blank\" rel=\"noopener\"><span style=\"color: red; font-size: small;\"><b>TDS Teknik Dok\u00fcman Sayfas\u0131<\/b><\/span>\u00a0<\/a>\u00a0\u00a0<\/p><p>\u00a0<\/p><\/div>\t\t\t\t\t\t\t\t<\/div>\n\t\t\t\t<\/div>\n\t\t\t\t\t<\/div>\n\t\t<\/div>\n\t\t\t\t\t<\/div>\n\t\t<\/section>\n\t\t\t\t<\/div>\n\t\t","protected":false},"excerpt":{"rendered":"<p>Tekno Makine S\u0131vas\u0131 \u00dcr\u00fcn Tan\u0131m\u0131\u0130\u00e7 ve d\u0131\u015f mekanlarda beton y\u00fczeylere malzemelerinin \u00fczerinin kaplanmas\u0131nda kullan\u0131lan,\u00a0y\u00fczeyin mukavemetini artt\u0131ran, \u00e7imento esasl\u0131, \u00f6zel bir s\u0131vad\u0131r.Kullan\u0131m Alanlar\u0131\u2022 Konutlar, al\u0131\u015fveri\u015f merkezleri ve hastaneler,\u2022 Yatay, d\u00fc\u015fey ve ba\u015f \u00fcst\u00fc uygulamalarda,\u2022 Her t\u00fcrl\u00fc betonarme m\u00fchendislik yap\u0131s\u0131nda,\u2022 Temellerde, t\u00fcnellerde ve yol kenar\u0131 \u015fevlerinde kullan\u0131l\u0131r.\u00d6zellikleri ve\u00a0Avantajlar\u0131\u2022 Y\u00fcksek tutunma g\u00fcc\u00fcne sahiptir.\u2022 Zaman ve i\u015f\u00e7iIikten tasarruf sa\u011flar.\u2022 Uygulamas\u0131 ve \u015fekil verilebilmesi kolayd\u0131r.\u2022 Buhar ge\u00e7irgenli\u011fine sahiptir.\u2022 Yan\u0131c\u0131 de\u011fildir.Uygulama Talimatlar\u0131Y\u00fczey Kalitesi: Y\u00fczeyler temiz, d\u00fczg\u00fcn, sa\u011flam, her t\u00fcrl\u00fc toz, ya\u011f, kir, pas, kal\u0131p ya\u011f\u0131, deterjan gibi benzeri yap\u0131\u015fmay\u0131 engelleyici maddelerden ve at\u0131klardan ar\u0131nd\u0131r\u0131lmal\u0131d\u0131r. Y\u00fczeyler d\u00fczg\u00fcn\u00a0olmal\u0131d\u0131r, zay\u0131f par\u00e7alar \u00e7\u0131kart\u0131lmal\u0131d\u0131r.Y\u00fczey Haz\u0131rl\u0131\u011f\u0131: A\u015f\u0131r\u0131 s\u0131cak havalarda, kuru ve emici y\u00fczeyler uygulama \u00f6ncesinde \u0131slat\u0131lmal\u0131d\u0131r. Br\u00fct beton, gaz beton ve gerekli y\u00fczeyler \u00f6n serpme ya da uygun astar ile s\u0131vaya haz\u0131rlanmal\u0131d\u0131r.\u00a0\u00d6n serpme ya da astar, uygulama y\u00fczeyini %100 kapatm\u0131\u015f ve tamamen kurumu\u015f olmal\u0131d\u0131r.\u00a0Tu\u011fla duvar \u00fczerine do\u011frudan uygulanabilir. Uygun s\u0131va makineleri ile uygulanabilir. S\u0131va makinesi ile uygulanan malzeme, t\u00fcm y\u00fczeye e\u015fit miktarda [&hellip;]<\/p>\n","protected":false},"author":3,"featured_media":0,"parent":0,"menu_order":0,"comment_status":"closed","ping_status":"closed","template":"page-full.php","meta":{"_joinchat":[],"footnotes":""},"class_list":["post-15655","page","type-page","status-publish","hentry"],"_links":{"self":[{"href":"https:\/\/etkiinsaat.com.tr\/index.php?rest_route=\/wp\/v2\/pages\/15655","targetHints":{"allow":["GET"]}}],"collection":[{"href":"https:\/\/etkiinsaat.com.tr\/index.php?rest_route=\/wp\/v2\/pages"}],"about":[{"href":"https:\/\/etkiinsaat.com.tr\/index.php?rest_route=\/wp\/v2\/types\/page"}],"author":[{"embeddable":true,"href":"https:\/\/etkiinsaat.com.tr\/index.php?rest_route=\/wp\/v2\/users\/3"}],"replies":[{"embeddable":true,"href":"https:\/\/etkiinsaat.com.tr\/index.php?rest_route=%2Fwp%2Fv2%2Fcomments&post=15655"}],"version-history":[{"count":4,"href":"https:\/\/etkiinsaat.com.tr\/index.php?rest_route=\/wp\/v2\/pages\/15655\/revisions"}],"predecessor-version":[{"id":15660,"href":"https:\/\/etkiinsaat.com.tr\/index.php?rest_route=\/wp\/v2\/pages\/15655\/revisions\/15660"}],"wp:attachment":[{"href":"https:\/\/etkiinsaat.com.tr\/index.php?rest_route=%2Fwp%2Fv2%2Fmedia&parent=15655"}],"curies":[{"name":"wp","href":"https:\/\/api.w.org\/{rel}","templated":true}]}}