{"id":15696,"date":"2023-10-03T22:33:17","date_gmt":"2023-10-03T19:33:17","guid":{"rendered":"https:\/\/etkiinsaat.com.tr\/?page_id=15696"},"modified":"2023-10-03T22:35:34","modified_gmt":"2023-10-03T19:35:34","slug":"teknoflow-super-akiskanlastirici","status":"publish","type":"page","link":"https:\/\/etkiinsaat.com.tr\/?page_id=15696","title":{"rendered":"Teknoflow S\u00fcper Ak\u0131\u015fkanla\u015ft\u0131r\u0131c\u0131"},"content":{"rendered":"\t\t<div data-elementor-type=\"wp-page\" data-elementor-id=\"15696\" class=\"elementor elementor-15696\">\n\t\t\t\t\t\t<section class=\"elementor-section elementor-top-section elementor-element elementor-element-0a51c8e elementor-section-boxed elementor-section-height-default elementor-section-height-default\" data-id=\"0a51c8e\" data-element_type=\"section\" data-e-type=\"section\">\n\t\t\t\t\t\t<div class=\"elementor-container elementor-column-gap-default\">\n\t\t\t\t\t<div class=\"elementor-column elementor-col-33 elementor-top-column elementor-element elementor-element-d5fd880\" data-id=\"d5fd880\" data-element_type=\"column\" data-e-type=\"column\">\n\t\t\t<div class=\"elementor-widget-wrap elementor-element-populated\">\n\t\t\t\t\t\t<div class=\"elementor-element elementor-element-9d5d508 elementor-widget elementor-widget-heading\" data-id=\"9d5d508\" data-element_type=\"widget\" data-e-type=\"widget\" data-widget_type=\"heading.default\">\n\t\t\t\t<div class=\"elementor-widget-container\">\n\t\t\t\t\t<h2 class=\"elementor-heading-title elementor-size-default\">Teknoflow S\u00fcper Ak\u0131\u015fkanla\u015ft\u0131r\u0131c\u0131\n<\/h2>\t\t\t\t<\/div>\n\t\t\t\t<\/div>\n\t\t\t\t<div class=\"elementor-element elementor-element-3ebd64e elementor-widget elementor-widget-image\" data-id=\"3ebd64e\" data-element_type=\"widget\" data-e-type=\"widget\" data-widget_type=\"image.default\">\n\t\t\t\t<div class=\"elementor-widget-container\">\n\t\t\t\t\t\t\t\t\t\t\t\t\t\t\t<img fetchpriority=\"high\" decoding=\"async\" width=\"250\" height=\"250\" src=\"https:\/\/etkiinsaat.com.tr\/wp-content\/uploads\/2023\/10\/219.jpg\" class=\"attachment-full size-full wp-image-15703\" alt=\"\" srcset=\"https:\/\/etkiinsaat.com.tr\/wp-content\/uploads\/2023\/10\/219.jpg 250w, https:\/\/etkiinsaat.com.tr\/wp-content\/uploads\/2023\/10\/219-150x150.jpg 150w, https:\/\/etkiinsaat.com.tr\/wp-content\/uploads\/2023\/10\/219-201x201.jpg 201w, https:\/\/etkiinsaat.com.tr\/wp-content\/uploads\/2023\/10\/219-100x100.jpg 100w\" sizes=\"(max-width: 250px) 100vw, 250px\" \/>\t\t\t\t\t\t\t\t\t\t\t\t\t\t\t<\/div>\n\t\t\t\t<\/div>\n\t\t\t\t<div class=\"elementor-element elementor-element-23150b0 elementor-widget elementor-widget-text-editor\" data-id=\"23150b0\" data-element_type=\"widget\" data-e-type=\"widget\" data-widget_type=\"text-editor.default\">\n\t\t\t\t<div class=\"elementor-widget-container\">\n\t\t\t\t\t\t\t\t\t<div style=\"color: #1c1b1b;\"><span style=\"color: #444444; font-family: 'Open Sans', sans-serif;\"><span style=\"font-size: 14px;\"><span style=\"font-weight: bold;\">Teknik D\u00f6k\u00fcmanlar:<\/span><\/span><\/span><\/div><p><a href=\"https:\/\/tur.sika.com\/content\/dam\/dms\/tr01\/g\/sikaseal_crystalsg.pdf\"><span style=\"font-weight: bolder;\">\u00a0 \u00a0 \u00a0<img decoding=\"async\" src=\"http:\/\/etkiinsaat.com.tr\/wp-content\/uploads\/2023\/09\/pdf-300x300.png\" alt=\"\" width=\"31\" height=\"31\" \/><\/span><\/a><a title=\"TDS Teknik Dok\u00fcman Sayfas\u0131\" href=\"https:\/\/teknoyapi.com.tr\/documents\/TDS-teknoflow-super.pdf\" target=\"_blank\" rel=\"noopener\"><span style=\"color: red; font-size: small;\"><span style=\"font-weight: bold;\">TDS Teknik Dok\u00fcman Sayfas\u0131<\/span><\/span>\u00a0<\/a>\u00a0\u00a0<\/p><p>\u00a0<\/p>\t\t\t\t\t\t\t\t<\/div>\n\t\t\t\t<\/div>\n\t\t\t\t\t<\/div>\n\t\t<\/div>\n\t\t\t\t<div class=\"elementor-column elementor-col-66 elementor-top-column elementor-element elementor-element-546b7a9\" data-id=\"546b7a9\" data-element_type=\"column\" data-e-type=\"column\">\n\t\t\t<div class=\"elementor-widget-wrap elementor-element-populated\">\n\t\t\t\t\t\t<div class=\"elementor-element elementor-element-528cde4 elementor-widget elementor-widget-image\" data-id=\"528cde4\" data-element_type=\"widget\" data-e-type=\"widget\" data-widget_type=\"image.default\">\n\t\t\t\t<div class=\"elementor-widget-container\">\n\t\t\t\t\t\t\t\t\t\t\t\t\t\t\t<img decoding=\"async\" width=\"641\" height=\"251\" src=\"https:\/\/etkiinsaat.com.tr\/wp-content\/uploads\/2023\/10\/207-1.jpg\" class=\"attachment-full size-full wp-image-15288\" alt=\"\" srcset=\"https:\/\/etkiinsaat.com.tr\/wp-content\/uploads\/2023\/10\/207-1.jpg 641w, https:\/\/etkiinsaat.com.tr\/wp-content\/uploads\/2023\/10\/207-1-300x117.jpg 300w, https:\/\/etkiinsaat.com.tr\/wp-content\/uploads\/2023\/10\/207-1-303x119.jpg 303w, https:\/\/etkiinsaat.com.tr\/wp-content\/uploads\/2023\/10\/207-1-606x237.jpg 606w, https:\/\/etkiinsaat.com.tr\/wp-content\/uploads\/2023\/10\/207-1-530x208.jpg 530w, https:\/\/etkiinsaat.com.tr\/wp-content\/uploads\/2023\/10\/207-1-450x176.jpg 450w, https:\/\/etkiinsaat.com.tr\/wp-content\/uploads\/2023\/10\/207-1-500x196.jpg 500w, https:\/\/etkiinsaat.com.tr\/wp-content\/uploads\/2023\/10\/207-1-150x59.jpg 150w\" sizes=\"(max-width: 641px) 100vw, 641px\" \/>\t\t\t\t\t\t\t\t\t\t\t\t\t\t\t<\/div>\n\t\t\t\t<\/div>\n\t\t\t\t<div class=\"elementor-element elementor-element-3724dc6 elementor-widget elementor-widget-text-editor\" data-id=\"3724dc6\" data-element_type=\"widget\" data-e-type=\"widget\" data-widget_type=\"text-editor.default\">\n\t\t\t\t<div class=\"elementor-widget-container\">\n\t\t\t\t\t\t\t\t\t<p><strong style=\"outline: 0px; margin: 0px; padding: 0px; border: 0px; font-size: 14px; vertical-align: baseline; background: 0px 0px; color: #000000; font-family: roboto, Verdana;\">\u00dcr\u00fcn Tan\u0131m\u0131<\/strong><br style=\"outline: none; color: #000000; font-family: roboto, Verdana; font-size: 14px;\" \/><span style=\"color: #000000; font-family: roboto, Verdana; font-size: 14px;\">Al\u00e7\u0131 ve \u00e7imento esasl\u0131 malzemelerin kar\u0131\u015f\u0131m suyunu azalt\u0131p, ak\u0131\u015fkanl\u0131\u011f\u0131n\u0131 artt\u0131ran, solvent i\u00e7ermeyen, naftalin s\u00fclfonat esasl\u0131, s\u00fcper ak\u0131\u015fkanla\u015ft\u0131r\u0131c\u0131, s\u0131v\u0131 katk\u0131 malzemesidir. TS EN 934-2 \u00c7izelge 3.1 ve\u00a03.2 deki \u00f6zelliklere uygundur.<\/span><br style=\"outline: none; color: #000000; font-family: roboto, Verdana; font-size: 14px;\" \/><br style=\"outline: none; color: #000000; font-family: roboto, Verdana; font-size: 14px;\" \/><strong style=\"outline: 0px; margin: 0px; padding: 0px; border: 0px; font-size: 14px; vertical-align: baseline; background: 0px 0px; color: #000000; font-family: roboto, Verdana;\">Kullan\u0131m Alanlar\u0131<\/strong><br style=\"outline: none; color: #000000; font-family: roboto, Verdana; font-size: 14px;\" \/><span style=\"color: #000000; font-family: roboto, Verdana; font-size: 14px;\">\u2022 Konutlar, al\u0131\u015fveri\u015f merkezleri, hastaneler,<\/span><br style=\"outline: none; color: #000000; font-family: roboto, Verdana; font-size: 14px;\" \/><span style=\"color: #000000; font-family: roboto, Verdana; font-size: 14px;\">\u2022 Metro, otoyol, t\u00fcnel, baraj gibi m\u00fchendislik yap\u0131lar\u0131nda,<\/span><br style=\"outline: none; color: #000000; font-family: roboto, Verdana; font-size: 14px;\" \/><span style=\"color: #000000; font-family: roboto, Verdana; font-size: 14px;\">\u2022 Erken kal\u0131p al\u0131nmas\u0131 gereken yerler i\u00e7in,<\/span><br style=\"outline: none; color: #000000; font-family: roboto, Verdana; font-size: 14px;\" \/><span style=\"color: #000000; font-family: roboto, Verdana; font-size: 14px;\">\u2022 S\u0131k donat\u0131l\u0131 betonlarda bo\u015fluk kalmamas\u0131 i\u00e7in,<\/span><br style=\"outline: none; color: #000000; font-family: roboto, Verdana; font-size: 14px;\" \/><span style=\"color: #000000; font-family: roboto, Verdana; font-size: 14px;\">\u2022 Temel betonlar\u0131nda su ge\u00e7irgenli\u011fini azaltmak i\u00e7in,<\/span><br style=\"outline: none; color: #000000; font-family: roboto, Verdana; font-size: 14px;\" \/><span style=\"color: #000000; font-family: roboto, Verdana; font-size: 14px;\">\u2022 Taban \u015faplar\u0131nda kolay yay\u0131lmay\u0131 sa\u011flamak i\u00e7in kullan\u0131l\u0131r.<\/span><br style=\"outline: none; color: #000000; font-family: roboto, Verdana; font-size: 14px;\" \/><br style=\"outline: none; color: #000000; font-family: roboto, Verdana; font-size: 14px;\" \/><strong style=\"outline: 0px; margin: 0px; padding: 0px; border: 0px; font-size: 14px; vertical-align: baseline; background: 0px 0px; color: #000000; font-family: roboto, Verdana;\">\u00d6zellikleri ve Avantajlar\u0131<\/strong><br style=\"outline: none; color: #000000; font-family: roboto, Verdana; font-size: 14px;\" \/><span style=\"color: #000000; font-family: roboto, Verdana; font-size: 14px;\">\u2022 Kar\u0131\u015f\u0131m\u0131n i\u015flenebilirli\u011fini art\u0131r\u0131r ve bo\u015fluk olu\u015fumunu engeller.<\/span><br style=\"outline: none; color: #000000; font-family: roboto, Verdana; font-size: 14px;\" \/><span style=\"color: #000000; font-family: roboto, Verdana; font-size: 14px;\">\u2022 Kar\u0131\u015f\u0131m\u0131n su miktar\u0131n\u0131 azalt\u0131r dolay\u0131s\u0131yla mukavemetini ve durabilitesini artt\u0131r\u0131r.<\/span><br style=\"outline: none; color: #000000; font-family: roboto, Verdana; font-size: 14px;\" \/><span style=\"color: #000000; font-family: roboto, Verdana; font-size: 14px;\">\u2022 D\u00fc\u015f\u00fck s\u0131cakl\u0131klarda y\u00fcksek dayan\u0131m veren \u00fcr\u00fcnlerde kullan\u0131l\u0131r.<\/span><br style=\"outline: none; color: #000000; font-family: roboto, Verdana; font-size: 14px;\" \/><span style=\"color: #000000; font-family: roboto, Verdana; font-size: 14px;\">\u2022 \u015eap, s\u0131va, beton i\u00e7ine kayganl\u0131k sa\u011flayarak ak\u0131c\u0131l\u0131\u011f\u0131 artt\u0131r\u0131r.<\/span><br style=\"outline: none; color: #000000; font-family: roboto, Verdana; font-size: 14px;\" \/><span style=\"color: #000000; font-family: roboto, Verdana; font-size: 14px;\">\u2022 So\u011fuk iklim ko\u015fullar\u0131nda beton d\u00f6k\u00fcm\u00fcn\u00fc sa\u011flar.<\/span><br style=\"outline: none; color: #000000; font-family: roboto, Verdana; font-size: 14px;\" \/><br style=\"outline: none; color: #000000; font-family: roboto, Verdana; font-size: 14px;\" \/><strong style=\"outline: 0px; margin: 0px; padding: 0px; border: 0px; font-size: 14px; vertical-align: baseline; background: 0px 0px; color: #000000; font-family: roboto, Verdana;\">Uygulama Talimatlar\u0131<\/strong><br style=\"outline: none; color: #000000; font-family: roboto, Verdana; font-size: 14px;\" \/><span style=\"color: #000000; font-family: roboto, Verdana; font-size: 14px;\">Y\u00fczey Haz\u0131rl\u0131\u011f\u0131: \u015eap veya beton d\u00f6k\u00fcm\u00fc yap\u0131lacak yerde ortam \u0131s\u0131s\u0131n\u0131n (+)5<\/span><span style=\"outline: 0px; margin: 0px; padding: 0px; border: 0px; font-size: 14px; vertical-align: baseline; background: 0px 0px; color: #000000; font-family: roboto, Verdana;\">\u00b0C<\/span><span style=\"color: #000000; font-family: roboto, Verdana; font-size: 14px;\">\u00a0&#8211; (+)35<\/span><span style=\"outline: 0px; margin: 0px; padding: 0px; border: 0px; font-size: 14px; vertical-align: baseline; background: 0px 0px; color: #000000; font-family: roboto, Verdana;\">\u00b0C<\/span><span style=\"color: #000000; font-family: roboto, Verdana; font-size: 14px;\">\u00a0oldu\u011fu zaman tercih edilmelidir.<\/span><br style=\"outline: none; color: #000000; font-family: roboto, Verdana; font-size: 14px;\" \/><span style=\"color: #000000; font-family: roboto, Verdana; font-size: 14px;\">Kullan\u0131lan ba\u011flay\u0131c\u0131 a\u011f\u0131rl\u0131\u011f\u0131n\u0131n% 0,5 &#8211; % 2 &#8216;i oran\u0131ndaki TEKNOFLOW S\u00dcPER beton kar\u0131\u015f\u0131m suyuna kar\u0131\u015ft\u0131r\u0131l\u0131r. Homojen bir kar\u0131\u015f\u0131m elde edildikten sonra beton kal\u0131ba yerle\u015ftirilir.<\/span><br style=\"outline: none; color: #000000; font-family: roboto, Verdana; font-size: 14px;\" \/><br style=\"outline: none; color: #000000; font-family: roboto, Verdana; font-size: 14px;\" \/><strong style=\"outline: 0px; margin: 0px; padding: 0px; border: 0px; font-size: 14px; vertical-align: baseline; background: 0px 0px; color: #000000; font-family: roboto, Verdana;\">Uygulama Notlar\u0131 \/ S\u0131n\u0131rlamalar<\/strong><br style=\"outline: none; color: #000000; font-family: roboto, Verdana; font-size: 14px;\" \/><span style=\"color: #000000; font-family: roboto, Verdana; font-size: 14px;\">\u2022 \u00dcr\u00fcn\u00fcn uygulanmas\u0131 esnas\u0131nda i\u015f ve i\u015f\u00e7i sa\u011fl\u0131\u011f\u0131 kurallar\u0131na uygun i\u015f elbiseleri giyilmeli ve uygun g\u00f6zl\u00fck ve maske kullan\u0131lmal\u0131d\u0131r.<\/span><br style=\"outline: none; color: #000000; font-family: roboto, Verdana; font-size: 14px;\" \/><span style=\"color: #000000; font-family: roboto, Verdana; font-size: 14px;\">\u2022 Erken y\u00fcksek dayan\u0131m elde etmek i\u00e7in CEM I \u00e7imentosu, kullan\u0131lmas\u0131 tavsiye edilir.<\/span><br style=\"outline: none; color: #000000; font-family: roboto, Verdana; font-size: 14px;\" \/><span style=\"color: #000000; font-family: roboto, Verdana; font-size: 14px;\">\u2022 (+)5\u00a0<\/span><span style=\"outline: 0px; margin: 0px; padding: 0px; border: 0px; font-size: 14px; vertical-align: baseline; background: 0px 0px; color: #000000; font-family: roboto, Verdana;\">\u00b0C<\/span><span style=\"color: #000000; font-family: roboto, Verdana; font-size: 14px;\">\u00a0alt\u0131ndaki d\u00fc\u015f\u00fck s\u0131cakl\u0131klarda beton d\u00f6k\u00fcm\u00fc s\u00f6z konusu ise standartlarda \u00f6nerilen \u00f6nlemlerin al\u0131nmas\u0131 gerekir. Don etkisinden koruyucu tedbirler al\u0131nmal\u0131d\u0131r.<\/span><br style=\"outline: none; color: #000000; font-family: roboto, Verdana; font-size: 14px;\" \/><span style=\"color: #000000; font-family: roboto, Verdana; font-size: 14px;\">\u2022 S\u0131va, \u015fap veya beton karma suyu yakla\u015f\u0131k %10 oran\u0131nda azalt\u0131lmal\u0131d\u0131r.<\/span><br style=\"outline: none; color: #000000; font-family: roboto, Verdana; font-size: 14px;\" \/><span style=\"color: #000000; font-family: roboto, Verdana; font-size: 14px;\">\u2022 \u00d6n deneme betonlar\u0131 d\u00f6k\u00fclmesi tavsiye edilir.<\/span><br style=\"outline: none; color: #000000; font-family: roboto, Verdana; font-size: 14px;\" \/><span style=\"color: #000000; font-family: roboto, Verdana; font-size: 14px;\">\u2022 Verilen sarfiyat\u0131n \u00fcst\u00fcnde katk\u0131 kullan\u0131lmas\u0131 durumunda betonun sertle\u015fmesi uzun olacakt\u0131r.<\/span><br style=\"outline: none; color: #000000; font-family: roboto, Verdana; font-size: 14px;\" \/><span style=\"color: #000000; font-family: roboto, Verdana; font-size: 14px;\">\u2022 (+)5\u00a0<\/span><span style=\"outline: 0px; margin: 0px; padding: 0px; border: 0px; font-size: 14px; vertical-align: baseline; background: 0px 0px; color: #000000; font-family: roboto, Verdana;\">\u00b0C<\/span><span style=\"color: #000000; font-family: roboto, Verdana; font-size: 14px;\">\u00a0alt\u0131ndaki s\u0131cakl\u0131klarda; \u00f6\u011flen saatleri en uygun zamand\u0131r. Y\u00fczeyin don, ya\u011fmur, \u00e7i\u011f ve k\u0131ra\u011f\u0131dan korunmas\u0131 i\u00e7in \u00f6nceden ilave tedbirler al\u0131nmas\u0131 gereklidir.<\/span><br style=\"outline: none; color: #000000; font-family: roboto, Verdana; font-size: 14px;\" \/><span style=\"color: #000000; font-family: roboto, Verdana; font-size: 14px;\">\u2022 (+)35\u00a0<\/span><span style=\"outline: 0px; margin: 0px; padding: 0px; border: 0px; font-size: 14px; vertical-align: baseline; background: 0px 0px; color: #000000; font-family: roboto, Verdana;\">\u00b0C<\/span><span style=\"color: #000000; font-family: roboto, Verdana; font-size: 14px;\">\u00a0\u00fczerindeki s\u0131cakl\u0131klarda; sabah ve ak\u015fam serinlikleri en uygun zamand\u0131r. Beton, \u015fap veya s\u0131van\u0131n hidratasyon \u0131s\u0131s\u0131n\u0131 d\u00fc\u015f\u00fcrmek i\u00e7in kal\u0131b\u0131 su ile \u0131slatmak, y\u00fczeyi nemlendirmek, dinlendirilmi\u015f \u00e7imento kullanmak gibi tedbirler al\u0131nmal\u0131d\u0131r.<\/span><br style=\"outline: none; color: #000000; font-family: roboto, Verdana; font-size: 14px;\" \/><span style=\"color: #000000; font-family: roboto, Verdana; font-size: 14px;\">\u2022 Uygulamadan sonra direk g\u00fcne\u015f \u0131\u015f\u0131\u011f\u0131, \u015fiddetli r\u00fczgar, y\u00fcksek hava s\u0131cakl\u0131\u011f\u0131 (+35<\/span><span style=\"outline: 0px; margin: 0px; padding: 0px; border: 0px; font-size: 14px; vertical-align: baseline; background: 0px 0px; color: #000000; font-family: roboto, Verdana;\">\u00b0C<\/span><span style=\"color: #000000; font-family: roboto, Verdana; font-size: 14px;\">\u00a0\u00fczeri), ya\u011fmur ve don gibi olumsuz hava ko\u015fullar\u0131na kar\u015f\u0131 korunmal\u0131d\u0131r. Beton veya har\u00e7 tam k\u00fcr\u00fcn\u00fc al\u0131p sertle\u015fmeden, eller su ve deterjan ile temizlenmelidir.<\/span><\/p>\t\t\t\t\t\t\t\t<\/div>\n\t\t\t\t<\/div>\n\t\t\t\t\t<\/div>\n\t\t<\/div>\n\t\t\t\t\t<\/div>\n\t\t<\/section>\n\t\t\t\t<\/div>\n\t\t","protected":false},"excerpt":{"rendered":"<p>Teknoflow S\u00fcper Ak\u0131\u015fkanla\u015ft\u0131r\u0131c\u0131 Teknik D\u00f6k\u00fcmanlar: \u00a0 \u00a0 \u00a0TDS Teknik Dok\u00fcman Sayfas\u0131\u00a0\u00a0\u00a0 \u00a0 \u00dcr\u00fcn Tan\u0131m\u0131Al\u00e7\u0131 ve \u00e7imento esasl\u0131 malzemelerin kar\u0131\u015f\u0131m suyunu azalt\u0131p, ak\u0131\u015fkanl\u0131\u011f\u0131n\u0131 artt\u0131ran, solvent i\u00e7ermeyen, naftalin s\u00fclfonat esasl\u0131, s\u00fcper ak\u0131\u015fkanla\u015ft\u0131r\u0131c\u0131, s\u0131v\u0131 katk\u0131 malzemesidir. TS EN 934-2 \u00c7izelge 3.1 ve\u00a03.2 deki \u00f6zelliklere uygundur.Kullan\u0131m Alanlar\u0131\u2022 Konutlar, al\u0131\u015fveri\u015f merkezleri, hastaneler,\u2022 Metro, otoyol, t\u00fcnel, baraj gibi m\u00fchendislik yap\u0131lar\u0131nda,\u2022 Erken kal\u0131p al\u0131nmas\u0131 gereken yerler i\u00e7in,\u2022 S\u0131k donat\u0131l\u0131 betonlarda bo\u015fluk kalmamas\u0131 i\u00e7in,\u2022 Temel betonlar\u0131nda su ge\u00e7irgenli\u011fini azaltmak i\u00e7in,\u2022 Taban \u015faplar\u0131nda kolay yay\u0131lmay\u0131 sa\u011flamak i\u00e7in kullan\u0131l\u0131r.\u00d6zellikleri ve Avantajlar\u0131\u2022 Kar\u0131\u015f\u0131m\u0131n i\u015flenebilirli\u011fini art\u0131r\u0131r ve bo\u015fluk olu\u015fumunu engeller.\u2022 Kar\u0131\u015f\u0131m\u0131n su miktar\u0131n\u0131 azalt\u0131r dolay\u0131s\u0131yla mukavemetini ve durabilitesini artt\u0131r\u0131r.\u2022 D\u00fc\u015f\u00fck s\u0131cakl\u0131klarda y\u00fcksek dayan\u0131m veren \u00fcr\u00fcnlerde kullan\u0131l\u0131r.\u2022 \u015eap, s\u0131va, beton i\u00e7ine kayganl\u0131k sa\u011flayarak ak\u0131c\u0131l\u0131\u011f\u0131 artt\u0131r\u0131r.\u2022 So\u011fuk iklim ko\u015fullar\u0131nda beton d\u00f6k\u00fcm\u00fcn\u00fc sa\u011flar.Uygulama Talimatlar\u0131Y\u00fczey Haz\u0131rl\u0131\u011f\u0131: \u015eap veya beton d\u00f6k\u00fcm\u00fc yap\u0131lacak yerde ortam \u0131s\u0131s\u0131n\u0131n (+)5\u00b0C\u00a0&#8211; (+)35\u00b0C\u00a0oldu\u011fu zaman tercih edilmelidir.Kullan\u0131lan ba\u011flay\u0131c\u0131 a\u011f\u0131rl\u0131\u011f\u0131n\u0131n% 0,5 &#8211; % 2 &#8216;i oran\u0131ndaki TEKNOFLOW S\u00dcPER beton kar\u0131\u015f\u0131m suyuna kar\u0131\u015ft\u0131r\u0131l\u0131r. Homojen bir kar\u0131\u015f\u0131m [&hellip;]<\/p>\n","protected":false},"author":3,"featured_media":0,"parent":0,"menu_order":0,"comment_status":"closed","ping_status":"closed","template":"page-full.php","meta":{"_joinchat":[],"footnotes":""},"class_list":["post-15696","page","type-page","status-publish","hentry"],"_links":{"self":[{"href":"https:\/\/etkiinsaat.com.tr\/index.php?rest_route=\/wp\/v2\/pages\/15696","targetHints":{"allow":["GET"]}}],"collection":[{"href":"https:\/\/etkiinsaat.com.tr\/index.php?rest_route=\/wp\/v2\/pages"}],"about":[{"href":"https:\/\/etkiinsaat.com.tr\/index.php?rest_route=\/wp\/v2\/types\/page"}],"author":[{"embeddable":true,"href":"https:\/\/etkiinsaat.com.tr\/index.php?rest_route=\/wp\/v2\/users\/3"}],"replies":[{"embeddable":true,"href":"https:\/\/etkiinsaat.com.tr\/index.php?rest_route=%2Fwp%2Fv2%2Fcomments&post=15696"}],"version-history":[{"count":4,"href":"https:\/\/etkiinsaat.com.tr\/index.php?rest_route=\/wp\/v2\/pages\/15696\/revisions"}],"predecessor-version":[{"id":15706,"href":"https:\/\/etkiinsaat.com.tr\/index.php?rest_route=\/wp\/v2\/pages\/15696\/revisions\/15706"}],"wp:attachment":[{"href":"https:\/\/etkiinsaat.com.tr\/index.php?rest_route=%2Fwp%2Fv2%2Fmedia&parent=15696"}],"curies":[{"name":"wp","href":"https:\/\/api.w.org\/{rel}","templated":true}]}}