{"id":16044,"date":"2023-10-03T23:52:18","date_gmt":"2023-10-03T20:52:18","guid":{"rendered":"https:\/\/etkiinsaat.com.tr\/?page_id=16044"},"modified":"2023-10-03T23:53:11","modified_gmt":"2023-10-03T20:53:11","slug":"teknobond-660-1k-s-pu-seffaf-kaplama","status":"publish","type":"page","link":"https:\/\/etkiinsaat.com.tr\/?page_id=16044","title":{"rendered":"Teknobond 660 1K S PU \u015eeffaf Kaplama"},"content":{"rendered":"\t\t<div data-elementor-type=\"wp-page\" data-elementor-id=\"16044\" class=\"elementor elementor-16044\">\n\t\t\t\t\t\t<section class=\"elementor-section elementor-top-section elementor-element elementor-element-5198ef6 elementor-section-boxed elementor-section-height-default elementor-section-height-default\" data-id=\"5198ef6\" data-element_type=\"section\" data-e-type=\"section\">\n\t\t\t\t\t\t<div class=\"elementor-container elementor-column-gap-default\">\n\t\t\t\t\t<div class=\"elementor-column elementor-col-33 elementor-top-column elementor-element elementor-element-f61e055\" data-id=\"f61e055\" data-element_type=\"column\" data-e-type=\"column\">\n\t\t\t<div class=\"elementor-widget-wrap elementor-element-populated\">\n\t\t\t\t\t\t<div class=\"elementor-element elementor-element-55e8d5e elementor-widget elementor-widget-heading\" data-id=\"55e8d5e\" data-element_type=\"widget\" data-e-type=\"widget\" data-widget_type=\"heading.default\">\n\t\t\t\t<div class=\"elementor-widget-container\">\n\t\t\t\t\t<h2 class=\"elementor-heading-title elementor-size-default\">Teknobond 660 1K S PU \u015eeffaf Kaplama\n<\/h2>\t\t\t\t<\/div>\n\t\t\t\t<\/div>\n\t\t\t\t<div class=\"elementor-element elementor-element-8572244 elementor-widget elementor-widget-image\" data-id=\"8572244\" data-element_type=\"widget\" data-e-type=\"widget\" data-widget_type=\"image.default\">\n\t\t\t\t<div class=\"elementor-widget-container\">\n\t\t\t\t\t\t\t\t\t\t\t\t\t\t\t<img fetchpriority=\"high\" decoding=\"async\" width=\"250\" height=\"250\" src=\"https:\/\/etkiinsaat.com.tr\/wp-content\/uploads\/2023\/10\/244.jpg\" class=\"attachment-full size-full wp-image-16002\" alt=\"\" srcset=\"https:\/\/etkiinsaat.com.tr\/wp-content\/uploads\/2023\/10\/244.jpg 250w, https:\/\/etkiinsaat.com.tr\/wp-content\/uploads\/2023\/10\/244-150x150.jpg 150w, https:\/\/etkiinsaat.com.tr\/wp-content\/uploads\/2023\/10\/244-201x201.jpg 201w, https:\/\/etkiinsaat.com.tr\/wp-content\/uploads\/2023\/10\/244-100x100.jpg 100w\" sizes=\"(max-width: 250px) 100vw, 250px\" \/>\t\t\t\t\t\t\t\t\t\t\t\t\t\t\t<\/div>\n\t\t\t\t<\/div>\n\t\t\t\t<div class=\"elementor-element elementor-element-578aa50 elementor-widget elementor-widget-text-editor\" data-id=\"578aa50\" data-element_type=\"widget\" data-e-type=\"widget\" data-widget_type=\"text-editor.default\">\n\t\t\t\t<div class=\"elementor-widget-container\">\n\t\t\t\t\t\t\t\t\t<div style=\"color: #1c1b1b;\"><span style=\"color: #444444; font-family: 'Open Sans', sans-serif;\"><span style=\"font-size: 14px;\"><span style=\"font-weight: bold;\">Teknik D\u00f6k\u00fcmanlar:<\/span><\/span><\/span><\/div><p><a href=\"https:\/\/tur.sika.com\/content\/dam\/dms\/tr01\/g\/sikaseal_crystalsg.pdf\"><span style=\"font-weight: bolder;\">\u00a0 \u00a0 \u00a0<img decoding=\"async\" src=\"http:\/\/etkiinsaat.com.tr\/wp-content\/uploads\/2023\/09\/pdf-300x300.png\" alt=\"\" width=\"31\" height=\"31\" \/><\/span><\/a><a title=\"TDS Teknik Dok\u00fcman Sayfas\u0131\" href=\"https:\/\/teknoyapi.com.tr\/documents\/TDS-teknobond-660-1k-s.pdf\" target=\"_blank\" rel=\"noopener\"><span style=\"color: red; font-size: small;\"><span style=\"font-weight: bold;\">TDS Teknik Dok\u00fcman Sayfas\u0131<\/span><\/span>\u00a0<\/a>\u00a0\u00a0<\/p><p>\u00a0<\/p>\t\t\t\t\t\t\t\t<\/div>\n\t\t\t\t<\/div>\n\t\t\t\t\t<\/div>\n\t\t<\/div>\n\t\t\t\t<div class=\"elementor-column elementor-col-66 elementor-top-column elementor-element elementor-element-2f042ff\" data-id=\"2f042ff\" data-element_type=\"column\" data-e-type=\"column\">\n\t\t\t<div class=\"elementor-widget-wrap elementor-element-populated\">\n\t\t\t\t\t\t<div class=\"elementor-element elementor-element-7eb5260 elementor-widget elementor-widget-image\" data-id=\"7eb5260\" data-element_type=\"widget\" data-e-type=\"widget\" data-widget_type=\"image.default\">\n\t\t\t\t<div class=\"elementor-widget-container\">\n\t\t\t\t\t\t\t\t\t\t\t\t\t\t\t<img decoding=\"async\" width=\"640\" height=\"250\" src=\"https:\/\/etkiinsaat.com.tr\/wp-content\/uploads\/2023\/10\/165-2-1.jpg\" class=\"attachment-full size-full wp-image-15790\" alt=\"\" srcset=\"https:\/\/etkiinsaat.com.tr\/wp-content\/uploads\/2023\/10\/165-2-1.jpg 640w, https:\/\/etkiinsaat.com.tr\/wp-content\/uploads\/2023\/10\/165-2-1-300x117.jpg 300w, https:\/\/etkiinsaat.com.tr\/wp-content\/uploads\/2023\/10\/165-2-1-303x118.jpg 303w, https:\/\/etkiinsaat.com.tr\/wp-content\/uploads\/2023\/10\/165-2-1-606x237.jpg 606w, https:\/\/etkiinsaat.com.tr\/wp-content\/uploads\/2023\/10\/165-2-1-530x207.jpg 530w, https:\/\/etkiinsaat.com.tr\/wp-content\/uploads\/2023\/10\/165-2-1-450x176.jpg 450w, https:\/\/etkiinsaat.com.tr\/wp-content\/uploads\/2023\/10\/165-2-1-500x195.jpg 500w, https:\/\/etkiinsaat.com.tr\/wp-content\/uploads\/2023\/10\/165-2-1-150x59.jpg 150w\" sizes=\"(max-width: 640px) 100vw, 640px\" \/>\t\t\t\t\t\t\t\t\t\t\t\t\t\t\t<\/div>\n\t\t\t\t<\/div>\n\t\t\t\t<div class=\"elementor-element elementor-element-0d795eb elementor-widget elementor-widget-text-editor\" data-id=\"0d795eb\" data-element_type=\"widget\" data-e-type=\"widget\" data-widget_type=\"text-editor.default\">\n\t\t\t\t<div class=\"elementor-widget-container\">\n\t\t\t\t\t\t\t\t\t<p><strong style=\"outline: 0px; margin: 0px; padding: 0px; border: 0px; font-size: 14px; vertical-align: baseline; background: 0px 0px; color: #000000; font-family: roboto, Verdana;\">\u00dcr\u00fcn Tan\u0131m\u0131<\/strong><br style=\"outline: none; color: #000000; font-family: roboto, Verdana; font-size: 14px;\" \/><span style=\"color: #000000; font-family: roboto, Verdana; font-size: 14px;\">Tek bile\u015fenli, UV dayan\u0131m\u0131 y\u00fcksek olan alifatik poli\u00fcretan son kat kaplama. Havadaki nem ile k\u00fcrlenir, uyguland\u0131\u011f\u0131 y\u00fczeye kesintisiz bir \u015fekilde yap\u0131\u015farak \u015feffaf, esnek ve dayan\u0131kl\u0131 bir film olu\u015fturur.<\/span><br style=\"outline: none; color: #000000; font-family: roboto, Verdana; font-size: 14px;\" \/><br style=\"outline: none; color: #000000; font-family: roboto, Verdana; font-size: 14px;\" \/><strong style=\"outline: 0px; margin: 0px; padding: 0px; border: 0px; font-size: 14px; vertical-align: baseline; background: 0px 0px; color: #000000; font-family: roboto, Verdana;\">Kullan\u0131m Alanlar\u0131<\/strong><br style=\"outline: none; color: #000000; font-family: roboto, Verdana; font-size: 14px;\" \/><span style=\"color: #000000; font-family: roboto, Verdana; font-size: 14px;\">\u2022 Y\u00fcksek a\u015f\u0131nma direncinin sa\u011flanmas\u0131 gereken y\u00fczeyler,<\/span><br style=\"outline: none; color: #000000; font-family: roboto, Verdana; font-size: 14px;\" \/><span style=\"color: #000000; font-family: roboto, Verdana; font-size: 14px;\">\u2022 End\u00fcstriyel veya yaya trafi\u011finin yo\u011fun oldu\u011fu yerler,<\/span><br style=\"outline: none; color: #000000; font-family: roboto, Verdana; font-size: 14px;\" \/><span style=\"color: #000000; font-family: roboto, Verdana; font-size: 14px;\">\u2022 Su depolar\u0131, y\u00fczme ve s\u00fcs havuzlar\u0131,<\/span><br style=\"outline: none; color: #000000; font-family: roboto, Verdana; font-size: 14px;\" \/><span style=\"color: #000000; font-family: roboto, Verdana; font-size: 14px;\">\u2022 Mermer, seramik gibi karolar ve do\u011fal ta\u015flar,<\/span><br style=\"outline: none; color: #000000; font-family: roboto, Verdana; font-size: 14px;\" \/><span style=\"color: #000000; font-family: roboto, Verdana; font-size: 14px;\">\u2022 Banyo, wc, balkon gibi \u0131slak hacimler,<\/span><br style=\"outline: none; color: #000000; font-family: roboto, Verdana; font-size: 14px;\" \/><span style=\"color: #000000; font-family: roboto, Verdana; font-size: 14px;\">\u2022 Veranda, teras ve binalar\u0131n d\u0131\u015f cephelerinde kullan\u0131l\u0131r.<\/span><br style=\"outline: none; color: #000000; font-family: roboto, Verdana; font-size: 14px;\" \/><br style=\"outline: none; color: #000000; font-family: roboto, Verdana; font-size: 14px;\" \/><strong style=\"outline: 0px; margin: 0px; padding: 0px; border: 0px; font-size: 14px; vertical-align: baseline; background: 0px 0px; color: #000000; font-family: roboto, Verdana;\">\u00d6zellikleri ve Avantajlar\u0131<\/strong><br style=\"outline: none; color: #000000; font-family: roboto, Verdana; font-size: 14px;\" \/><span style=\"color: #000000; font-family: roboto, Verdana; font-size: 14px;\">\u2022 Alifatik yap\u0131s\u0131ndan dolay\u0131 g\u00fcne\u015f \u0131\u015f\u0131nlar\u0131na maruz kald\u0131\u011f\u0131nda rengi korur, solmaz, sararmaz.<\/span><br style=\"outline: none; color: #000000; font-family: roboto, Verdana; font-size: 14px;\" \/><span style=\"color: #000000; font-family: roboto, Verdana; font-size: 14px;\">\u2022 M\u00fckemmel mekanik ve kimyasal \u00f6zellikler g\u00f6sterir.<\/span><br style=\"outline: none; color: #000000; font-family: roboto, Verdana; font-size: 14px;\" \/><span style=\"color: #000000; font-family: roboto, Verdana; font-size: 14px;\">\u2022 UV direnci y\u00fcksektir. G\u00fcne\u015f alt\u0131nda sararma yapmaz<\/span><br style=\"outline: none; color: #000000; font-family: roboto, Verdana; font-size: 14px;\" \/><span style=\"color: #000000; font-family: roboto, Verdana; font-size: 14px;\">\u2022 Uyguland\u0131\u011f\u0131nda, ek yeri olu\u015fmas\u0131na veya s\u0131z\u0131nt\u0131 ihtimaline yer vermeyen tek par\u00e7a halinde bir film olu\u015fturur.<\/span><br style=\"outline: none; color: #000000; font-family: roboto, Verdana; font-size: 14px;\" \/><span style=\"color: #000000; font-family: roboto, Verdana; font-size: 14px;\">\u2022 (-)40 \u00b0C ile (+)80 \u00b0C aras\u0131ndaki s\u0131cakl\u0131klarda mekanik \u00f6zelliklerini korur.<\/span><br style=\"outline: none; color: #000000; font-family: roboto, Verdana; font-size: 14px;\" \/><span style=\"color: #000000; font-family: roboto, Verdana; font-size: 14px;\">\u2022 Zor y\u00fczeylerde bile \u00e7ok iyi aderans sa\u011flar.<\/span><br style=\"outline: none; color: #000000; font-family: roboto, Verdana; font-size: 14px;\" \/><br style=\"outline: none; color: #000000; font-family: roboto, Verdana; font-size: 14px;\" \/><strong style=\"outline: 0px; margin: 0px; padding: 0px; border: 0px; font-size: 14px; vertical-align: baseline; background: 0px 0px; color: #000000; font-family: roboto, Verdana;\">Uygulama Talimatlar\u0131<\/strong><br style=\"outline: none; color: #000000; font-family: roboto, Verdana; font-size: 14px;\" \/><span style=\"color: #000000; font-family: roboto, Verdana; font-size: 14px;\">Uygulama yap\u0131lacak y\u00fczeyler kuru ve temiz olmal\u0131d\u0131r. Beton ve kal\u0131p art\u0131klar\u0131 mekanik olarak; ya\u011f, gres, yak\u0131t ve parafin at\u0131klar\u0131 ise kimyasal \u00e7\u00f6z\u00fcc\u00fcler kullan\u0131larak temizlenmelidir. Hasarl\u0131 kaplamalar, sa\u011flam olmayan y\u00fczeyler ve \u00e7atlaklar uygun \u00fcr\u00fcnler ile onar\u0131lmal\u0131d\u0131r. Onar\u0131m sonras\u0131nda y\u00fczey duruma ba\u011fl\u0131 olarak uygun bir astar ile astarlama yap\u0131lmas\u0131 sonras\u0131nda TEKNOBOND 660 1K uygulamas\u0131na ge\u00e7ilmelidir.<\/span><br style=\"outline: none; color: #000000; font-family: roboto, Verdana; font-size: 14px;\" \/><span style=\"color: #000000; font-family: roboto, Verdana; font-size: 14px;\">\u00dcr\u00fcn\u00fc uygulamadan \u00f6nce, 300 devir\/dakika h\u0131z\u0131nda uygun bir kar\u0131\u015ft\u0131r\u0131c\u0131 ile 2 &#8211; 3 dakika kar\u0131\u015ft\u0131r\u0131n\u0131z. TEKNOBOND 660 1K f\u0131r\u00e7a veya rulo ile 2 kat halinde uygulan\u0131r. Katlar aras\u0131nda 24 saatten fazla beklemeyiniz.<\/span><br style=\"outline: none; color: #000000; font-family: roboto, Verdana; font-size: 14px;\" \/><br style=\"outline: none; color: #000000; font-family: roboto, Verdana; font-size: 14px;\" \/><strong style=\"outline: 0px; margin: 0px; padding: 0px; border: 0px; font-size: 14px; vertical-align: baseline; background: 0px 0px; color: #000000; font-family: roboto, Verdana;\">Uygulama Notlar\u0131 \/ S\u0131n\u0131rlamalar<\/strong><br style=\"outline: none; color: #000000; font-family: roboto, Verdana; font-size: 14px;\" \/><span style=\"color: #000000; font-family: roboto, Verdana; font-size: 14px;\">\u2022 Yabanc\u0131 malzemeler ilave edilmemelidir.<\/span><br style=\"outline: none; color: #000000; font-family: roboto, Verdana; font-size: 14px;\" \/><span style=\"color: #000000; font-family: roboto, Verdana; font-size: 14px;\">\u2022 \u00c7ok nemli ve\/veya \u00e7ok s\u0131cak havalarda uygulama yapmaktan ka\u00e7\u0131n\u0131lmal\u0131d\u0131r.<\/span><br style=\"outline: none; color: #000000; font-family: roboto, Verdana; font-size: 14px;\" \/><span style=\"color: #000000; font-family: roboto, Verdana; font-size: 14px;\">\u2022 Uygulamadan sonra direk g\u00fcne\u015f \u0131\u015f\u0131\u011f\u0131, \u015fiddetli r\u00fczgar, y\u00fcksek hava s\u0131cakl\u0131\u011f\u0131 (+35\u00b0C \u00fczeri), ya\u011fmur ve don gibi olumsuz hava ko\u015fullar\u0131na kar\u015f\u0131 korunmal\u0131d\u0131r. \u00dcr\u00fcn tam k\u00fcr\u00fcn\u00fc al\u0131p sertle\u015fmeden, temizlik yap\u0131lmal\u0131d\u0131r.<\/span><br style=\"outline: none; color: #000000; font-family: roboto, Verdana; font-size: 14px;\" \/><span style=\"color: #000000; font-family: roboto, Verdana; font-size: 14px;\">\u2022 Uygulamadan hemen sonra, hen\u00fcz sertle\u015fmeden, ekipmanlar TEKNO T\u0130NER ile temizlenmelidir. \u00dcr\u00fcn sertle\u015ftikten sonra mekanik y\u00f6ntemler ile temizlenmelidir.<\/span><\/p>\t\t\t\t\t\t\t\t<\/div>\n\t\t\t\t<\/div>\n\t\t\t\t\t<\/div>\n\t\t<\/div>\n\t\t\t\t\t<\/div>\n\t\t<\/section>\n\t\t\t\t<\/div>\n\t\t","protected":false},"excerpt":{"rendered":"<p>Teknobond 660 1K S PU \u015eeffaf Kaplama Teknik D\u00f6k\u00fcmanlar: \u00a0 \u00a0 \u00a0TDS Teknik Dok\u00fcman Sayfas\u0131\u00a0\u00a0\u00a0 \u00a0 \u00dcr\u00fcn Tan\u0131m\u0131Tek bile\u015fenli, UV dayan\u0131m\u0131 y\u00fcksek olan alifatik poli\u00fcretan son kat kaplama. Havadaki nem ile k\u00fcrlenir, uyguland\u0131\u011f\u0131 y\u00fczeye kesintisiz bir \u015fekilde yap\u0131\u015farak \u015feffaf, esnek ve dayan\u0131kl\u0131 bir film olu\u015fturur.Kullan\u0131m Alanlar\u0131\u2022 Y\u00fcksek a\u015f\u0131nma direncinin sa\u011flanmas\u0131 gereken y\u00fczeyler,\u2022 End\u00fcstriyel veya yaya trafi\u011finin yo\u011fun oldu\u011fu yerler,\u2022 Su depolar\u0131, y\u00fczme ve s\u00fcs havuzlar\u0131,\u2022 Mermer, seramik gibi karolar ve do\u011fal ta\u015flar,\u2022 Banyo, wc, balkon gibi \u0131slak hacimler,\u2022 Veranda, teras ve binalar\u0131n d\u0131\u015f cephelerinde kullan\u0131l\u0131r.\u00d6zellikleri ve Avantajlar\u0131\u2022 Alifatik yap\u0131s\u0131ndan dolay\u0131 g\u00fcne\u015f \u0131\u015f\u0131nlar\u0131na maruz kald\u0131\u011f\u0131nda rengi korur, solmaz, sararmaz.\u2022 M\u00fckemmel mekanik ve kimyasal \u00f6zellikler g\u00f6sterir.\u2022 UV direnci y\u00fcksektir. G\u00fcne\u015f alt\u0131nda sararma yapmaz\u2022 Uyguland\u0131\u011f\u0131nda, ek yeri olu\u015fmas\u0131na veya s\u0131z\u0131nt\u0131 ihtimaline yer vermeyen tek par\u00e7a halinde bir film olu\u015fturur.\u2022 (-)40 \u00b0C ile (+)80 \u00b0C aras\u0131ndaki s\u0131cakl\u0131klarda mekanik \u00f6zelliklerini korur.\u2022 Zor y\u00fczeylerde bile \u00e7ok iyi aderans sa\u011flar.Uygulama Talimatlar\u0131Uygulama yap\u0131lacak y\u00fczeyler kuru ve temiz olmal\u0131d\u0131r. [&hellip;]<\/p>\n","protected":false},"author":3,"featured_media":0,"parent":0,"menu_order":0,"comment_status":"closed","ping_status":"closed","template":"page-full.php","meta":{"_joinchat":[],"footnotes":""},"class_list":["post-16044","page","type-page","status-publish","hentry"],"_links":{"self":[{"href":"https:\/\/etkiinsaat.com.tr\/index.php?rest_route=\/wp\/v2\/pages\/16044","targetHints":{"allow":["GET"]}}],"collection":[{"href":"https:\/\/etkiinsaat.com.tr\/index.php?rest_route=\/wp\/v2\/pages"}],"about":[{"href":"https:\/\/etkiinsaat.com.tr\/index.php?rest_route=\/wp\/v2\/types\/page"}],"author":[{"embeddable":true,"href":"https:\/\/etkiinsaat.com.tr\/index.php?rest_route=\/wp\/v2\/users\/3"}],"replies":[{"embeddable":true,"href":"https:\/\/etkiinsaat.com.tr\/index.php?rest_route=%2Fwp%2Fv2%2Fcomments&post=16044"}],"version-history":[{"count":4,"href":"https:\/\/etkiinsaat.com.tr\/index.php?rest_route=\/wp\/v2\/pages\/16044\/revisions"}],"predecessor-version":[{"id":16048,"href":"https:\/\/etkiinsaat.com.tr\/index.php?rest_route=\/wp\/v2\/pages\/16044\/revisions\/16048"}],"wp:attachment":[{"href":"https:\/\/etkiinsaat.com.tr\/index.php?rest_route=%2Fwp%2Fv2%2Fmedia&parent=16044"}],"curies":[{"name":"wp","href":"https:\/\/api.w.org\/{rel}","templated":true}]}}