{"id":16448,"date":"2023-10-14T17:26:25","date_gmt":"2023-10-14T14:26:25","guid":{"rendered":"https:\/\/etkiinsaat.com.tr\/?page_id=16448"},"modified":"2023-10-14T17:27:13","modified_gmt":"2023-10-14T14:27:13","slug":"teknobond-950-yol-cizgi-boyasi","status":"publish","type":"page","link":"https:\/\/etkiinsaat.com.tr\/?page_id=16448","title":{"rendered":"Teknobond 950 Yol \u00c7izgi Boyas\u0131"},"content":{"rendered":"\t\t<div data-elementor-type=\"wp-page\" data-elementor-id=\"16448\" class=\"elementor elementor-16448\">\n\t\t\t\t\t\t<section class=\"elementor-section elementor-top-section elementor-element elementor-element-f3e0e3c elementor-section-boxed elementor-section-height-default elementor-section-height-default\" data-id=\"f3e0e3c\" data-element_type=\"section\" data-e-type=\"section\">\n\t\t\t\t\t\t<div class=\"elementor-container elementor-column-gap-default\">\n\t\t\t\t\t<div class=\"elementor-column elementor-col-33 elementor-top-column elementor-element elementor-element-3a84efe\" data-id=\"3a84efe\" data-element_type=\"column\" data-e-type=\"column\">\n\t\t\t<div class=\"elementor-widget-wrap elementor-element-populated\">\n\t\t\t\t\t\t<div class=\"elementor-element elementor-element-d85b2a2 elementor-widget elementor-widget-heading\" data-id=\"d85b2a2\" data-element_type=\"widget\" data-e-type=\"widget\" data-widget_type=\"heading.default\">\n\t\t\t\t<div class=\"elementor-widget-container\">\n\t\t\t\t\t<h2 class=\"elementor-heading-title elementor-size-default\">Teknobond 950 Yol \u00c7izgi Boyas\u0131<\/h2>\t\t\t\t<\/div>\n\t\t\t\t<\/div>\n\t\t\t\t<div class=\"elementor-element elementor-element-63c7650 elementor-widget elementor-widget-image\" data-id=\"63c7650\" data-element_type=\"widget\" data-e-type=\"widget\" data-widget_type=\"image.default\">\n\t\t\t\t<div class=\"elementor-widget-container\">\n\t\t\t\t\t\t\t\t\t\t\t\t\t\t\t<img fetchpriority=\"high\" decoding=\"async\" width=\"250\" height=\"250\" src=\"https:\/\/etkiinsaat.com.tr\/wp-content\/uploads\/2023\/10\/244.jpg\" class=\"attachment-full size-full wp-image-16002\" alt=\"\" srcset=\"https:\/\/etkiinsaat.com.tr\/wp-content\/uploads\/2023\/10\/244.jpg 250w, https:\/\/etkiinsaat.com.tr\/wp-content\/uploads\/2023\/10\/244-150x150.jpg 150w, https:\/\/etkiinsaat.com.tr\/wp-content\/uploads\/2023\/10\/244-201x201.jpg 201w, https:\/\/etkiinsaat.com.tr\/wp-content\/uploads\/2023\/10\/244-100x100.jpg 100w\" sizes=\"(max-width: 250px) 100vw, 250px\" \/>\t\t\t\t\t\t\t\t\t\t\t\t\t\t\t<\/div>\n\t\t\t\t<\/div>\n\t\t\t\t\t<\/div>\n\t\t<\/div>\n\t\t\t\t<div class=\"elementor-column elementor-col-66 elementor-top-column elementor-element elementor-element-d5d890d\" data-id=\"d5d890d\" data-element_type=\"column\" data-e-type=\"column\">\n\t\t\t<div class=\"elementor-widget-wrap elementor-element-populated\">\n\t\t\t\t\t\t<div class=\"elementor-element elementor-element-960b964 elementor-widget elementor-widget-image\" data-id=\"960b964\" data-element_type=\"widget\" data-e-type=\"widget\" data-widget_type=\"image.default\">\n\t\t\t\t<div class=\"elementor-widget-container\">\n\t\t\t\t\t\t\t\t\t\t\t\t\t\t\t<img decoding=\"async\" width=\"1280\" height=\"500\" src=\"https:\/\/etkiinsaat.com.tr\/wp-content\/uploads\/2023\/10\/bond_950.jpg\" class=\"attachment-full size-full wp-image-16450\" alt=\"\" srcset=\"https:\/\/etkiinsaat.com.tr\/wp-content\/uploads\/2023\/10\/bond_950.jpg 1280w, https:\/\/etkiinsaat.com.tr\/wp-content\/uploads\/2023\/10\/bond_950-300x117.jpg 300w, https:\/\/etkiinsaat.com.tr\/wp-content\/uploads\/2023\/10\/bond_950-1024x400.jpg 1024w, https:\/\/etkiinsaat.com.tr\/wp-content\/uploads\/2023\/10\/bond_950-768x300.jpg 768w, https:\/\/etkiinsaat.com.tr\/wp-content\/uploads\/2023\/10\/bond_950-830x324.jpg 830w, https:\/\/etkiinsaat.com.tr\/wp-content\/uploads\/2023\/10\/bond_950-303x118.jpg 303w, https:\/\/etkiinsaat.com.tr\/wp-content\/uploads\/2023\/10\/bond_950-606x237.jpg 606w, https:\/\/etkiinsaat.com.tr\/wp-content\/uploads\/2023\/10\/bond_950-530x207.jpg 530w, https:\/\/etkiinsaat.com.tr\/wp-content\/uploads\/2023\/10\/bond_950-450x176.jpg 450w, https:\/\/etkiinsaat.com.tr\/wp-content\/uploads\/2023\/10\/bond_950-500x195.jpg 500w, https:\/\/etkiinsaat.com.tr\/wp-content\/uploads\/2023\/10\/bond_950-150x59.jpg 150w\" sizes=\"(max-width: 1280px) 100vw, 1280px\" \/>\t\t\t\t\t\t\t\t\t\t\t\t\t\t\t<\/div>\n\t\t\t\t<\/div>\n\t\t\t\t<div class=\"elementor-element elementor-element-de893b3 elementor-widget elementor-widget-text-editor\" data-id=\"de893b3\" data-element_type=\"widget\" data-e-type=\"widget\" data-widget_type=\"text-editor.default\">\n\t\t\t\t<div class=\"elementor-widget-container\">\n\t\t\t\t\t\t\t\t\t<p style=\"margin-right: 0px; margin-bottom: 10px; margin-left: 0px; line-height: 24px; color: #444444; font-family: 'Open Sans', sans-serif; font-size: 14px;\"><strong style=\"outline: 0px; margin: 0px; padding: 0px; border: 0px; vertical-align: baseline; background: 0px 0px; color: #000000; font-family: roboto, Verdana;\">\u00dcr\u00fcn Tan\u0131m\u0131<\/strong><br style=\"outline: none; color: #000000; font-family: roboto, Verdana;\" \/><span style=\"color: #000000; font-family: roboto, Verdana;\">Tek bile\u015fenli, akrilik re\u00e7ine esasl\u0131, solventli yol \u00e7izgi ve zemin kaplama boyas\u0131.<\/span><br style=\"outline: none; color: #000000; font-family: roboto, Verdana;\" \/><br style=\"outline: none; color: #000000; font-family: roboto, Verdana;\" \/><strong style=\"outline: 0px; margin: 0px; padding: 0px; border: 0px; vertical-align: baseline; background: 0px 0px; color: #000000; font-family: roboto, Verdana;\">Kullan\u0131m Alanlar\u0131<\/strong><br style=\"outline: none; color: #000000; font-family: roboto, Verdana;\" \/><span style=\"color: #000000; font-family: roboto, Verdana;\">\u2022 Otoyollar, ana ve ara \u015fehir i\u00e7i yollar,<\/span><br style=\"outline: none; color: #000000; font-family: roboto, Verdana;\" \/><span style=\"color: #000000; font-family: roboto, Verdana;\">\u2022 Havaalanlar\u0131, k\u00f6pr\u00fcler,<\/span><br style=\"outline: none; color: #000000; font-family: roboto, Verdana;\" \/><span style=\"color: #000000; font-family: roboto, Verdana;\">\u2022 Konut, Al\u0131\u015f veri\u015f merkezleri,<\/span><br style=\"outline: none; color: #000000; font-family: roboto, Verdana;\" \/><span style=\"color: #000000; font-family: roboto, Verdana;\">\u2022 Parke ta\u015f\u0131, bord\u00fcr gibi kent mobilyalar\u0131n\u0131n \u00fczerinde,<\/span><br style=\"outline: none; color: #000000; font-family: roboto, Verdana;\" \/><span style=\"color: #000000; font-family: roboto, Verdana;\">\u2022 Her t\u00fcrl\u00fc m\u00fchendislik yap\u0131s\u0131nda asfalt veya beton \u00fczerine uygulan\u0131r.<\/span><br style=\"outline: none; color: #000000; font-family: roboto, Verdana;\" \/><br style=\"outline: none; color: #000000; font-family: roboto, Verdana;\" \/><strong style=\"outline: 0px; margin: 0px; padding: 0px; border: 0px; vertical-align: baseline; background: 0px 0px; color: #000000; font-family: roboto, Verdana;\">\u00d6zellikleri ve Avantajlar\u0131<\/strong><br style=\"outline: none; color: #000000; font-family: roboto, Verdana;\" \/><span style=\"color: #000000; font-family: roboto, Verdana;\">\u2022 Tek bile\u015fenlidir, uygulamas\u0131 kolayd\u0131r.<\/span><br style=\"outline: none; color: #000000; font-family: roboto, Verdana;\" \/><span style=\"color: #000000; font-family: roboto, Verdana;\">\u2022 So\u011fuk uygulan\u0131r.<\/span><br style=\"outline: none; color: #000000; font-family: roboto, Verdana;\" \/><span style=\"color: #000000; font-family: roboto, Verdana;\">\u2022 H\u0131zl\u0131 k\u00fcr al\u0131r.<\/span><br style=\"outline: none; color: #000000; font-family: roboto, Verdana;\" \/><span style=\"color: #000000; font-family: roboto, Verdana;\">\u2022 Kal\u0131n uygulamalarda dahi h\u0131zl\u0131 k\u00fcrlenir.<\/span><br style=\"outline: none; color: #000000; font-family: roboto, Verdana;\" \/><span style=\"color: #000000; font-family: roboto, Verdana;\">\u2022 A\u015f\u0131nma mukavemeti y\u00fcksektir.<\/span><br style=\"outline: none; color: #000000; font-family: roboto, Verdana;\" \/><span style=\"color: #000000; font-family: roboto, Verdana;\">\u2022 UV direnci y\u00fcksektir.<\/span><br style=\"outline: none; color: #000000; font-family: roboto, Verdana;\" \/><span style=\"color: #000000; font-family: roboto, Verdana;\">\u2022 Asfalt \u00fczerinde rengi de\u011fi\u015fmez.<\/span><br style=\"outline: none; color: #000000; font-family: roboto, Verdana;\" \/><span style=\"color: #000000; font-family: roboto, Verdana;\">\u2022 Karanl\u0131kta da g\u00f6r\u00fcnebilir.<\/span><br style=\"outline: none; color: #000000; font-family: roboto, Verdana;\" \/><br style=\"outline: none; color: #000000; font-family: roboto, Verdana;\" \/><strong style=\"outline: 0px; margin: 0px; padding: 0px; border: 0px; vertical-align: baseline; background: 0px 0px; color: #000000; font-family: roboto, Verdana;\">Uygulama Detaylar\u0131<\/strong><br style=\"outline: none; color: #000000; font-family: roboto, Verdana;\" \/><span style=\"color: #000000; font-family: roboto, Verdana;\">Y\u00fczey Kalitesi: Y\u00fczey sa\u011flam, temiz, her t\u00fcrl\u00fc gev\u015fek par\u00e7ac\u0131klardan, yap\u0131\u015fmay\u0131 engelleyen her t\u00fcrl\u00fc maddeden ar\u0131nd\u0131r\u0131l\u0131rm\u0131\u015f olmal\u0131d\u0131r. \u00c7ekme dayan\u0131m\u0131 min. 1,5 N\/mm2 olmal\u0131d\u0131r.<\/span><br style=\"outline: none; color: #000000; font-family: roboto, Verdana;\" \/><br style=\"outline: none; color: #000000; font-family: roboto, Verdana;\" \/><span style=\"color: #000000; font-family: roboto, Verdana;\">Y\u00fczey Haz\u0131rl\u0131\u011f\u0131: Uygulama yap\u0131lacak beton veya asfalt \u00fczerindeki bo\u015fluklar var ise tamir edilmelidir. Y\u00fczey d\u00fczg\u00fcnl\u00fc\u011f\u00fcn\u00fc bozan \u00f6bekler, \u00e7\u0131k\u0131nt\u0131 vb. mekanik y\u00f6ntemlerle ayn\u0131 seviyeye getirilmelidir. Boya kullan\u0131lmadan \u00f6nce iyice kar\u0131\u015ft\u0131r\u0131lmal\u0131d\u0131r. Uygulama tek kat halinde yap\u0131l\u0131r. \u0130kinci kat uygulanacak ise en az 1 saat beklenmelidir. TEKNOBOND 950 hava ile k\u00fcrlenir, ilave bir i\u015flem yapmaya gerek yoktur.<\/span><br style=\"outline: none; color: #000000; font-family: roboto, Verdana;\" \/><br style=\"outline: none; color: #000000; font-family: roboto, Verdana;\" \/><strong style=\"outline: 0px; margin: 0px; padding: 0px; border: 0px; vertical-align: baseline; background: 0px 0px; color: #000000; font-family: roboto, Verdana;\">Uygulama Notlar\u0131 \/ S\u0131n\u0131rlamalar<\/strong><br style=\"outline: none; color: #000000; font-family: roboto, Verdana;\" \/><span style=\"color: #000000; font-family: roboto, Verdana;\">\u2022 Boya kesinlikle kanalizasyon ve su kanallar\u0131na bo\u015falt\u0131lmamal\u0131d\u0131r.<\/span><br style=\"outline: none; color: #000000; font-family: roboto, Verdana;\" \/><span style=\"color: #000000; font-family: roboto, Verdana;\">\u2022 K\u0131smi kullan\u0131mlardan sonra; ambalaj\u0131n a\u011fz\u0131 s\u0131k\u0131ca kapat\u0131lmal\u0131d\u0131r.<\/span><br style=\"outline: none; color: #000000; font-family: roboto, Verdana;\" \/><span style=\"color: #000000; font-family: roboto, Verdana;\">\u2022 Ya\u011fmur alt\u0131nda uygulanmamal\u0131d\u0131r. \u00dcr\u00fcn su ile seyreltilmemelidir. Yeni uygulanm\u0131\u015f malzeme sertle\u015fmesini tamamlay\u0131ncaya kadar ya\u011fmur vb. hava ko\u015fullar\u0131na kar\u015f\u0131 korunmal\u0131d\u0131r.<\/span><br style=\"outline: none; color: #000000; font-family: roboto, Verdana;\" \/><span style=\"color: #000000; font-family: roboto, Verdana;\">\u2022 F\u0131r\u00e7a, rulo veya \u00f6zel \u00e7izgi makineleri ile uygulan\u0131r.<\/span><br style=\"outline: none; color: #000000; font-family: roboto, Verdana;\" \/><span style=\"color: #000000; font-family: roboto, Verdana;\">\u2022 Uygulamadan sonra direk g\u00fcne\u015f \u0131\u015f\u0131\u011f\u0131, \u015fiddetli r\u00fczg\u00e2r, y\u00fcksek hava s\u0131cakl\u0131\u011f\u0131 (+35\u00b0C \u00fczeri), ya\u011fmur ve don gibi olumsuz hava ko\u015fullar\u0131na kar\u015f\u0131 korunmal\u0131d\u0131r.<\/span><br style=\"outline: none; color: #000000; font-family: roboto, Verdana;\" \/><span style=\"color: #000000; font-family: roboto, Verdana;\">\u2022 Yan\u0131c\u0131 oldu\u011fu i\u00e7in tutu\u015fturucu kaynaklardan uzak tutunuz, sigara i\u00e7meyiniz.<\/span><br style=\"outline: none; color: #000000; font-family: roboto, Verdana;\" \/><span style=\"color: #000000; font-family: roboto, Verdana;\">\u2022 Uygulamadan k\u0131sa s\u00fcre sonra sertle\u015fme tamamlanaca\u011f\u0131 i\u00e7in, temizlik ancak mekanik ekipmanlar kullan\u0131larak yap\u0131labilir. Eller temiz \u0131l\u0131k su ve sabun ile y\u0131kanmal\u0131d\u0131r.<\/span><br style=\"outline: none; color: #000000; font-family: roboto, Verdana;\" \/><span style=\"color: #000000; font-family: roboto, Verdana;\">\u2022 Uygulamadan hemen sonra, malzeme sertle\u015fmeden, ekipmanlar TEKNOT\u0130NER ile y\u0131kanmal\u0131d\u0131r.<\/span><\/p><div style=\"color: #444444; font-family: 'Open Sans', sans-serif; font-size: 14px;\"><div>\u00a0<\/div><\/div><div><div><span style=\"color: #444444; font-family: 'Open Sans', sans-serif;\"><span style=\"font-size: 14px;\"><span style=\"font-weight: bold;\">Teknik D\u00f6k\u00fcmanlar:<\/span><\/span><\/span><\/div><p><a href=\"https:\/\/tur.sika.com\/content\/dam\/dms\/tr01\/g\/sikaseal_crystalsg.pdf\"><span style=\"font-weight: bolder;\">\u00a0 \u00a0 \u00a0<img decoding=\"async\" src=\"http:\/\/etkiinsaat.com.tr\/wp-content\/uploads\/2023\/09\/pdf-300x300.png\" alt=\"\" width=\"31\" height=\"31\" \/><\/span><\/a><a title=\"TDS Teknik Dok\u00fcman Sayfas\u0131\" href=\"https:\/\/teknoyapi.com.tr\/documents\/TDS-teknobond-950.pdf\" target=\"_blank\" rel=\"noopener\"><span style=\"color: red; font-size: small;\"><b>TDS Teknik Dok\u00fcman Sayfas\u0131<\/b><\/span>\u00a0<\/a>\u00a0\u00a0<\/p><p>\u00a0<\/p><\/div>\t\t\t\t\t\t\t\t<\/div>\n\t\t\t\t<\/div>\n\t\t\t\t\t<\/div>\n\t\t<\/div>\n\t\t\t\t\t<\/div>\n\t\t<\/section>\n\t\t\t\t<\/div>\n\t\t","protected":false},"excerpt":{"rendered":"<p>Teknobond 950 Yol \u00c7izgi Boyas\u0131 \u00dcr\u00fcn Tan\u0131m\u0131Tek bile\u015fenli, akrilik re\u00e7ine esasl\u0131, solventli yol \u00e7izgi ve zemin kaplama boyas\u0131.Kullan\u0131m Alanlar\u0131\u2022 Otoyollar, ana ve ara \u015fehir i\u00e7i yollar,\u2022 Havaalanlar\u0131, k\u00f6pr\u00fcler,\u2022 Konut, Al\u0131\u015f veri\u015f merkezleri,\u2022 Parke ta\u015f\u0131, bord\u00fcr gibi kent mobilyalar\u0131n\u0131n \u00fczerinde,\u2022 Her t\u00fcrl\u00fc m\u00fchendislik yap\u0131s\u0131nda asfalt veya beton \u00fczerine uygulan\u0131r.\u00d6zellikleri ve Avantajlar\u0131\u2022 Tek bile\u015fenlidir, uygulamas\u0131 kolayd\u0131r.\u2022 So\u011fuk uygulan\u0131r.\u2022 H\u0131zl\u0131 k\u00fcr al\u0131r.\u2022 Kal\u0131n uygulamalarda dahi h\u0131zl\u0131 k\u00fcrlenir.\u2022 A\u015f\u0131nma mukavemeti y\u00fcksektir.\u2022 UV direnci y\u00fcksektir.\u2022 Asfalt \u00fczerinde rengi de\u011fi\u015fmez.\u2022 Karanl\u0131kta da g\u00f6r\u00fcnebilir.Uygulama Detaylar\u0131Y\u00fczey Kalitesi: Y\u00fczey sa\u011flam, temiz, her t\u00fcrl\u00fc gev\u015fek par\u00e7ac\u0131klardan, yap\u0131\u015fmay\u0131 engelleyen her t\u00fcrl\u00fc maddeden ar\u0131nd\u0131r\u0131l\u0131rm\u0131\u015f olmal\u0131d\u0131r. \u00c7ekme dayan\u0131m\u0131 min. 1,5 N\/mm2 olmal\u0131d\u0131r.Y\u00fczey Haz\u0131rl\u0131\u011f\u0131: Uygulama yap\u0131lacak beton veya asfalt \u00fczerindeki bo\u015fluklar var ise tamir edilmelidir. Y\u00fczey d\u00fczg\u00fcnl\u00fc\u011f\u00fcn\u00fc bozan \u00f6bekler, \u00e7\u0131k\u0131nt\u0131 vb. mekanik y\u00f6ntemlerle ayn\u0131 seviyeye getirilmelidir. Boya kullan\u0131lmadan \u00f6nce iyice kar\u0131\u015ft\u0131r\u0131lmal\u0131d\u0131r. Uygulama tek kat halinde yap\u0131l\u0131r. \u0130kinci kat uygulanacak ise en az 1 saat beklenmelidir. TEKNOBOND 950 hava ile k\u00fcrlenir, ilave bir i\u015flem yapmaya [&hellip;]<\/p>\n","protected":false},"author":3,"featured_media":0,"parent":0,"menu_order":0,"comment_status":"closed","ping_status":"closed","template":"page-full.php","meta":{"_joinchat":[],"footnotes":""},"class_list":["post-16448","page","type-page","status-publish","hentry"],"_links":{"self":[{"href":"https:\/\/etkiinsaat.com.tr\/index.php?rest_route=\/wp\/v2\/pages\/16448","targetHints":{"allow":["GET"]}}],"collection":[{"href":"https:\/\/etkiinsaat.com.tr\/index.php?rest_route=\/wp\/v2\/pages"}],"about":[{"href":"https:\/\/etkiinsaat.com.tr\/index.php?rest_route=\/wp\/v2\/types\/page"}],"author":[{"embeddable":true,"href":"https:\/\/etkiinsaat.com.tr\/index.php?rest_route=\/wp\/v2\/users\/3"}],"replies":[{"embeddable":true,"href":"https:\/\/etkiinsaat.com.tr\/index.php?rest_route=%2Fwp%2Fv2%2Fcomments&post=16448"}],"version-history":[{"count":4,"href":"https:\/\/etkiinsaat.com.tr\/index.php?rest_route=\/wp\/v2\/pages\/16448\/revisions"}],"predecessor-version":[{"id":16453,"href":"https:\/\/etkiinsaat.com.tr\/index.php?rest_route=\/wp\/v2\/pages\/16448\/revisions\/16453"}],"wp:attachment":[{"href":"https:\/\/etkiinsaat.com.tr\/index.php?rest_route=%2Fwp%2Fv2%2Fmedia&parent=16448"}],"curies":[{"name":"wp","href":"https:\/\/api.w.org\/{rel}","templated":true}]}}