{"id":16488,"date":"2023-10-14T17:36:15","date_gmt":"2023-10-14T14:36:15","guid":{"rendered":"https:\/\/etkiinsaat.com.tr\/?page_id=16488"},"modified":"2023-10-14T17:37:24","modified_gmt":"2023-10-14T14:37:24","slug":"granito-floor-asinma-dayanimli-zemin-kaplama-malzemesi","status":"publish","type":"page","link":"https:\/\/etkiinsaat.com.tr\/?page_id=16488","title":{"rendered":"Granito Floor A\u015f\u0131nma Dayan\u0131ml\u0131 Zemin Kaplama Malzemesi"},"content":{"rendered":"\t\t<div data-elementor-type=\"wp-page\" data-elementor-id=\"16488\" class=\"elementor elementor-16488\">\n\t\t\t\t\t\t<section class=\"elementor-section elementor-top-section elementor-element elementor-element-a0d5f8b elementor-section-boxed elementor-section-height-default elementor-section-height-default\" data-id=\"a0d5f8b\" data-element_type=\"section\" data-e-type=\"section\">\n\t\t\t\t\t\t<div class=\"elementor-container elementor-column-gap-default\">\n\t\t\t\t\t<div class=\"elementor-column elementor-col-33 elementor-top-column elementor-element elementor-element-6593044\" data-id=\"6593044\" data-element_type=\"column\" data-e-type=\"column\">\n\t\t\t<div class=\"elementor-widget-wrap elementor-element-populated\">\n\t\t\t\t\t\t<div class=\"elementor-element elementor-element-0990e19 elementor-widget elementor-widget-heading\" data-id=\"0990e19\" data-element_type=\"widget\" data-e-type=\"widget\" data-widget_type=\"heading.default\">\n\t\t\t\t<div class=\"elementor-widget-container\">\n\t\t\t\t\t<h2 class=\"elementor-heading-title elementor-size-default\">Granito Floor A\u015f\u0131nma Dayan\u0131ml\u0131 Zemin Kaplama Malzemesi\n<\/h2>\t\t\t\t<\/div>\n\t\t\t\t<\/div>\n\t\t\t\t<div class=\"elementor-element elementor-element-fc75f32 elementor-widget elementor-widget-image\" data-id=\"fc75f32\" data-element_type=\"widget\" data-e-type=\"widget\" data-widget_type=\"image.default\">\n\t\t\t\t<div class=\"elementor-widget-container\">\n\t\t\t\t\t\t\t\t\t\t\t\t\t\t\t<img fetchpriority=\"high\" decoding=\"async\" width=\"250\" height=\"250\" src=\"https:\/\/etkiinsaat.com.tr\/wp-content\/uploads\/2023\/10\/thumb_granito_floorjpg20201012014429.jpg\" class=\"attachment-full size-full wp-image-16490\" alt=\"\" srcset=\"https:\/\/etkiinsaat.com.tr\/wp-content\/uploads\/2023\/10\/thumb_granito_floorjpg20201012014429.jpg 250w, https:\/\/etkiinsaat.com.tr\/wp-content\/uploads\/2023\/10\/thumb_granito_floorjpg20201012014429-150x150.jpg 150w, https:\/\/etkiinsaat.com.tr\/wp-content\/uploads\/2023\/10\/thumb_granito_floorjpg20201012014429-201x201.jpg 201w, https:\/\/etkiinsaat.com.tr\/wp-content\/uploads\/2023\/10\/thumb_granito_floorjpg20201012014429-100x100.jpg 100w\" sizes=\"(max-width: 250px) 100vw, 250px\" \/>\t\t\t\t\t\t\t\t\t\t\t\t\t\t\t<\/div>\n\t\t\t\t<\/div>\n\t\t\t\t\t<\/div>\n\t\t<\/div>\n\t\t\t\t<div class=\"elementor-column elementor-col-66 elementor-top-column elementor-element elementor-element-f781540\" data-id=\"f781540\" data-element_type=\"column\" data-e-type=\"column\">\n\t\t\t<div class=\"elementor-widget-wrap elementor-element-populated\">\n\t\t\t\t\t\t<div class=\"elementor-element elementor-element-08d2ec0 elementor-widget elementor-widget-image\" data-id=\"08d2ec0\" data-element_type=\"widget\" data-e-type=\"widget\" data-widget_type=\"image.default\">\n\t\t\t\t<div class=\"elementor-widget-container\">\n\t\t\t\t\t\t\t\t\t\t\t\t\t\t\t<img decoding=\"async\" width=\"1280\" height=\"500\" src=\"https:\/\/etkiinsaat.com.tr\/wp-content\/uploads\/2023\/10\/granito_floor.jpg\" class=\"attachment-full size-full wp-image-16491\" alt=\"\" srcset=\"https:\/\/etkiinsaat.com.tr\/wp-content\/uploads\/2023\/10\/granito_floor.jpg 1280w, https:\/\/etkiinsaat.com.tr\/wp-content\/uploads\/2023\/10\/granito_floor-300x117.jpg 300w, https:\/\/etkiinsaat.com.tr\/wp-content\/uploads\/2023\/10\/granito_floor-1024x400.jpg 1024w, https:\/\/etkiinsaat.com.tr\/wp-content\/uploads\/2023\/10\/granito_floor-768x300.jpg 768w, https:\/\/etkiinsaat.com.tr\/wp-content\/uploads\/2023\/10\/granito_floor-830x324.jpg 830w, https:\/\/etkiinsaat.com.tr\/wp-content\/uploads\/2023\/10\/granito_floor-303x118.jpg 303w, https:\/\/etkiinsaat.com.tr\/wp-content\/uploads\/2023\/10\/granito_floor-606x237.jpg 606w, https:\/\/etkiinsaat.com.tr\/wp-content\/uploads\/2023\/10\/granito_floor-530x207.jpg 530w, https:\/\/etkiinsaat.com.tr\/wp-content\/uploads\/2023\/10\/granito_floor-450x176.jpg 450w, https:\/\/etkiinsaat.com.tr\/wp-content\/uploads\/2023\/10\/granito_floor-500x195.jpg 500w, https:\/\/etkiinsaat.com.tr\/wp-content\/uploads\/2023\/10\/granito_floor-150x59.jpg 150w\" sizes=\"(max-width: 1280px) 100vw, 1280px\" \/>\t\t\t\t\t\t\t\t\t\t\t\t\t\t\t<\/div>\n\t\t\t\t<\/div>\n\t\t\t\t<div class=\"elementor-element elementor-element-8b1382e elementor-widget elementor-widget-text-editor\" data-id=\"8b1382e\" data-element_type=\"widget\" data-e-type=\"widget\" data-widget_type=\"text-editor.default\">\n\t\t\t\t<div class=\"elementor-widget-container\">\n\t\t\t\t\t\t\t\t\t<p style=\"margin-right: 0px; margin-bottom: 10px; margin-left: 0px; line-height: 24px; color: #444444; font-family: 'Open Sans', sans-serif; font-size: 14px;\"><strong style=\"outline: 0px; margin: 0px; padding: 0px; border: 0px; vertical-align: baseline; background: 0px 0px; color: #000000; font-family: roboto, Verdana;\">\u00dcr\u00fcn Tan\u0131m\u0131<\/strong><br style=\"outline: none; color: #000000; font-family: roboto, Verdana;\" \/><span style=\"outline: 0px; margin: 0px; padding: 0px; border: 0px; vertical-align: baseline; background: 0px 0px; color: #000000; font-family: roboto, Verdana;\">3\u00a0<\/span><span style=\"outline: 0px; margin: 0px; padding: 0px; border: 0px; vertical-align: baseline; background: 0px 0px; color: #000000; font-family: roboto, Verdana;\">ila 10 mm\u00a0<\/span><span style=\"outline: 0px; margin: 0px; padding: 0px; border: 0px; vertical-align: baseline; background: 0px 0px; color: #000000; font-family: roboto, Verdana;\">aras\u0131\u00a0<\/span><span style=\"outline: 0px; margin: 0px; padding: 0px; border: 0px; vertical-align: baseline; background: 0px 0px; color: #000000; font-family: roboto, Verdana;\">kal\u0131nl\u0131klarda uygulanan\u00a0<\/span><span style=\"outline: 0px; margin: 0px; padding: 0px; border: 0px; vertical-align: baseline; background: 0px 0px; color: #000000; font-family: roboto, Verdana;\">a\u015f\u0131nma\u00a0<\/span><span style=\"outline: 0px; margin: 0px; padding: 0px; border: 0px; vertical-align: baseline; background: 0px 0px; color: #000000; font-family: roboto, Verdana;\">dayan\u0131m\u0131\u00a0<\/span><span style=\"outline: 0px; margin: 0px; padding: 0px; border: 0px; vertical-align: baseline; background: 0px 0px; color: #000000; font-family: roboto, Verdana;\">y\u00fcksek, \u00e7ok\u00a0<\/span><span style=\"outline: 0px; margin: 0px; padding: 0px; border: 0px; vertical-align: baseline; background: 0px 0px; color: #000000; font-family: roboto, Verdana;\">h\u0131zl\u0131 priz\u00a0<\/span><span style=\"outline: 0px; margin: 0px; padding: 0px; border: 0px; vertical-align: baseline; background: 0px 0px; color: #000000; font-family: roboto, Verdana;\">alan,\u00a0<\/span><span style=\"outline: 0px; margin: 0px; padding: 0px; border: 0px; vertical-align: baseline; background: 0px 0px; color: #000000; font-family: roboto, Verdana;\">kendili\u011finden\u00a0<\/span><span style=\"outline: 0px; margin: 0px; padding: 0px; border: 0px; vertical-align: baseline; background: 0px 0px; color: #000000; font-family: roboto, Verdana;\">yay\u0131lan, \u00e7atlama yapmayan\u00a0<\/span><span style=\"outline: 0px; margin: 0px; padding: 0px; border: 0px; vertical-align: baseline; background: 0px 0px; color: #000000; font-family: roboto, Verdana;\">dekoratif g\u00f6r\u00fcn\u00fcml\u00fc\u00a0<\/span><span style=\"outline: 0px; margin: 0px; padding: 0px; border: 0px; vertical-align: baseline; background: 0px 0px; color: #000000; font-family: roboto, Verdana;\">yeni\u00a0<\/span><span style=\"outline: 0px; margin: 0px; padding: 0px; border: 0px; vertical-align: baseline; background: 0px 0px; color: #000000; font-family: roboto, Verdana;\">nesil\u00a0<\/span><span style=\"outline: 0px; margin: 0px; padding: 0px; border: 0px; vertical-align: baseline; background: 0px 0px; color: #000000; font-family: roboto, Verdana;\">son\u00a0<\/span><span style=\"outline: 0px; margin: 0px; padding: 0px; border: 0px; vertical-align: baseline; background: 0px 0px; color: #000000; font-family: roboto, Verdana;\">kat kaplama malzemesi<\/span><span style=\"outline: 0px; margin: 0px; padding: 0px; border: 0px; vertical-align: baseline; background: 0px 0px; color: #000000; font-family: roboto, Verdana;\">.<\/span><br style=\"outline: none; color: #000000; font-family: roboto, Verdana;\" \/><br style=\"outline: none; color: #000000; font-family: roboto, Verdana;\" \/><strong style=\"outline: 0px; margin: 0px; padding: 0px; border: 0px; vertical-align: baseline; background: 0px 0px; color: #000000; font-family: roboto, Verdana;\">Kullan\u0131m Alanlar\u0131<\/strong><br style=\"outline: none; color: #000000; font-family: roboto, Verdana;\" \/><span style=\"outline: 0px; margin: 0px; padding: 0px; border: 0px; vertical-align: baseline; background: 0px 0px; color: #000000; font-family: roboto, Verdana;\">\u2022\u00a0<\/span><span style=\"color: #000000; font-family: roboto, Verdana;\">Al\u0131\u015fveri\u015f merkezleri ve ma\u011fazalarda terrazo ve seramik yerine,<\/span><br style=\"outline: none; color: #000000; font-family: roboto, Verdana;\" \/><span style=\"color: #000000; font-family: roboto, Verdana;\">\u2022 \u00d6nceden yap\u0131lm\u0131\u015f betonda \u00e7atlak tamirat\u0131 olarak,<\/span><br style=\"outline: none; color: #000000; font-family: roboto, Verdana;\" \/><span style=\"outline: 0px; margin: 0px; padding: 0px; border: 0px; vertical-align: baseline; background: 0px 0px; color: #000000; font-family: roboto, Verdana;\">\u2022\u00a0<\/span><span style=\"color: #000000; font-family: roboto, Verdana;\">Ofislerde seramik ve mermer yerine,<\/span><br style=\"outline: none; color: #000000; font-family: roboto, Verdana;\" \/><span style=\"outline: 0px; margin: 0px; padding: 0px; border: 0px; vertical-align: baseline; background: 0px 0px; color: #000000; font-family: roboto, Verdana;\">\u2022\u00a0<\/span><span style=\"color: #000000; font-family: roboto, Verdana;\">Konutlarda seramik ve parke yerine,<\/span><br style=\"outline: none; color: #000000; font-family: roboto, Verdana;\" \/><span style=\"outline: 0px; margin: 0px; padding: 0px; border: 0px; vertical-align: baseline; background: 0px 0px; color: #000000; font-family: roboto, Verdana;\">\u2022\u00a0<\/span><span style=\"color: #000000; font-family: roboto, Verdana;\">G\u0131da tesislerinde epoksi ve poli\u00fcretan yerine,<\/span><br style=\"outline: none; color: #000000; font-family: roboto, Verdana;\" \/><span style=\"outline: 0px; margin: 0px; padding: 0px; border: 0px; vertical-align: baseline; background: 0px 0px; color: #000000; font-family: roboto, Verdana;\">\u2022\u00a0<\/span><span style=\"color: #000000; font-family: roboto, Verdana;\">End\u00fcstriyel tesislerde y\u00fczey sertle\u015ftirici yerine,<\/span><br style=\"outline: none; color: #000000; font-family: roboto, Verdana;\" \/><span style=\"color: #000000; font-family: roboto, Verdana;\">\u2022 Terrazzo uygulamalar\u0131nda ba\u011flay\u0131c\u0131 olarak kullan\u0131l\u0131r.<\/span><br style=\"outline: none; color: #000000; font-family: roboto, Verdana;\" \/><br style=\"outline: none; color: #000000; font-family: roboto, Verdana;\" \/><strong style=\"outline: 0px; margin: 0px; padding: 0px; border: 0px; vertical-align: baseline; background: 0px 0px; color: #000000; font-family: roboto, Verdana;\">\u00d6zellikleri ve Avantajlar\u0131<\/strong><br style=\"outline: none; color: #000000; font-family: roboto, Verdana;\" \/><span style=\"color: #000000; font-family: roboto, Verdana;\">\u2022 \u00c7abuk priz alma \u00f6zelli\u011fine sayesinde uygulama yap\u0131lacak yeri daha h\u0131zl\u0131 \u015fekilde i\u015fletmeye a\u00e7abilirsiniz.<\/span><br style=\"outline: none; color: #000000; font-family: roboto, Verdana;\" \/><span style=\"color: #000000; font-family: roboto, Verdana;\">\u2022 Do\u011fal bir \u00fcr\u00fcnd\u00fcr yaln\u0131zca su ile kar\u0131\u015ft\u0131r\u0131larak uygulan\u0131r. Epoksi, poli\u00fcretan, PVC, parke gibi yan\u0131c\u0131 de\u011fildir.<\/span><br style=\"outline: none; color: #000000; font-family: roboto, Verdana;\" \/><span style=\"color: #000000; font-family: roboto, Verdana;\">\u2022 Eksiz monolitik bir kaplama oldu\u011fundan derzlerde olu\u015fan bakterilerin ve kirlenmenin \u00f6n\u00fcne ge\u00e7mi\u015f olursunuz. Bu sebepten dolay\u0131 hijyenin \u00f6nemli oldu\u011fu yerler i\u00e7in idealdir.<\/span><br style=\"outline: none; color: #000000; font-family: roboto, Verdana;\" \/><span style=\"color: #000000; font-family: roboto, Verdana;\">\u2022 Duvarlara ve zemine bo\u015fluksuz yerle\u015fir.<\/span><br style=\"outline: none; color: #000000; font-family: roboto, Verdana;\" \/><span style=\"color: #000000; font-family: roboto, Verdana;\">\u2022 Parlak, yans\u0131t\u0131c\u0131 ve do\u011fal ta\u015f benzeri bir biti\u015f elde etmek i\u00e7in elmas a\u015f\u0131nd\u0131r\u0131c\u0131 diskler kullan\u0131larak silinebilir. Bu da ayn\u0131 malzemeyle de\u011fi\u015fik biti\u015fler elde etmenizi sa\u011flar.<\/span><br style=\"outline: none; color: #000000; font-family: roboto, Verdana;\" \/><span style=\"color: #000000; font-family: roboto, Verdana;\">\u2022 \u00c7atlama yapmaz zemine m\u00fckemmel yap\u0131\u015f\u0131r. Mobilya ve tekerlekli sandalye y\u00fck\u00fcne dayan\u0131kl\u0131d\u0131r, Yerden \u0131s\u0131tmal\u0131 zeminlerde de uygulanabilir.<\/span><br style=\"outline: none; color: #000000; font-family: roboto, Verdana;\" \/><span style=\"color: #000000; font-family: roboto, Verdana;\">\u2022 Farkl\u0131 renklerde \u00fcretilen Granito \u00fcr\u00fcnlerini kar\u0131\u015ft\u0131rarak kendi renginizi olu\u015fturabilirsiniz.<\/span><br style=\"outline: none; color: #000000; font-family: roboto, Verdana;\" \/><span style=\"color: #000000; font-family: roboto, Verdana;\">\u2022 Granito ile mekanlar\u0131n\u0131z\u0131 daha modern ve farkl\u0131 bir \u00e7izgiye ta\u015f\u0131rs\u0131n\u0131z.<\/span><br style=\"outline: none; color: #000000; font-family: roboto, Verdana;\" \/><br style=\"outline: none; color: #000000; font-family: roboto, Verdana;\" \/><strong style=\"outline: 0px; margin: 0px; padding: 0px; border: 0px; vertical-align: baseline; background: 0px 0px; color: #000000; font-family: roboto, Verdana;\">Uygulama Detaylar\u0131<\/strong><br style=\"outline: none; color: #000000; font-family: roboto, Verdana;\" \/><span style=\"color: #000000; font-family: roboto, Verdana;\">Y\u00fczey Kalitesi: Y\u00fczeyler temiz, d\u00fczg\u00fcn, sa\u011flam, her t\u00fcrl\u00fc toz, ya\u011f, kir, pas, kal\u0131p ya\u011f\u0131, deterjan gibi benzeri yap\u0131\u015fmay\u0131 engelleyici maddelerden ve at\u0131klardan ar\u0131nd\u0131r\u0131lmal\u0131d\u0131r. Y\u00fczeyler terazisinde olmal\u0131d\u0131r, zay\u0131f par\u00e7alar \u00e7\u0131kart\u0131lmal\u0131d\u0131r. Uygulama yap\u0131lacak zemin veya duvarda \u00e7atlak, oyuk var ise TEKNOREP 200 EX veya TEKNOREP 300 EX ile tamir edilmelidir. Seramik gibi s\u0131rl\u0131 y\u00fczeylerde Granito parlak y\u00fczey astar\u0131(Granito Astar P), betonlarda da ve emici y\u00fczeylerde emici y\u00fczey astar\u0131(GranitoAstar B) kullan\u0131lmal\u0131d\u0131r.<\/span><br style=\"outline: none; color: #000000; font-family: roboto, Verdana;\" \/><br style=\"outline: none; color: #000000; font-family: roboto, Verdana;\" \/><span style=\"color: #000000; font-family: roboto, Verdana;\">Y\u00fczey ve \u00c7evre S\u0131cakl\u0131\u011f\u0131: (+)10\u00b0C &#8211; (+)35\u00b0C<\/span><br style=\"outline: none; color: #000000; font-family: roboto, Verdana;\" \/><br style=\"outline: none; color: #000000; font-family: roboto, Verdana;\" \/><span style=\"color: #000000; font-family: roboto, Verdana;\">Uygulama Talimatlar\u0131: Granito astar uygulanm\u0131\u015f zemine, haz\u0131rlanan malzeme yay\u0131larak d\u00f6k\u00fcl\u00fcr. Mala ile hafif\u00e7e d\u00fczeltilir. Kirpi rulo kullanmaya gerek yoktur.<\/span><br style=\"outline: none; color: #000000; font-family: roboto, Verdana;\" \/><br style=\"outline: none; color: #000000; font-family: roboto, Verdana;\" \/><span style=\"color: #000000; font-family: roboto, Verdana;\">Kar\u0131\u015ft\u0131rma: Homojen kar\u0131\u015f\u0131m\u0131 sa\u011flamak i\u00e7in d\u00fc\u015f\u00fck devirli bir matkap ve kar\u0131\u015ft\u0131r\u0131c\u0131 u\u00e7 kullan\u0131lmas\u0131 tavsiye edilir. Kovaya 5,5-6,0 lt su konulur, sonra toz malzeme yava\u015f yava\u015f ilave edilir, homojen bir kar\u0131\u015f\u0131m elde edilinceye kadar en az 3 dakika kar\u0131\u015ft\u0131rma i\u015flemine devam edilir. 2 &#8211; 3 dakika dinlendirdikten sonra tekrar en az 3 dakika kar\u0131\u015ft\u0131r\u0131lmal\u0131d\u0131r. Kar\u0131\u015ft\u0131rma suyunun miktar\u0131 ortam s\u0131cakl\u0131\u011f\u0131na ba\u011fl\u0131 olarak de\u011fi\u015febilir. Tamamen kar\u0131\u015fm\u0131\u015f malzeme, ortam s\u0131cakl\u0131\u011f\u0131na ba\u011fl\u0131 olarak 20 dakikada kullan\u0131lmas\u0131 gerekir.<\/span><br style=\"outline: none; color: #000000; font-family: roboto, Verdana;\" \/><br style=\"outline: none; color: #000000; font-family: roboto, Verdana;\" \/><span style=\"color: #000000; font-family: roboto, Verdana;\">Uygulama Metodu \/ Ekipmanlar: Kirpi rulo, mekanik kar\u0131\u015ft\u0131r\u0131c\u0131, tarakl\u0131 mala ve temiz kovalar.<\/span><br style=\"outline: none; color: #000000; font-family: roboto, Verdana;\" \/><br style=\"outline: none; color: #000000; font-family: roboto, Verdana;\" \/><span style=\"color: #000000; font-family: roboto, Verdana;\">Ekipmanlar\u0131n Temizli\u011fi: Uygulamadan hemen sonra, hen\u00fcz sertle\u015fmeden, ekipmanlar su ile eller temiz \u0131l\u0131k su ve sabun ile y\u0131kanmal\u0131d\u0131r.<\/span><br style=\"outline: none; color: #000000; font-family: roboto, Verdana;\" \/><br style=\"outline: none; color: #000000; font-family: roboto, Verdana;\" \/><strong style=\"outline: 0px; margin: 0px; padding: 0px; border: 0px; vertical-align: baseline; background: 0px 0px; color: #000000; font-family: roboto, Verdana;\">Uygulama Notlar\u0131 \/ S\u0131n\u0131rlamalar<\/strong><br style=\"outline: none; color: #000000; font-family: roboto, Verdana;\" \/><span style=\"outline: 0px; margin: 0px; padding: 0px; border: 0px; vertical-align: baseline; background: 0px 0px; color: #000000; font-family: roboto, Verdana;\">\u2022\u00a0<\/span><span style=\"color: #000000; font-family: roboto, Verdana;\">Tek katta 1 cm \u2019den daha kal\u0131n uygulama yap\u0131lmamal\u0131d\u0131r. 1 cm \u2019den daha kal\u0131n uygulamalarda tabaka tabaka d\u00f6k\u00fclmelidir.<\/span><br style=\"outline: none; color: #000000; font-family: roboto, Verdana;\" \/><span style=\"outline: 0px; margin: 0px; padding: 0px; border: 0px; vertical-align: baseline; background: 0px 0px; color: #000000; font-family: roboto, Verdana;\">\u2022\u00a0<\/span><span style=\"color: #000000; font-family: roboto, Verdana;\">Uygulamadan sonra zemin bir g\u00fcn boyunca sudan korunmal\u0131d\u0131r. S\u00fcrekli suya maruz kalan yerlerde kullan\u0131lmamal\u0131d\u0131r.<\/span><\/p><div style=\"color: #444444; font-family: 'Open Sans', sans-serif; font-size: 14px;\"><div>\u00a0<\/div><\/div><div><div><span style=\"color: #444444; font-family: 'Open Sans', sans-serif;\"><span style=\"font-size: 14px;\"><span style=\"font-weight: bold;\">Teknik D\u00f6k\u00fcmanlar:<\/span><\/span><\/span><\/div><p><a href=\"https:\/\/tur.sika.com\/content\/dam\/dms\/tr01\/g\/sikaseal_crystalsg.pdf\"><span style=\"font-weight: bolder;\">\u00a0 \u00a0 \u00a0<img decoding=\"async\" src=\"http:\/\/etkiinsaat.com.tr\/wp-content\/uploads\/2023\/09\/pdf-300x300.png\" alt=\"\" width=\"31\" height=\"31\" \/><\/span><\/a><a title=\"TDS Teknik Dok\u00fcman Sayfas\u0131\" href=\"https:\/\/teknoyapi.com.tr\/documents\/TDS-granito-floor.pdf\" target=\"_blank\" rel=\"noopener\"><span style=\"color: red; font-size: small;\"><b>TDS Teknik Dok\u00fcman Sayfas\u0131<\/b><\/span>\u00a0<\/a>\u00a0\u00a0<\/p><p>\u00a0<\/p><\/div>\t\t\t\t\t\t\t\t<\/div>\n\t\t\t\t<\/div>\n\t\t\t\t\t<\/div>\n\t\t<\/div>\n\t\t\t\t\t<\/div>\n\t\t<\/section>\n\t\t\t\t<\/div>\n\t\t","protected":false},"excerpt":{"rendered":"<p>Granito Floor A\u015f\u0131nma Dayan\u0131ml\u0131 Zemin Kaplama Malzemesi \u00dcr\u00fcn Tan\u0131m\u01313\u00a0ila 10 mm\u00a0aras\u0131\u00a0kal\u0131nl\u0131klarda uygulanan\u00a0a\u015f\u0131nma\u00a0dayan\u0131m\u0131\u00a0y\u00fcksek, \u00e7ok\u00a0h\u0131zl\u0131 priz\u00a0alan,\u00a0kendili\u011finden\u00a0yay\u0131lan, \u00e7atlama yapmayan\u00a0dekoratif g\u00f6r\u00fcn\u00fcml\u00fc\u00a0yeni\u00a0nesil\u00a0son\u00a0kat kaplama malzemesi.Kullan\u0131m Alanlar\u0131\u2022\u00a0Al\u0131\u015fveri\u015f merkezleri ve ma\u011fazalarda terrazo ve seramik yerine,\u2022 \u00d6nceden yap\u0131lm\u0131\u015f betonda \u00e7atlak tamirat\u0131 olarak,\u2022\u00a0Ofislerde seramik ve mermer yerine,\u2022\u00a0Konutlarda seramik ve parke yerine,\u2022\u00a0G\u0131da tesislerinde epoksi ve poli\u00fcretan yerine,\u2022\u00a0End\u00fcstriyel tesislerde y\u00fczey sertle\u015ftirici yerine,\u2022 Terrazzo uygulamalar\u0131nda ba\u011flay\u0131c\u0131 olarak kullan\u0131l\u0131r.\u00d6zellikleri ve Avantajlar\u0131\u2022 \u00c7abuk priz alma \u00f6zelli\u011fine sayesinde uygulama yap\u0131lacak yeri daha h\u0131zl\u0131 \u015fekilde i\u015fletmeye a\u00e7abilirsiniz.\u2022 Do\u011fal bir \u00fcr\u00fcnd\u00fcr yaln\u0131zca su ile kar\u0131\u015ft\u0131r\u0131larak uygulan\u0131r. Epoksi, poli\u00fcretan, PVC, parke gibi yan\u0131c\u0131 de\u011fildir.\u2022 Eksiz monolitik bir kaplama oldu\u011fundan derzlerde olu\u015fan bakterilerin ve kirlenmenin \u00f6n\u00fcne ge\u00e7mi\u015f olursunuz. Bu sebepten dolay\u0131 hijyenin \u00f6nemli oldu\u011fu yerler i\u00e7in idealdir.\u2022 Duvarlara ve zemine bo\u015fluksuz yerle\u015fir.\u2022 Parlak, yans\u0131t\u0131c\u0131 ve do\u011fal ta\u015f benzeri bir biti\u015f elde etmek i\u00e7in elmas a\u015f\u0131nd\u0131r\u0131c\u0131 diskler kullan\u0131larak silinebilir. Bu da ayn\u0131 malzemeyle de\u011fi\u015fik biti\u015fler elde etmenizi sa\u011flar.\u2022 \u00c7atlama yapmaz zemine m\u00fckemmel yap\u0131\u015f\u0131r. Mobilya ve tekerlekli sandalye y\u00fck\u00fcne dayan\u0131kl\u0131d\u0131r, Yerden \u0131s\u0131tmal\u0131 [&hellip;]<\/p>\n","protected":false},"author":3,"featured_media":0,"parent":0,"menu_order":0,"comment_status":"closed","ping_status":"closed","template":"page-full.php","meta":{"_joinchat":[],"footnotes":""},"class_list":["post-16488","page","type-page","status-publish","hentry"],"_links":{"self":[{"href":"https:\/\/etkiinsaat.com.tr\/index.php?rest_route=\/wp\/v2\/pages\/16488","targetHints":{"allow":["GET"]}}],"collection":[{"href":"https:\/\/etkiinsaat.com.tr\/index.php?rest_route=\/wp\/v2\/pages"}],"about":[{"href":"https:\/\/etkiinsaat.com.tr\/index.php?rest_route=\/wp\/v2\/types\/page"}],"author":[{"embeddable":true,"href":"https:\/\/etkiinsaat.com.tr\/index.php?rest_route=\/wp\/v2\/users\/3"}],"replies":[{"embeddable":true,"href":"https:\/\/etkiinsaat.com.tr\/index.php?rest_route=%2Fwp%2Fv2%2Fcomments&post=16488"}],"version-history":[{"count":4,"href":"https:\/\/etkiinsaat.com.tr\/index.php?rest_route=\/wp\/v2\/pages\/16488\/revisions"}],"predecessor-version":[{"id":16494,"href":"https:\/\/etkiinsaat.com.tr\/index.php?rest_route=\/wp\/v2\/pages\/16488\/revisions\/16494"}],"wp:attachment":[{"href":"https:\/\/etkiinsaat.com.tr\/index.php?rest_route=%2Fwp%2Fv2%2Fmedia&parent=16488"}],"curies":[{"name":"wp","href":"https:\/\/api.w.org\/{rel}","templated":true}]}}